000
CXUS51 KGYX 030157
CF6CON
PRELIMINARY LOCAL CLIMATOLOGICAL DATA (WS FORM: F-6)
STATION: CONCORD NH
MONTH: OCTOBER
YEAR: 2020
LATITUDE: 43 12 N
LONGITUDE: 71 30 W
TEMPERATURE IN F: :PCPN: SNOW: WIND :SUNSHINE: SKY :PK WND
================================================================================
1 2 3 4 5 6A 6B 7 8 9 10 11 12 13 14 15 16 17 18
12Z AVG MX 2MIN
DY MAX MIN AVG DEP HDD CDD WTR SNW DPTH SPD SPD DIR MIN PSBL S-S WX SPD DR
================================================================================
1 75 44 60 6 5 0 0.00 0.0 0 4.4 15 220 M M 2 20 220
2 58 39 49 -4 16 0 0.12 0.0 0 2.5 14 280 M M 6 1 17 280
3 65 38 52 -1 13 0 0.00 0.0 0 2.2 13 300 M M 7 12 17 300
4 64 34 49 -3 16 0 0.00 0.0 0 1.9 7 290 M M 2 12 11 290
5 67 36 52 0 13 0 0.00 0.0 0 3.5 8 170 M M 6 1 12 170
6 67 49 58 6 7 0 T 0.0 0 6.1 14 180 M M 7 1 17 190
7 70 50 60 9 5 0 0.03 0.0 0 10.6 29 280 M M 4 42 300
8 59 38 49 -2 16 0 0.00 0.0 0 12.4 25 290 M M 4 33 320
9 61 27 44 -6 21 0 T 0.0 0 4.5 17 270 M M 0 22 280
10 77 47 62 12 3 0 0.00 0.0 0 9.9 21 330 M M 0 28 340
11 62 36 49 -1 16 0 0.00 0.0 0 7.8 22 310 M M 1 27 310
12 56 34 45 -4 20 0 0.00 0.0 0 7.0 15 70 M M 4 20 100
13 50 45 48 -1 17 0 1.34 0.0 0 6.8 12 320 M M 10 1 16 40
14 69 41 55 6 10 0 0.00 0.0 0 6.8 20 270 M M 1 1 27 260
15 75 37 56 8 9 0 0.00 0.0 0 7.7 24 170 M M 0 32 170
16 61 47 54 6 11 0 0.65 0.0 0 7.2 13 320 M M 9 1 18 320
17 57 29 43 -5 22 0 0.99 0.0 0 9.5 26 310 M M 5 1 33 310
18 59 28 44 -3 21 0 0.00 0.0 0 3.4 15 180 M M 3 12 21 180
19 61 32 47 0 18 0 T 0.0 0 3.2 12 170 M M 4 12 17 170
20 68 48 58 11 7 0 T 0.0 0 3.5 9 150 M M 8 13 170
21 62 54 58 12 7 0 0.09 0.0 0 3.9 10 150 M M 8 12 13 150
22 72 43 58 12 7 0 0.00 0.0 0 2.7 10 120 M M 6 12 16 130
23 64 54 59 13 6 0 0.00 0.0 0 2.8 10 130 M M 10 1 15 130
24 66 41 54 9 11 0 0.00 0.0 0 7.7 22 330 M M 7 1 29 310
25 51 29 40 -5 25 0 0.00 0.0 0 3.5 13 320 M M 0 17 330
26 44 30 37 -8 28 0 0.18 0.0 0 3.5 9 30 M M 9 1 11 30
27 52 41 47 3 18 0 T 0.0 0 6.1 15 310 M M 8 20 340
28 44 38 41 -3 24 0 0.22 0.0 0 0.7 8 190 M M 10 12 9 190
29 45 36 41 -3 24 0 0.57 0.0 0 2.3 13 30 M M 10 12 17 30
30 39 22 31 -13 34 0 0.07 0.8 T 5.0 15 30 M M 6 1 21 40
31 44 16 30 -13 35 0 0.00 0.0 0 2.5 9 260 M M 0 11 270
================================================================================
SM 1864 1183 485 0 4.26 0.8 161.6 M 157
================================================================================
AV 60.1 38.2 5.2 FASTST M M 5 MAX(MPH)
MISC ----> # 29 280 # 42 300
================================================================================
NOTES:
# LAST OF SEVERAL OCCURRENCES
COLUMN 17 PEAK WIND IN M.P.H.
PRELIMINARY LOCAL CLIMATOLOGICAL DATA (WS FORM: F-6) , PAGE 2
STATION: CONCORD NH
MONTH: OCTOBER
YEAR: 2020
LATITUDE: 43 12 N
LONGITUDE: 71 30 W
[TEMPERATURE DATA] [PRECIPITATION DATA] SYMBOLS USED IN COLUMN 16
AVERAGE MONTHLY: 49.2 TOTAL FOR MONTH: 4.26 1 = FOG OR MIST
DPTR FM NORMAL: 0.9 DPTR FM NORMAL: 0.22 2 = FOG REDUCING VISIBILITY
HIGHEST: 77 ON 10 GRTST 24HR 1.34 ON 13-13 TO 1/4 MILE OR LESS
LOWEST: 16 ON 31 3 = THUNDER
SNOW, ICE PELLETS, HAIL 4 = ICE PELLETS
TOTAL MONTH: 0.8 INCH 5 = HAIL
GRTST 24HR 0.8 ON 30-30 6 = FREEZING RAIN OR DRIZZLE
GRTST DEPTH: T 7 = DUSTSTORM OR SANDSTORM:
VSBY 1/2 MILE OR LESS
8 = SMOKE OR HAZE
[NO. OF DAYS WITH] [WEATHER - DAYS WITH] 9 = BLOWING SNOW
X = TORNADO
MAX 32 OR BELOW: 0 0.01 INCH OR MORE: 10
MAX 90 OR ABOVE: 0 0.10 INCH OR MORE: 7
MIN 32 OR BELOW: 8 0.50 INCH OR MORE: 4
MIN 0 OR BELOW: 0 1.00 INCH OR MORE: 1
[HDD (BASE 65) ]
TOTAL THIS MO. 485 CLEAR (SCALE 0-3) 9
DPTR FM NORMAL -39 PTCLDY (SCALE 4-7) 16
TOTAL FM JUL 1 660 CLOUDY (SCALE 8-10) 6
DPTR FM NORMAL -99
[CDD (BASE 65) ]
TOTAL THIS MO. 0
DPTR FM NORMAL -2 [PRESSURE DATA]
TOTAL FM JAN 1 726 HIGHEST SLP M ON M
DPTR FM NORMAL 274 LOWEST SLP 29.40 ON 7
[REMARKS]
#FINAL-10-20#