000
CXUS55 KRIW 011010
CF6CPR
PRELIMINARY LOCAL CLIMATOLOGICAL DATA (WS FORM: F-6)
STATION: CASPER WY
MONTH: MARCH
YEAR: 2022
LATITUDE: 42 55 N
LONGITUDE: 106 28 W
TEMPERATURE IN F: :PCPN: SNOW: WIND :SUNSHINE: SKY :PK WND
================================================================================
1 2 3 4 5 6A 6B 7 8 9 10 11 12 13 14 15 16 17 18
12Z AVG MX 2MIN
DY MAX MIN AVG DEP HDD CDD WTR SNW DPTH SPD SPD DIR MIN PSBL S-S WX SPD DR
================================================================================
1 57 37 47 17 18 0 0.00 0.0 T 19.6 31 220 M M 0 39 200
2 64 38 51 20 14 0 0.00 0.0 0 15.8 28 210 M M 0 37 230
3 64 37 51 20 14 0 0.00 0.0 0 16.6 33 210 M M 0 44 220
4 57 26 42 10 23 0 T 0.0 0 12.7 21 100 M M 5 1 32 90
5 26 10 18 -14 47 0 0.52 6.1 3 9.0 21 20 M M 10 128 26 20
6 20 -2 9 -23 56 0 0.13 1.8 6 7.7 20 30 M M 10 1 24 50
7 22 -10 6 -27 59 0 0.00 0.0 5 15.1 26 210 M M 0 1 34 190
8 22 10 16 -17 49 0 0.16 4.7 5 13.3 24 220 M M 9 128 29 200
9 10 -22 -6 -40 71 0 0.07 1.1 7 10.1 20 60 M M 8 18 24 50
10 15 -25 -5 -39 70 0 0.00 0.0 6 13.7 25 210 M M 1 33 220
11 27 1 14 -20 51 0 0.00 0.0 5 18.4 30 230 M M 3 36 230
12 41 23 32 -3 33 0 0.00 0.0 5 24.5 35 230 M M 1 45 210
13 43 25 34 -1 31 0 0.00 0.0 3 16.9 32 220 M M 1 41 220
14 46 22 34 -2 31 0 0.00 0.0 2 15.8 33 210 M M 0 42 220
15 54 35 45 9 20 0 0.00 0.0 1 21.8 36 220 M M 0 48 220
16 48 27 38 2 27 0 0.19 2.6 0 9.4 22 50 M M 6 1 28 60
17 40 22 31 -5 34 0 0.01 1.5 3 4.6 13 210 M M 5 1 17 200
18 49 24 37 0 28 0 0.00 0.0 T 12.5 25 270 M M 0 32 280
19 55 28 42 5 23 0 T 0.0 0 15.5 28 210 M M 0 35 210
20 56 28 42 5 23 0 0.12 2.3 2 15.1 33 20 M M 3 12 47 10
21 37 21 29 -9 36 0 0.04 0.2 1 6.6 25 20 M M 5 1 35 20
22 40 22 31 -7 34 0 0.05 0.2 T 8.8 21 340 M M 6 1 29 330
23 54 24 39 1 26 0 0.00 0.0 0 7.6 16 260 M M 0 24 250
24 64 32 48 10 17 0 T T 0 13.0 22 270 M M 1 28 270
25 62 23 43 4 22 0 0.00 0.0 0 7.0 18 260 M M 2 24 260
26 70 26 48 9 17 0 0.00 0.0 0 6.1 21 330 M M 0 27 320
27 72 24 48 9 17 0 0.00 0.0 0 5.2 15 90 M M 0 22 90
28 73 35 54 15 11 0 0.00 0.0 0 15.2 33 240 M M 2 43 230
29 52 26 39 0 26 0 T T 0 19.4 35 10 M M 9 46 10
30 48 12 30 -10 35 0 0.00 0.0 0 6.6 17 360 M M 2 23 350
31 57 25 41 1 24 0 0.25 0.2 0 10.0 28 240 M M 4 1 38 240
================================================================================
SM 1445 604 987 0 1.54 20.7 393.6 M 93
================================================================================
AV 46.6 19.5 12.7 FASTST M M 3 MAX(MPH)
MISC ----> 36 220 48 220
================================================================================
NOTES:
# LAST OF SEVERAL OCCURRENCES
COLUMN 17 PEAK WIND IN M.P.H.
PRELIMINARY LOCAL CLIMATOLOGICAL DATA (WS FORM: F-6) , PAGE 2
STATION: CASPER WY
MONTH: MARCH
YEAR: 2022
LATITUDE: 42 55 N
LONGITUDE: 106 28 W
[TEMPERATURE DATA] [PRECIPITATION DATA] SYMBOLS USED IN COLUMN 16
AVERAGE MONTHLY: 33.0 TOTAL FOR MONTH: 1.54 1 = FOG OR MIST
DPTR FM NORMAL: -2.8 DPTR FM NORMAL: 0.70 2 = FOG REDUCING VISIBILITY
HIGHEST: 73 ON 28 GRTST 24HR 0.53 ON 5- 6 TO 1/4 MILE OR LESS
LOWEST: -25 ON 10 3 = THUNDER
SNOW, ICE PELLETS, HAIL 4 = ICE PELLETS
TOTAL MONTH: 20.7 INCHES 5 = HAIL
GRTST 24HR 6.1 ON 5- 5 6 = FREEZING RAIN OR DRIZZLE
GRTST DEPTH: 7 ON 9 7 = DUSTSTORM OR SANDSTORM:
VSBY 1/2 MILE OR LESS
8 = SMOKE OR HAZE
[NO. OF DAYS WITH] [WEATHER - DAYS WITH] 9 = BLOWING SNOW
X = TORNADO
MAX 32 OR BELOW: 7 0.01 INCH OR MORE: 10
MAX 90 OR ABOVE: 0 0.10 INCH OR MORE: 6
MIN 32 OR BELOW: 26 0.50 INCH OR MORE: 1
MIN 0 OR BELOW: 4 1.00 INCH OR MORE: 0
[HDD (BASE 65) ]
TOTAL THIS MO. 987 CLEAR (SCALE 0-3) 20
DPTR FM NORMAL 80 PTCLDY (SCALE 4-7) 6
TOTAL FM JUL 1 5846 CLOUDY (SCALE 8-10) 5
DPTR FM NORMAL -423
[CDD (BASE 65) ]
TOTAL THIS MO. 0
DPTR FM NORMAL 0 [PRESSURE DATA]
TOTAL FM JAN 1 0 HIGHEST SLP 30.50 ON 7
DPTR FM NORMAL 0 LOWEST SLP 29.41 ON 29
[REMARKS]
#FINAL-03-22#