000
CXUS56 KLOX 011155
CF6CQT
PRELIMINARY LOCAL CLIMATOLOGICAL DATA (WS FORM: F-6)
STATION: DOWNTOWN LOS ANGELES (USC) CA
MONTH: JULY
YEAR: 2021
LATITUDE: 34 1 N
LONGITUDE: 118 17 W
TEMPERATURE IN F: :PCPN: SNOW: WIND :SUNSHINE: SKY :PK WND
================================================================================
1 2 3 4 5 6A 6B 7 8 9 10 11 12 13 14 15 16 17 18
12Z AVG MX 2MIN
DY MAX MIN AVG DEP HDD CDD WTR SNW DPTH SPD SPD DIR MIN PSBL S-S WX SPD DR
================================================================================
1 83 66 75 3 0 10 0.00 M M 1.4 8 260 M M 4 8 14 260
2 83 64 74 2 0 9 0.00 M M 1.3 8 260 M M 3 18 15 260
3 81 64 73 1 0 8 0.00 M M 0.9 10 260 M M 1 18 15 270
4 81 63 72 0 0 7 0.00 M M 1.3 9 260 M M 4 8 15 280
5 81 62 72 0 0 7 0.00 M M 1.3 9 270 M M 4 8 14 270
6 81 63 72 -1 0 7 0.00 M M 1.5 8 270 M M 4 8 14 270
7 80 65 73 0 0 8 0.00 M M 1.4 7 260 M M 1 8 14 260
8 84 68 76 3 0 11 0.00 M M 1.4 8 270 M M 0 12 270
9 86 68 77 4 0 12 0.00 M M 1.0 9 270 M M 0 14 270
10 85 69 77 4 0 12 0.00 M M 1.6 8 270 M M 0 14 270
11 86 68 77 4 0 12 0.00 M M 1.1 7 260 M M 0 8 13 270
12 83 69 76 3 0 11 0.00 M M 1.8 8 260 M M 2 8 18 270
13 82 69 76 3 0 11 0.10 M M 1.4 8 260 M M 2 18 13 280
14 85 67 76 3 0 11 0.00 M M 1.7 8 270 M M 3 8 12 260
15 84 67 76 2 0 11 0.00 M M 2.1 8 260 M M 3 14 270
16 82 67 75 1 0 10 0.00 M M 1.7 8 270 M M 3 8 15 260
17 85 66 76 2 0 11 0.00 M M 2.0 9 260 M M 0 15 260
18 88 67 78 4 0 13 0.00 M M 1.6 9 260 M M 0 15 270
19 87 69 78 4 0 13 0.00 M M 1.6 10 270 M M 0 17 270
20 87 68 78 4 0 13 0.00 M M 1.7 10 260 M M 0 14 270
21 90 68 79 5 0 14 0.00 M M 0.7 9 260 M M 0 8 14 260
22 87 70 79 5 0 14 0.00 M M 1.3 8 260 M M 0 8 12 260
23 86 67 77 3 0 12 0.00 M M 1.7 9 260 M M 3 15 270
24 80 68 74 0 0 9 0.00 M M 0.7 8 260 M M 4 8 13 280
25 83 67 75 1 0 10 0.00 M M 2.1 9 260 M M 2 14 270
26 77 67 72 -2 0 7 0.12 M M 2.0 8 270 M M 3 18 13 260
27 78 66 72 -2 0 7 0.00 M M 2.0 9 260 M M 4 8 16 260
28 83 65 74 0 0 9 0.00 M M 1.6 10 260 M M 0 18 15 260
29 82 65 74 0 0 9 0.00 M M 1.7 9 270 M M 0 8 16 260
30 82 64 73 -1 0 8 0.00 M M 1.8 9 260 M M 0 8 17 260
31 80 64 72 -2 0 7 0.00 M M 1.7 9 260 M M 0 18 16 270
================================================================================
SM 2582 2060 0 313 0.22 M 47.1 M 50
================================================================================
AV 83.3 66.5 1.5 FASTST M M 2 MAX(MPH)
MISC ----> # 10 260 18 270
================================================================================
NOTES:
# LAST OF SEVERAL OCCURRENCES
COLUMN 17 PEAK WIND IN M.P.H.
PRELIMINARY LOCAL CLIMATOLOGICAL DATA (WS FORM: F-6) , PAGE 2
STATION: DOWNTOWN LOS ANGELES (USC) CA
MONTH: JULY
YEAR: 2021
LATITUDE: 34 1 N
LONGITUDE: 118 17 W
[TEMPERATURE DATA] [PRECIPITATION DATA] SYMBOLS USED IN COLUMN 16
AVERAGE MONTHLY: 74.9 TOTAL FOR MONTH: 0.22 1 = FOG OR MIST
DPTR FM NORMAL: 1.6 DPTR FM NORMAL: 0.20 2 = FOG REDUCING VISIBILITY
HIGHEST: 90 ON 21 GRTST 24HR 0.12 ON 26-26 TO 1/4 MILE OR LESS
LOWEST: 62 ON 5 3 = THUNDER
SNOW, ICE PELLETS, HAIL 4 = ICE PELLETS
TOTAL MONTH: M 5 = HAIL
GRTST 24HR M ON M 6 = FREEZING RAIN OR DRIZZLE
GRTST DEPTH: M ON M 7 = DUSTSTORM OR SANDSTORM:
VSBY 1/2 MILE OR LESS
8 = SMOKE OR HAZE
[NO. OF DAYS WITH] [WEATHER - DAYS WITH] 9 = BLOWING SNOW
X = TORNADO
MAX 32 OR BELOW: 0 0.01 INCH OR MORE: 2
MAX 90 OR ABOVE: 1 0.10 INCH OR MORE: 2
MIN 32 OR BELOW: 0 0.50 INCH OR MORE: 0
MIN 0 OR BELOW: 0 1.00 INCH OR MORE: 0
[HDD (BASE 65) ]
TOTAL THIS MO. 0 CLEAR (SCALE 0-3) 23
DPTR FM NORMAL 0 PTCLDY (SCALE 4-7) 8
TOTAL FM JUL 1 0 CLOUDY (SCALE 8-10) 0
DPTR FM NORMAL 0
[CDD (BASE 65) ]
TOTAL THIS MO. 313
DPTR FM NORMAL 54 [PRESSURE DATA]
TOTAL FM JAN 1 646 HIGHEST SLP M ON M
DPTR FM NORMAL 99 LOWEST SLP 29.76 ON 7
[REMARKS]
#FINAL-07-21#