000
CXUS56 KSGX 011145
CF6CRQ
PRELIMINARY LOCAL CLIMATOLOGICAL DATA (WS FORM: F-6)
STATION: CARLSBAD PALOMAR AIRPORT CA
MONTH: JANUARY
YEAR: 2022
LATITUDE: 33 7 N
LONGITUDE: 117 17 W
TEMPERATURE IN F: :PCPN: SNOW: WIND :SUNSHINE: SKY :PK WND
================================================================================
1 2 3 4 5 6A 6B 7 8 9 10 11 12 13 14 15 16 17 18
12Z AVG MX 2MIN
DY MAX MIN AVG DEP HDD CDD WTR SNW DPTH SPD SPD DIR MIN PSBL S-S WX SPD DR
================================================================================
1 61 46 54 -2 11 0 0.00 M M 4.3 13 240 M M 2 16 240
2 66 39 53 -3 12 0 0.00 M M 2.6 12 260 M M 0 14 260
3 58 40 49 -7 16 0 0.00 M M 2.3 8 260 M M 0 12 270
4 59 41 50 -6 15 0 0.00 M M 2.8 9 250 M M 0 12 270
5 63 43 53 -3 12 0 0.00 M M 2.3 8 260 M M 0 1 12 260
6 65 45 55 -1 10 0 0.00 M M 1.8 8 250 M M 0 10 250
7 59 45 52 -4 13 0 0.00 M M 4.5 10 160 M M 7 128 15 190
8 60 49 55 -1 10 0 T M M 3.8 10 170 M M 5 18 13 180
9 68 45 57 1 8 0 0.00 M M 2.2 10 250 M M 0 13 250
10 75 52 64 8 1 0 0.00 M M 2.5 7 330 M M 0 10 20
11 80 53 67 11 0 2 0.00 M M 3.4 12 260 M M 0 13 250
12 75 51 63 7 2 0 0.00 M M 2.4 8 260 M M 0 11 70
13 71 53 62 6 3 0 0.00 M M 1.5 10 260 M M 3 13 250
14 69 54 62 6 3 0 0.00 M M 2.6 8 240 M M 2 12 240
15 70 53 62 5 3 0 0.04 M M 2.2 10 80 M M 8 1 13 90
16 69 58 64 7 1 0 0.00 M M 2.1 10 220 M M 4 13 210
17 65 54 60 3 5 0 0.12 M M 3.9 10 230 M M 9 1 13 230
18 61 54 58 1 7 0 0.31 M M 1.8 10 250 M M 9 1 13 260
19 62 51 57 0 8 0 0.00 M M 2.3 9 260 M M 5 1 13 260
20 70 47 59 2 6 0 0.00 M M 2.7 10 260 M M 0 1 15 250
21 64 46 55 -2 10 0 0.00 M M 2.9 14 220 M M 0 1 17 230
22 71 48 60 4 5 0 0.00 M M 3.0 15 250 M M 0 19 30
23 70 48 59 3 6 0 0.00 M M 3.8 14 260 M M 0 16 250
24 66 47 57 1 8 0 0.00 M M 3.7 12 220 M M 0 15 200
25 61 43 52 -4 13 0 0.00 M M 3.5 12 230 M M 0 16 220
26 64 43 54 -2 11 0 0.00 M M 3.4 12 250 M M 0 1 14 250
27 66 46 56 0 9 0 0.00 M M 2.9 10 250 M M 0 12 240
28 74 45 60 4 5 0 0.00 M M 3.6 14 90 M M 0 18 80
29 66 46 56 0 9 0 0.00 M M 1.7 13 250 M M 2 15 260
30 66 44 55 -1 10 0 0.00 M M 4.6 13 230 M M 0 16 240
31 61 43 52 -4 13 0 0.00 M M 3.7 10 220 M M 1 12 210
================================================================================
SM 2055 1472 245 2 0.47 M 90.8 M 57
================================================================================
AV 66.3 47.5 2.9 FASTST M M 2 MAX(MPH)
MISC ----> 15 250 19 30
================================================================================
NOTES:
# LAST OF SEVERAL OCCURRENCES
COLUMN 17 PEAK WIND IN M.P.H.
PRELIMINARY LOCAL CLIMATOLOGICAL DATA (WS FORM: F-6) , PAGE 2
STATION: CARLSBAD PALOMAR AIRPORT CA
MONTH: JANUARY
YEAR: 2022
LATITUDE: 33 7 N
LONGITUDE: 117 17 W
[TEMPERATURE DATA] [PRECIPITATION DATA] SYMBOLS USED IN COLUMN 16
AVERAGE MONTHLY: 56.9 TOTAL FOR MONTH: 0.47 1 = FOG OR MIST
DPTR FM NORMAL: 0.5 DPTR FM NORMAL: -2.02 2 = FOG REDUCING VISIBILITY
HIGHEST: 80 ON 11 GRTST 24HR 0.31 ON 18-18 TO 1/4 MILE OR LESS
LOWEST: 39 ON 2 3 = THUNDER
SNOW, ICE PELLETS, HAIL 4 = ICE PELLETS
TOTAL MONTH: M 5 = HAIL
GRTST 24HR M ON M 6 = FREEZING RAIN OR DRIZZLE
GRTST DEPTH: M ON M 7 = DUSTSTORM OR SANDSTORM:
VSBY 1/2 MILE OR LESS
8 = SMOKE OR HAZE
[NO. OF DAYS WITH] [WEATHER - DAYS WITH] 9 = BLOWING SNOW
X = TORNADO
MAX 32 OR BELOW: 0 0.01 INCH OR MORE: 3
MAX 90 OR ABOVE: 0 0.10 INCH OR MORE: 2
MIN 32 OR BELOW: 0 0.50 INCH OR MORE: 0
MIN 0 OR BELOW: 0 1.00 INCH OR MORE: 0
[HDD (BASE 65) ]
TOTAL THIS MO. 245 CLEAR (SCALE 0-3) 23
DPTR FM NORMAL -26 PTCLDY (SCALE 4-7) 6
TOTAL FM JUL 1 756 CLOUDY (SCALE 8-10) 2
DPTR FM NORMAL 4
[CDD (BASE 65) ]
TOTAL THIS MO. 2
DPTR FM NORMAL -2 [PRESSURE DATA]
TOTAL FM JAN 1 2 HIGHEST SLP 30.30 ON 2
DPTR FM NORMAL -2 LOWEST SLP 29.87 ON 1
[REMARKS]
#FINAL-01-22#