000
CXUS56 KSGX 011245
CF6CRQ
PRELIMINARY LOCAL CLIMATOLOGICAL DATA (WS FORM: F-6)
STATION: CARLSBAD PALOMAR AIRPORT CA
MONTH: JULY
YEAR: 2020
LATITUDE: 33 7 N
LONGITUDE: 117 17 W
TEMPERATURE IN F: :PCPN: SNOW: WIND :SUNSHINE: SKY :PK WND
================================================================================
1 2 3 4 5 6A 6B 7 8 9 10 11 12 13 14 15 16 17 18
12Z AVG MX 2MIN
DY MAX MIN AVG DEP HDD CDD WTR SNW DPTH SPD SPD DIR MIN PSBL S-S WX SPD DR
================================================================================
1 69 64 67 0 0 2 0.00 0.0 0 5.5 12 250 M M 10 16 250
2 72 63 68 1 0 3 0.00 0.0 0 4.3 12 240 M M 5 18 260
3 73 59 66 -1 0 1 0.00 0.0 0 3.9 10 260 M M 0 16 260
4 75 64 70 3 0 5 0.00 0.0 0 3.5 12 240 M M 3 18 17 250
5 82 63 73 6 0 8 0.00 0.0 0 3.7 13 250 M M 0 1 17 250
6 79 61 70 3 0 5 0.00 0.0 0 4.0 10 220 M M 3 128 15 260
7 75 65 70 2 0 5 0.00 0.0 0 5.1 13 230 M M 4 18 16 250
8 73 63 68 0 0 3 0.00 0.0 0 5.6 13 240 M M 5 18 18 220
9 73 61 67 -1 0 2 0.00 0.0 0 4.0 12 230 M M 4 18 19 250
10 77 64 71 3 0 6 0.00 0.0 0 3.8 12 240 M M 3 18 16 250
11 80 65 73 5 0 8 0.00 0.0 0 3.2 13 240 M M 2 12 18 250
12 80 66 73 5 0 8 0.00 0.0 0 4.6 12 260 M M 1 12 15 230
13 77 67 72 4 0 7 0.00 0.0 0 6.5 14 250 M M 4 18 17 250
14 74 66 70 2 0 5 0.00 0.0 0 4.4 13 240 M M 5 20 240
15 74 66 70 2 0 5 0.00 0.0 0 4.4 12 240 M M 5 18 260
16 74 67 71 3 0 6 0.00 0.0 0 4.5 14 240 M M 5 18 260
17 75 66 71 3 0 6 0.00 0.0 0 4.2 13 250 M M 5 22 250
18 74 64 69 1 0 4 0.00 0.0 0 4.0 12 270 M M 4 16 250
19 73 64 69 0 0 4 0.00 0.0 0 4.8 13 260 M M 4 1 16 250
20 72 63 68 -1 0 3 0.00 0.0 0 4.4 12 260 M M 6 15 260
21 73 66 70 1 0 5 0.00 0.0 0 4.9 13 250 M M 8 18 260
22 70 64 67 -2 0 2 0.00 0.0 0 5.4 13 250 M M 10 20 260
23 70 63 67 -2 0 2 0.00 0.0 0 4.4 13 220 M M 7 17 240
24 72 64 68 -1 0 3 0.00 0.0 0 4.9 13 230 M M 6 19 250
25 73 65 69 0 0 4 0.00 0.0 0 3.6 14 250 M M 4 18 250
26 72 64 68 -1 0 3 0.00 0.0 0 4.2 12 250 M M 8 17 260
27 73 64 69 0 0 4 0.00 0.0 0 4.2 13 250 M M 7 18 260
28 71 63 67 -2 0 2 0.00 0.0 0 3.8 13 250 M M 7 1 18 250
29 72 64 68 -1 0 3 0.00 0.0 0 4.5 13 250 M M 6 19 260
30 72 62 67 -2 0 2 0.00 0.0 0 4.3 13 260 M M 4 18 17 270
31 77 64 71 2 0 6 0.00 0.0 0 4.1 12 260 M M 0 17 270
================================================================================
SM 2296 1984 0 132 0.00 0.0 136.7 M 145
================================================================================
AV 74.1 64.0 4.4 FASTST M M 5 MAX(MPH)
MISC ----> # 14 250 # 22 250
================================================================================
NOTES:
# LAST OF SEVERAL OCCURRENCES
COLUMN 17 PEAK WIND IN M.P.H.
PRELIMINARY LOCAL CLIMATOLOGICAL DATA (WS FORM: F-6) , PAGE 2
STATION: CARLSBAD PALOMAR AIRPORT CA
MONTH: JULY
YEAR: 2020
LATITUDE: 33 7 N
LONGITUDE: 117 17 W
[TEMPERATURE DATA] [PRECIPITATION DATA] SYMBOLS USED IN COLUMN 16
AVERAGE MONTHLY: 69.0 TOTAL FOR MONTH: 0.00 1 = FOG OR MIST
DPTR FM NORMAL: 0.8 DPTR FM NORMAL: -0.10 2 = FOG REDUCING VISIBILITY
HIGHEST: 82 ON 5 GRTST 24HR 0.00 ON 31-31 TO 1/4 MILE OR LESS
LOWEST: 59 ON 3 3 = THUNDER
SNOW, ICE PELLETS, HAIL 4 = ICE PELLETS
TOTAL MONTH: 0.0 INCH 5 = HAIL
GRTST 24HR 0.0 6 = FREEZING RAIN OR DRIZZLE
GRTST DEPTH: 0 7 = DUSTSTORM OR SANDSTORM:
VSBY 1/2 MILE OR LESS
8 = SMOKE OR HAZE
[NO. OF DAYS WITH] [WEATHER - DAYS WITH] 9 = BLOWING SNOW
X = TORNADO
MAX 32 OR BELOW: 0 0.01 INCH OR MORE: 0
MAX 90 OR ABOVE: 0 0.10 INCH OR MORE: 0
MIN 32 OR BELOW: 0 0.50 INCH OR MORE: 0
MIN 0 OR BELOW: 0 1.00 INCH OR MORE: 0
[HDD (BASE 65) ]
TOTAL THIS MO. 0 CLEAR (SCALE 0-3) 7
DPTR FM NORMAL -3 PTCLDY (SCALE 4-7) 22
TOTAL FM JUL 1 0 CLOUDY (SCALE 8-10) 2
DPTR FM NORMAL -3
[CDD (BASE 65) ]
TOTAL THIS MO. 132
DPTR FM NORMAL 28 [PRESSURE DATA]
TOTAL FM JAN 1 264 HIGHEST SLP M ON M
DPTR FM NORMAL 109 LOWEST SLP 29.74 ON 21
[REMARKS]
#FINAL-07-20#