000
CXUS51 KRLX 021952
CF6CRW
PRELIMINARY LOCAL CLIMATOLOGICAL DATA (WS FORM: F-6)
STATION: CHARLESTON WV
MONTH: APRIL
YEAR: 2023
LATITUDE: 38 22 N
LONGITUDE: 81 36 W
TEMPERATURE IN F: :PCPN: SNOW: WIND :SUNSHINE: SKY :PK WND
================================================================================
1 2 3 4 5 6A 6B 7 8 9 10 11 12 13 14 15 16 17 18
12Z AVG MX 2MIN
DY MAX MIN AVG DEP HDD CDD WTR SNW DPTH SPD SPD DIR MIN PSBL S-S WX SPD DR
================================================================================
1 74 44 59 7 6 0 0.71 0.0 0 15.4 41 230 M M 8 13 58 220
2 54 38 46 -6 19 0 T 0.0 0 3.5 16 280 M M 7 24 260
3 77 34 56 4 9 0 0.00 0.0 0 5.4 17 200 M M 4 22 200
4 82 49 66 13 0 1 0.00 0.0 0 3.1 12 210 M M 5 16 210
5 88 63 76 23 0 11 T 0.0 0 8.2 35 330 M M 6 48 340
6 65 48 57 3 8 0 0.02 0.0 0 4.5 16 310 M M 10 1 22 320
7 55 43 49 -5 16 0 T 0.0 0 4.4 13 30 M M 10 4 17 40
8 57 36 47 -7 18 0 0.00 0.0 0 5.1 15 70 M M 9 19 60
9 67 29 48 -7 17 0 0.00 0.0 0 4.2 16 70 M M 0 21 70
10 71 32 52 -3 13 0 0.00 0.0 0 1.7 10 240 M M 0 18 220
11 76 36 56 0 9 0 0.00 0.0 0 3.3 14 230 M M 0 20 220
12 80 43 62 6 3 0 0.00 0.0 0 3.3 16 240 M M 1 20 240
13 87 44 66 10 0 1 0.00 0.0 0 1.5 9 330 M M 1 13 10
14 82 53 68 11 0 3 0.52 0.0 0 3.6 31 220 M M 7 13 38 210
15 79 53 66 9 0 1 0.02 0.0 0 3.6 17 330 M M 7 12 26 310
16 80 48 64 7 1 0 0.01 0.0 0 6.6 24 250 M M 6 13 38 290
17 60 41 51 -7 14 0 0.00 0.0 0 10.3 30 230 M M 6 40 220
18 69 40 55 -3 10 0 0.00 0.0 0 7.4 21 270 M M 0 33 290
19 82 39 61 3 4 0 0.00 0.0 0 2.3 10 320 M M 2 14 310
20 86 48 67 8 0 2 0.00 0.0 0 3.6 17 210 M M 3 25 210
21 84 49 67 8 0 2 0.04 0.0 0 6.0 18 250 M M 6 29 250
22 61 46 54 -5 11 0 0.15 0.0 0 5.8 29 280 M M 8 13 49 290
23 54 39 47 -13 18 0 T 0.0 0 5.4 15 310 M M 8 22 330
24 58 38 48 -12 17 0 T 0.0 0 5.3 18 320 M M 6 25 320
25 64 30 47 -13 18 0 0.00 0.0 0 1.9 9 310 M M 3 14 300
26 71 38 55 -5 10 0 0.00 0.0 0 2.7 14 300 M M 5 8 19 250
27 74 39 57 -4 8 0 0.14 0.0 0 5.5 23 140 M M 6 1 30 160
28 70 55 63 2 2 0 0.33 0.0 0 5.7 16 130 M M 9 13 21 130
29 68 49 59 -2 6 0 T 0.0 0 3.6 13 220 M M 7 1 18 210
30 61 46 54 -7 11 0 T 0.0 0 6.3 26 300 M M 8 40 300
================================================================================
SM 2136 1290 248 21 1.94 0.0 149.2 M 158
================================================================================
AV 71.2 43.0 5.0 FASTST M M 5 MAX(MPH)
MISC ----> 41 230 58 220
================================================================================
NOTES:
# LAST OF SEVERAL OCCURRENCES
COLUMN 17 PEAK WIND IN M.P.H.
PRELIMINARY LOCAL CLIMATOLOGICAL DATA (WS FORM: F-6) , PAGE 2
STATION: CHARLESTON WV
MONTH: APRIL
YEAR: 2023
LATITUDE: 38 22 N
LONGITUDE: 81 36 W
[TEMPERATURE DATA] [PRECIPITATION DATA] SYMBOLS USED IN COLUMN 16
AVERAGE MONTHLY: 57.1 TOTAL FOR MONTH: 1.94 1 = FOG OR MIST
DPTR FM NORMAL: 0.2 DPTR FM NORMAL: -1.62 2 = FOG REDUCING VISIBILITY
HIGHEST: 88 ON 5 GRTST 24HR 1.48 ON 31- 1 TO 1/4 MILE OR LESS
LOWEST: 29 ON 9 3 = THUNDER
SNOW, ICE PELLETS, HAIL 4 = ICE PELLETS
TOTAL MONTH: 0.0 INCH 5 = HAIL
GRTST 24HR 0.0 6 = FREEZING RAIN OR DRIZZLE
GRTST DEPTH: 0 7 = DUSTSTORM OR SANDSTORM:
VSBY 1/2 MILE OR LESS
8 = SMOKE OR HAZE
[NO. OF DAYS WITH] [WEATHER - DAYS WITH] 9 = BLOWING SNOW
X = TORNADO
MAX 32 OR BELOW: 0 0.01 INCH OR MORE: 9
MAX 90 OR ABOVE: 0 0.10 INCH OR MORE: 5
MIN 32 OR BELOW: 3 0.50 INCH OR MORE: 2
MIN 0 OR BELOW: 0 1.00 INCH OR MORE: 0
[HDD (BASE 65) ]
TOTAL THIS MO. 248 CLEAR (SCALE 0-3) 9
DPTR FM NORMAL -24 PTCLDY (SCALE 4-7) 15
TOTAL FM JUL 1 3851 CLOUDY (SCALE 8-10) 6
DPTR FM NORMAL -390
[CDD (BASE 65) ]
TOTAL THIS MO. 21
DPTR FM NORMAL -9 [PRESSURE DATA]
TOTAL FM JAN 1 24 HIGHEST SLP 30.48 ON 7
DPTR FM NORMAL -11 LOWEST SLP 29.38 ON 30
[REMARKS]
#FINAL-04-23#