000
CXUS51 KRLX 021914
CF6CRW
PRELIMINARY LOCAL CLIMATOLOGICAL DATA (WS FORM: F-6)
STATION: CHARLESTON WV
MONTH: JANUARY
YEAR: 2021
LATITUDE: 38 22 N
LONGITUDE: 81 36 W
TEMPERATURE IN F: :PCPN: SNOW: WIND :SUNSHINE: SKY :PK WND
================================================================================
1 2 3 4 5 6A 6B 7 8 9 10 11 12 13 14 15 16 17 18
12Z AVG MX 2MIN
DY MAX MIN AVG DEP HDD CDD WTR SNW DPTH SPD SPD DIR MIN PSBL S-S WX SPD DR
================================================================================
1 54 34 44 10 21 0 0.22 0.0 0 6.4 17 140 M M 8 1 25 170
2 56 39 48 14 17 0 0.02 0.0 0 6.7 18 290 M M 9 1 29 320
3 45 37 41 7 24 0 0.10 0.0 0 5.5 21 260 M M 10 1 28 260
4 42 30 36 2 29 0 T T 0 3.2 8 250 M M 9 14 13 310
5 39 28 34 0 31 0 0.03 T 0 3.3 15 300 M M 9 1 23 320
6 36 33 35 1 30 0 T T 0 3.5 9 340 M M 10 1 13 260
7 39 29 34 0 31 0 0.00 0.0 0 5.2 13 60 M M 8 16 70
8 36 31 34 0 31 0 T T 0 5.1 10 330 M M 10 14 350
9 34 24 29 -5 36 0 T T 0 4.2 9 310 M M 7 13 340
10 43 20 32 -2 33 0 0.00 0.0 0 0.5 7 70 M M 0 1 9 70
11 40 25 33 -1 32 0 0.00 0.0 0 1.2 7 320 M M 6 9 270
12 44 26 35 1 30 0 0.00 0.0 0 3.2 12 230 M M 5 18 17 200
13 48 22 35 1 30 0 0.00 0.0 0 2.5 13 210 M M 1 17 210
14 51 27 39 5 26 0 0.00 0.0 0 3.2 15 200 M M 4 19 160
15 44 29 37 3 28 0 0.27 0.1 0 4.1 14 230 M M 6 1 22 280
16 38 27 33 -1 32 0 0.08 0.8 T 6.7 22 260 M M 8 12 31 260
17 38 33 36 2 29 0 0.01 T T 8.4 15 240 M M 10 1 22 240
18 34 31 33 -1 32 0 T 0.1 T 8.4 18 240 M M 10 1 28 280
19 42 30 36 2 29 0 0.06 0.2 0 2.2 8 200 M M 7 1 10 230
20 40 25 33 -1 32 0 T T 0 6.9 18 320 M M 6 18 27 230
21 44 26 35 1 30 0 0.00 0.0 0 9.6 20 210 M M 6 25 220
22 43 30 37 3 28 0 0.00 0.0 0 8.6 17 260 M M 2 24 280
23 34 19 27 -7 38 0 0.00 0.0 0 3.5 15 300 M M 0 21 300
24 33 19 26 -9 39 0 0.05 0.1 0 2.1 8 60 M M 8 146 10 70
25 40 32 36 1 29 0 1.13 0.0 0 2.3 12 10 M M 10 16 16 10
26 60 40 50 15 15 0 0.04 0.0 0 7.5 24 250 M M 7 1 33 240
27 46 29 38 3 27 0 0.04 0.8 0 6.9 18 330 M M 10 1 25 340
28 29 23 26 -9 39 0 0.07 1.6 2 8.7 18 310 M M 10 1 25 310
29 32 21 27 -8 38 0 T T T 4.0 14 330 M M 6 19 330
30 39 16 28 -7 37 0 0.08 1.0 0 2.2 9 60 M M 5 16 14 240
31 45 32 39 4 26 0 0.42 T T 4.1 15 260 M M 10 16 21 270
================================================================================
SM 1288 867 929 0 2.62 4.7 149.9 M 217
================================================================================
AV 41.5 28.0 4.8 FASTST M M 7 MAX(MPH)
MISC ----> 24 250 33 240
================================================================================
NOTES:
# LAST OF SEVERAL OCCURRENCES
COLUMN 17 PEAK WIND IN M.P.H.
PRELIMINARY LOCAL CLIMATOLOGICAL DATA (WS FORM: F-6) , PAGE 2
STATION: CHARLESTON WV
MONTH: JANUARY
YEAR: 2021
LATITUDE: 38 22 N
LONGITUDE: 81 36 W
[TEMPERATURE DATA] [PRECIPITATION DATA] SYMBOLS USED IN COLUMN 16
AVERAGE MONTHLY: 34.8 TOTAL FOR MONTH: 2.62 1 = FOG OR MIST
DPTR FM NORMAL: 0.4 DPTR FM NORMAL: -0.38 2 = FOG REDUCING VISIBILITY
HIGHEST: 60 ON 26 GRTST 24HR 1.61 ON 25-26 TO 1/4 MILE OR LESS
LOWEST: 16 ON 30 3 = THUNDER
SNOW, ICE PELLETS, HAIL 4 = ICE PELLETS
TOTAL MONTH: 4.7 INCHES 5 = HAIL
GRTST 24HR 1.6 ON 28-28 6 = FREEZING RAIN OR DRIZZLE
GRTST DEPTH: 2 ON 28 7 = DUSTSTORM OR SANDSTORM:
VSBY 1/2 MILE OR LESS
8 = SMOKE OR HAZE
[NO. OF DAYS WITH] [WEATHER - DAYS WITH] 9 = BLOWING SNOW
X = TORNADO
MAX 32 OR BELOW: 2 0.01 INCH OR MORE: 15
MAX 90 OR ABOVE: 0 0.10 INCH OR MORE: 5
MIN 32 OR BELOW: 25 0.50 INCH OR MORE: 1
MIN 0 OR BELOW: 0 1.00 INCH OR MORE: 1
[HDD (BASE 65) ]
TOTAL THIS MO. 929 CLEAR (SCALE 0-3) 4
DPTR FM NORMAL -19 PTCLDY (SCALE 4-7) 14
TOTAL FM JUL 1 2489 CLOUDY (SCALE 8-10) 13
DPTR FM NORMAL -203
[CDD (BASE 65) ]
TOTAL THIS MO. 0
DPTR FM NORMAL 0 [PRESSURE DATA]
TOTAL FM JAN 1 0 HIGHEST SLP 30.55 ON 28
DPTR FM NORMAL 0 LOWEST SLP 29.55 ON 15
[REMARKS]
#FINAL-01-21#