000
CXUS53 KUNR 011030
CF6CUT
PRELIMINARY LOCAL CLIMATOLOGICAL DATA (WS FORM: F-6)
STATION: CUSTER COUNTY AIRPORT SD
MONTH: JANUARY
YEAR: 2022
LATITUDE: 43 43 N
LONGITUDE: 103 37 W
TEMPERATURE IN F: :PCPN: SNOW: WIND :SUNSHINE: SKY :PK WND
================================================================================
1 2 3 4 5 6A 6B 7 8 9 10 11 12 13 14 15 16 17 18
12Z AVG MX 2MIN
DY MAX MIN AVG DEP HDD CDD WTR SNW DPTH SPD SPD DIR MIN PSBL S-S WX SPD DR
================================================================================
1 15 -10 3 -22 62 0 0.01 M M 5.7 16 300 M M 3 8 28 330
2 37 10 24 -1 41 0 0.00 M M 9.9 22 280 M M 0 34 290
3 40 21 31 6 34 0 0.00 M M 12.6 23 260 M M 0 36 240
4 38 3 21 -4 44 0 0.00 M M 11.6 23 290 M M 2 41 300
5 15 -11 2 -23 63 0 T M M 3.2 15 310 M M 6 8 26 300
6 20 -16 2 -24 63 0 0.00 M M 4.2 9 270 M M 5 8 16 230
7 43 17 30 4 35 0 0.00 M M 9.8 23 250 M M 0 44 250
8 37 13 25 -1 40 0 T M M 6.1 23 270 M M 5 39 230
9 34 10 22 -4 43 0 0.00 M M 7.7 22 300 M M 1 35 300
10 51 27 39 13 26 0 0.00 M M 8.2 18 250 M M 0 28 230
11 48 28 38 12 27 0 0.00 M M 7.9 16 290 M M 0 28 310
12 48 28 38 12 27 0 0.00 M M 6.4 18 290 M M 1 30 300
13 48 30 39 13 26 0 0.00 M M 5.8 15 270 M M 1 19 250
14 45 14 30 4 35 0 T M M 10.7 25 340 M M 6 46 340
15 47 10 29 4 36 0 0.00 M M 8.5 20 270 M M 0 27 270
16 37 22 30 5 35 0 0.00 M M 5.9 17 310 M M 2 28 300
17 48 24 36 11 29 0 0.00 M M 8.5 18 290 M M 0 28 310
18 46 14 30 5 35 0 0.02 M M 6.3 18 350 M M 5 1 31 350
19 14 -4 5 -20 60 0 0.01 M M 4.4 9 250 M M 9 18 14 240
20 31 -1 15 -10 50 0 0.00 M M 6.0 15 270 M M 0 23 270
21 38 24 31 6 34 0 T M M 8.9 23 300 M M 5 37 290
22 38 21 30 5 35 0 0.00 M M 12.3 26 280 M M 5 42 280
23 42 29 36 11 29 0 0.00 M M 10.5 26 280 M M 6 39 260
24 32 20 26 1 39 0 0.01 M M 7.1 15 330 M M 7 1 28 330
25 28 11 20 -5 45 0 T M M 6.5 17 260 M M 3 1 25 260
26 38 17 28 3 37 0 0.00 M M 10.4 22 270 M M 1 36 320
27 26 14 20 -4 45 0 T M M 8.1 20 300 M M 6 30 290
28 41 15 28 4 37 0 0.00 M M 12.4 24 280 M M 1 35 280
29 49 26 38 14 27 0 0.00 M M 7.1 18 300 M M 0 32 290
30 48 27 38 14 27 0 0.00 M M 7.0 20 290 M M 0 36 320
31 46 22 34 10 31 0 T M M 13.2 29 270 M M 2 46 270
================================================================================
SM 1168 455 1197 0 0.05 M 252.9 M 82
================================================================================
AV 37.7 14.7 8.2 FASTST M M 3 MAX(MPH)
MISC ----> 29 270 # 46 340
================================================================================
NOTES:
# LAST OF SEVERAL OCCURRENCES
COLUMN 17 PEAK WIND IN M.P.H.
PRELIMINARY LOCAL CLIMATOLOGICAL DATA (WS FORM: F-6) , PAGE 2
STATION: CUSTER COUNTY AIRPORT SD
MONTH: JANUARY
YEAR: 2022
LATITUDE: 43 43 N
LONGITUDE: 103 37 W
[TEMPERATURE DATA] [PRECIPITATION DATA] SYMBOLS USED IN COLUMN 16
AVERAGE MONTHLY: 26.2 TOTAL FOR MONTH: 0.05 1 = FOG OR MIST
DPTR FM NORMAL: 1.1 DPTR FM NORMAL: -0.36 2 = FOG REDUCING VISIBILITY
HIGHEST: 51 ON 10 GRTST 24HR 0.09 ON 24-25 TO 1/4 MILE OR LESS
LOWEST: -16 ON 6 3 = THUNDER
SNOW, ICE PELLETS, HAIL 4 = ICE PELLETS
TOTAL MONTH: M 5 = HAIL
GRTST 24HR M ON M 6 = FREEZING RAIN OR DRIZZLE
GRTST DEPTH: M ON M 7 = DUSTSTORM OR SANDSTORM:
VSBY 1/2 MILE OR LESS
8 = SMOKE OR HAZE
[NO. OF DAYS WITH] [WEATHER - DAYS WITH] 9 = BLOWING SNOW
X = TORNADO
MAX 32 OR BELOW: 8 0.01 INCH OR MORE: 4
MAX 90 OR ABOVE: 0 0.10 INCH OR MORE: 0
MIN 32 OR BELOW: 31 0.50 INCH OR MORE: 0
MIN 0 OR BELOW: 5 1.00 INCH OR MORE: 0
[HDD (BASE 65) ]
TOTAL THIS MO. 1197 CLEAR (SCALE 0-3) 20
DPTR FM NORMAL -40 PTCLDY (SCALE 4-7) 10
TOTAL FM JUL 1 3972 CLOUDY (SCALE 8-10) 1
DPTR FM NORMAL -582
[CDD (BASE 65) ]
TOTAL THIS MO. 0
DPTR FM NORMAL 0 [PRESSURE DATA]
TOTAL FM JAN 1 0 HIGHEST SLP 30.58 ON 9
DPTR FM NORMAL 0 LOWEST SLP 29.39 ON 7
[REMARKS]
#FINAL-01-22#