000
CXUS51 KILN 010542
CF6CVG
PRELIMINARY LOCAL CLIMATOLOGICAL DATA (WS FORM: F-6)
STATION: CINCINNATI OH
MONTH: FEBRUARY
YEAR: 2020
LATITUDE: 39 2 N
LONGITUDE: 84 40 W
TEMPERATURE IN F: :PCPN: SNOW: WIND :SUNSHINE: SKY :PK WND
================================================================================
1 2 3 4 5 6A 6B 7 8 9 10 11 12 13 14 15 16 17 18
12Z AVG MX 2MIN
DY MAX MIN AVG DEP HDD CDD WTR SNW DPTH SPD SPD DIR MIN PSBL S-S WX SPD DR
================================================================================
1 42 36 39 7 26 0 T 0.0 0 7.1 20 260 M M 10 18 24 250
2 64 33 49 17 16 0 0.00 0.0 0 12.3 25 260 M M 4 35 220
3 64 39 52 20 13 0 0.00 0.0 0 11.3 24 220 M M 7 34 210
4 62 35 49 17 16 0 0.35 0.0 0 13.0 24 40 M M 10 1 29 40
5 37 32 35 3 30 0 0.33 T 0 15.2 22 60 M M 10 168 28 30
6 34 29 32 0 33 0 T 0.1 0 9.4 16 320 M M 10 146 22 340
7 33 26 30 -3 35 0 0.09 1.8 1 11.5 22 290 M M 9 1 27 300
8 35 26 31 -2 34 0 0.12 1.1 T 7.3 13 280 M M 10 1 17 230
9 45 23 34 1 31 0 0.17 0.1 0 9.4 21 150 M M 9 18 26 140
10 49 36 43 10 22 0 0.10 0.0 0 11.7 21 220 M M 10 12 29 210
11 41 33 37 4 28 0 0.07 0.1 0 8.3 15 300 M M 10 148 18 360
12 37 30 34 0 31 0 1.06 T 0 7.8 21 80 M M 10 148 28 70
13 40 20 30 -4 35 0 0.07 0.1 0 12.5 24 300 M M 10 148 32 280
14 25 12 19 -15 46 0 T 0.1 T 8.1 20 300 M M 7 24 290
15 45 14 30 -4 35 0 0.00 0.0 0 10.3 21 180 M M 5 27 220
16 50 34 42 7 23 0 0.00 0.0 0 3.5 8 60 M M 9 13 210
17 52 29 41 6 24 0 0.00 0.0 0 9.5 17 190 M M 7 8 23 190
18 55 33 44 9 21 0 0.14 0.0 0 11.6 22 200 M M 9 18 29 190
19 45 25 35 0 30 0 0.00 0.0 0 7.0 14 10 M M 4 18 17 360
20 34 20 27 -9 38 0 0.00 0.0 0 11.9 21 350 M M 7 25 360
21 38 16 27 -9 38 0 0.00 0.0 0 5.7 9 230 M M 0 14 260
22 49 19 34 -2 31 0 0.00 0.0 0 7.4 16 190 M M 0 21 190
23 55 28 42 6 23 0 0.00 0.0 0 8.9 16 210 M M 5 21 220
24 45 36 41 4 24 0 0.44 0.0 0 8.5 16 130 M M 9 18 20 140
25 46 41 44 7 21 0 0.31 0.0 0 6.9 12 70 M M 9 12 15 360
26 41 29 35 -2 30 0 0.21 0.1 0 10.3 28 310 M M 10 12 33 310
27 35 24 30 -8 35 0 T T 0 15.0 25 280 M M 10 34 270
28 37 25 31 -7 34 0 0.12 1.3 0 11.8 22 280 M M 8 18 28 340
29 37 18 28 -10 37 0 T T 1 8.5 20 330 M M 1 8 24 340
================================================================================
SM 1272 801 840 0 3.58 4.8 281.7 M 219
================================================================================
AV 43.9 27.6 9.7 FASTST M M 8 MAX(MPH)
MISC ----> # 28 310 # 35 220
================================================================================
NOTES:
# LAST OF SEVERAL OCCURRENCES
COLUMN 17 PEAK WIND IN M.P.H.
PRELIMINARY LOCAL CLIMATOLOGICAL DATA (WS FORM: F-6) , PAGE 2
STATION: CINCINNATI OH
MONTH: FEBRUARY
YEAR: 2020
LATITUDE: 39 2 N
LONGITUDE: 84 40 W
[TEMPERATURE DATA] [PRECIPITATION DATA] SYMBOLS USED IN COLUMN 16
AVERAGE MONTHLY: 35.7 TOTAL FOR MONTH: 3.58 1 = FOG OR MIST
DPTR FM NORMAL: 1.2 DPTR FM NORMAL: 0.77 2 = FOG REDUCING VISIBILITY
HIGHEST: 64 ON 3, 2 GRTST 24HR 1.06 ON 12-12 TO 1/4 MILE OR LESS
LOWEST: 12 ON 14 3 = THUNDER
SNOW, ICE PELLETS, HAIL 4 = ICE PELLETS
TOTAL MONTH: 4.8 INCHES 5 = HAIL
GRTST 24HR 1.8 ON 7- 7 6 = FREEZING RAIN OR DRIZZLE
GRTST DEPTH: 1 ON 29, 7 7 = DUSTSTORM OR SANDSTORM:
VSBY 1/2 MILE OR LESS
8 = SMOKE OR HAZE
[NO. OF DAYS WITH] [WEATHER - DAYS WITH] 9 = BLOWING SNOW
X = TORNADO
MAX 32 OR BELOW: 1 0.01 INCH OR MORE: 14
MAX 90 OR ABOVE: 0 0.10 INCH OR MORE: 11
MIN 32 OR BELOW: 19 0.50 INCH OR MORE: 1
MIN 0 OR BELOW: 0 1.00 INCH OR MORE: 1
[HDD (BASE 65) ]
TOTAL THIS MO. 840 CLEAR (SCALE 0-3) 3
DPTR FM NORMAL -15 PTCLDY (SCALE 4-7) 8
TOTAL FM JUL 1 3393 CLOUDY (SCALE 8-10) 18
DPTR FM NORMAL -461
[CDD (BASE 65) ]
TOTAL THIS MO. 0
DPTR FM NORMAL 0 [PRESSURE DATA]
TOTAL FM JAN 1 0 HIGHEST SLP 30.69 ON 21
DPTR FM NORMAL 0 LOWEST SLP 29.40 ON 7
[REMARKS]
#FINAL-02-20#