000
CXUS56 KSGX 011245
CF6CZZ
PRELIMINARY LOCAL CLIMATOLOGICAL DATA (WS FORM: F-6)
STATION: CAMPO ASOS CA
MONTH: NOVEMBER
YEAR: 2019
LATITUDE: 32 37 N
LONGITUDE: 116 28 W
TEMPERATURE IN F: :PCPN: SNOW: WIND :SUNSHINE: SKY :PK WND
================================================================================
1 2 3 4 5 6A 6B 7 8 9 10 11 12 13 14 15 16 17 18
12Z AVG MX 2MIN
DY MAX MIN AVG DEP HDD CDD WTR SNW DPTH SPD SPD DIR MIN PSBL S-S WX SPD DR
================================================================================
1 74 31 53 -4 12 0 0.00 0.0 0 12.2 28 70 M M 0 33 60
2 79 38 59 2 6 0 0.00 0.0 0 9.5 25 70 M M 0 31 70
3 81 34 58 2 7 0 0.00 0.0 0 6.2 16 220 M M 0 21 220
4 82 36 59 3 6 0 0.00 0.0 0 6.9 16 90 M M 0 21 70
5 80 38 59 3 6 0 0.00 0.0 0 8.3 22 50 M M 0 29 70
6 81 41 61 5 4 0 0.00 0.0 0 7.3 20 300 M M 0 25 290
7 82 40 61 6 4 0 0.00 0.0 0 8.0 22 50 M M 0 25 80
8 81 42 62 7 3 0 0.00 0.0 0 8.4 23 60 M M 0 29 60
9 83 41 62 7 3 0 0.00 0.0 0 6.9 16 70 M M 0 22 90
10 82 39 61 6 4 0 0.00 0.0 0 7.9 18 220 M M 0 21 220
11 81 38 60 6 5 0 0.00 0.0 0 8.2 21 60 M M 0 25 40
12 84 43 64 10 1 0 0.00 0.0 0 6.2 16 260 M M 0 22 280
13 81 40 61 7 4 0 0.00 0.0 0 7.1 16 230 M M 0 22 230
14 80 38 59 5 6 0 0.00 0.0 0 7.1 18 220 M M 0 26 220
15 76 39 58 5 7 0 0.00 0.0 0 6.8 16 220 M M 0 20 210
16 79 41 60 7 5 0 0.00 0.0 0 8.0 25 50 M M 0 33 60
17 79 50 65 12 0 0 0.00 0.0 0 13.2 28 50 M M 0 36 50
18 81 51 66 14 0 1 0.00 0.0 0 9.2 22 60 M M 0 28 80
19 76 52 64 12 1 0 1.09 0.0 0 8.6 28 200 M M 0 35 200
20 54 48 51 -1 14 0 1.40 M 0 18.4 23 240 M M 0 38 220
21 54 40 47 -5 18 0 0.18 M M 5.8 17 220 M M 0 20 220
22 59 35 47 -4 18 0 0.00 0.0 0 8.2 22 50 M M 0 26 60
23 61 45 53 2 12 0 0.00 0.0 0 11.8 35 60 M M 0 42 60
24 68 35 52 1 13 0 0.00 0.0 0 9.3 24 70 M M 0 28 70
25 64 33 49 -1 16 0 0.00 0.0 0 7.2 21 220 M M 0 27 230
26 57 31 44 -6 21 0 0.00 0.0 0 9.1 26 60 M M 0 32 60
27 54 32 43 -7 22 0 0.09 M 0 7.7 23 220 M M 0 35 250
28 55 33 44 -6 21 0 1.13 M 0 7.5 29 220 M M 0 39 220
29 44 37 41 -9 24 0 0.52 M 0 13.9 24 230 M M 0 34 250
30 55 35 45 -4 20 0 0.07 M 0 7.1 20 60 M M 0 26 60
================================================================================
SM 2147 1176 283 1 4.48 0.0 262.0 M 0
================================================================================
AV 71.6 39.2 8.7 FASTST M M 0 MAX(MPH)
MISC ----> # 35 60 # 42 60
================================================================================
NOTES:
# LAST OF SEVERAL OCCURRENCES
COLUMN 17 PEAK WIND IN M.P.H.
PRELIMINARY LOCAL CLIMATOLOGICAL DATA (WS FORM: F-6) , PAGE 2
STATION: CAMPO ASOS CA
MONTH: NOVEMBER
YEAR: 2019
LATITUDE: 32 37 N
LONGITUDE: 116 28 W
[TEMPERATURE DATA] [PRECIPITATION DATA] SYMBOLS USED IN COLUMN 16
AVERAGE MONTHLY: 55.4 TOTAL FOR MONTH: 4.48 1 = FOG OR MIST
DPTR FM NORMAL: 2.4 DPTR FM NORMAL: 3.35 2 = FOG REDUCING VISIBILITY
HIGHEST: 84 ON 12 GRTST 24HR 1.40 ON 20-20 TO 1/4 MILE OR LESS
LOWEST: 31 ON 26, 1 3 = THUNDER
SNOW, ICE PELLETS, HAIL 4 = ICE PELLETS
TOTAL MONTH: 0.0 INCH 5 = HAIL
GRTST 24HR 0.0 6 = FREEZING RAIN OR DRIZZLE
GRTST DEPTH: 0 7 = DUSTSTORM OR SANDSTORM:
VSBY 1/2 MILE OR LESS
8 = SMOKE OR HAZE
[NO. OF DAYS WITH] [WEATHER - DAYS WITH] 9 = BLOWING SNOW
X = TORNADO
MAX 32 OR BELOW: 0 0.01 INCH OR MORE: 7
MAX 90 OR ABOVE: 0 0.10 INCH OR MORE: 5
MIN 32 OR BELOW: 3 0.50 INCH OR MORE: 4
MIN 0 OR BELOW: 0 1.00 INCH OR MORE: 3
[HDD (BASE 65) ]
TOTAL THIS MO. 283 CLEAR (SCALE 0-3) 30
DPTR FM NORMAL -77 PTCLDY (SCALE 4-7) 0
TOTAL FM JUL 1 505 CLOUDY (SCALE 8-10) 0
DPTR FM NORMAL -65
[CDD (BASE 65) ]
TOTAL THIS MO. 1
DPTR FM NORMAL -1 [PRESSURE DATA]
TOTAL FM JAN 1 829 HIGHEST SLP 30.12 ON 30
DPTR FM NORMAL -12 LOWEST SLP 29.46 ON 28
[REMARKS]
#FINAL-11-19#