000
CXUS53 KUNR 010930
CF6D07
PRELIMINARY LOCAL CLIMATOLOGICAL DATA (WS FORM: F-6)
STATION: FAITH SD
MONTH: MARCH
YEAR: 2024
LATITUDE: 45 1 N
LONGITUDE: 102 1 W
TEMPERATURE IN F: :PCPN: SNOW: WIND :SUNSHINE: SKY :PK WND
================================================================================
1 2 3 4 5 6A 6B 7 8 9 10 11 12 13 14 15 16 17 18
12Z AVG MX 2MIN
DY MAX MIN AVG DEP HDD CDD WTR SNW DPTH SPD SPD DIR MIN PSBL S-S WX SPD DR
================================================================================
1 59 32 46 19 19 0 0.00 M M 10.3 23 310 M M M 29 320
2 44 29 37 9 28 0 0.00 M M 13.3 24 90 M M M 32 90
3 40 19 30 2 35 0 0.01 M M 17.5 40 290 M M M 55 290
4 37 12 25 -3 40 0 0.00 M M 10.2 26 140 M M M 35 140
5 38 21 30 1 35 0 0.00 M M 13.0 25 120 M M M 37 120
6 43 17 30 1 35 0 0.01 M M 13.4 25 310 M M M 34 320
7 32 18 25 -5 40 0 0.00 M M 3.8 10 30 M M M 16 60
8 46 16 31 1 34 0 0.00 M M 8.2 23 330 M M M 30 330
9 56 21 39 9 26 0 0.00 M M 11.5 17 160 M M M 21 160
10 67 22 45 14 20 0 0.01 M M 10.1 21 330 M M M 29 330
11 66 36 51 20 14 0 0.00 M M 11.1 21 350 M M M 29 330
12 64 32 48 16 17 0 0.00 M M 11.4 26 150 M M M 33 150
13 62 30 46 14 19 0 0.00 M M 14.6 29 20 M M M 39 10
14 41 29 35 3 30 0 0.00 M M 15.9 28 360 M M M 35 360
15 60 19 40 7 25 0 0.00 M M 12.2 26 280 M M M 36 260
16 50 23 37 4 28 0 0.00 M M 17.8 32 330 M M M 43 330
17 38 12 25 -9 40 0 0.00 M M 14.2 24 340 M M M 40 340
18 65 10 38 4 27 0 0.00 M M 10.1 22 240 M M M 27 250
19 65 24 45 10 20 0 0.00 M M 9.4 26 30 M M M 33 30
20 30 18 24 -11 41 0 0.00 M M 10.2 22 120 M M M 29 120
21 33 16 25 -10 40 0 0.02 M M 13.7 20 90 M M M 18 80
22 25 17 21 -15 44 0 0.02 M M 9.9 20 20 M M M 25 20
23 25 18 22 -14 43 0 0.00 M M 13.3 26 130 M M M 35 130
24 25 18 22 -14 43 0 0.52 M M 18.6 26 30 M M M 33 40
25 19 3 11 -26 54 0 0.00 M M 20.0 30 30 M M M 36 20
26 18 -6 6 -31 59 0 0.00 M M 11.1 22 340 M M M 24 330
27 28 0 14 -24 51 0 0.00 M M 5.8 15 160 M M M 19 140
28 43 16 30 -8 35 0 0.00 M M 16.8 35 130 M M M 47 120
29 46 31 39 1 26 0 0.00 M M 14.9 29 330 M M M 37 350
30 34 29 32 -7 33 0 0.09 M M 6.7 14 10 M M M 17 360
31 32 28 30 -9 35 0 0.31 M M 12.7 21 80 M M M 26 90
================================================================================
SM 1331 610 1036 0 0.99 M 381.7 M M
================================================================================
AV 42.9 19.7 12.3 FASTST M M M MAX(MPH)
MISC ----> 40 290 55 290
================================================================================
NOTES:
# LAST OF SEVERAL OCCURRENCES
COLUMN 17 PEAK WIND IN M.P.H.
PRELIMINARY LOCAL CLIMATOLOGICAL DATA (WS FORM: F-6) , PAGE 2
STATION: FAITH SD
MONTH: MARCH
YEAR: 2024
LATITUDE: 45 1 N
LONGITUDE: 102 1 W
[TEMPERATURE DATA] [PRECIPITATION DATA] SYMBOLS USED IN COLUMN 16
AVERAGE MONTHLY: 31.3 TOTAL FOR MONTH: 0.99 1 = FOG OR MIST
DPTR FM NORMAL: -2.0 DPTR FM NORMAL: 0.29 2 = FOG REDUCING VISIBILITY
HIGHEST: 67 ON 10 GRTST 24HR 0.52 ON 24-24 TO 1/4 MILE OR LESS
LOWEST: -6 ON 26 3 = THUNDER
SNOW, ICE PELLETS, HAIL 4 = ICE PELLETS
TOTAL MONTH: M 5 = HAIL
GRTST 24HR M ON M 6 = FREEZING RAIN OR DRIZZLE
GRTST DEPTH: M ON M 7 = DUSTSTORM OR SANDSTORM:
VSBY 1/2 MILE OR LESS
8 = SMOKE OR HAZE
[NO. OF DAYS WITH] [WEATHER - DAYS WITH] 9 = BLOWING SNOW
X = TORNADO
MAX 32 OR BELOW: 9 0.01 INCH OR MORE: 8
MAX 90 OR ABOVE: 0 0.10 INCH OR MORE: 2
MIN 32 OR BELOW: 30 0.50 INCH OR MORE: 1
MIN 0 OR BELOW: 2 1.00 INCH OR MORE: 0
[HDD (BASE 65) ]
TOTAL THIS MO. 1036 CLEAR (SCALE 0-3) 0
DPTR FM NORMAL 52 PTCLDY (SCALE 4-7) 0
TOTAL FM JUL 1 4999 CLOUDY (SCALE 8-10) 31
DPTR FM NORMAL -1603
[CDD (BASE 65) ]
TOTAL THIS MO. 0
DPTR FM NORMAL 0 [PRESSURE DATA]
TOTAL FM JAN 1 0 HIGHEST SLP 30.48 ON 17
DPTR FM NORMAL 0 LOWEST SLP 29.36 ON 3
[REMARKS]
#FINAL-03-24#