000
CXUS52 KMLB 012053
CF6DAB
PRELIMINARY LOCAL CLIMATOLOGICAL DATA (WS FORM: F-6)
STATION: DAYTONA BEACH
MONTH: JANUARY
YEAR: 2024
LATITUDE: 29 10 N
LONGITUDE: 81 3 W
TEMPERATURE IN F: :PCPN: SNOW: WIND :SUNSHINE: SKY :PK WND
================================================================================
1 2 3 4 5 6A 6B 7 8 9 10 11 12 13 14 15 16 17 18
12Z AVG MX 2MIN
DY MAX MIN AVG DEP HDD CDD WTR SNW DPTH SPD SPD DIR MIN PSBL S-S WX SPD DR
================================================================================
1 71 42 57 -2 8 0 0.00 0.0 0 5.7 17 260 M M 3 1 23 240
2 61 45 53 -6 12 0 0.00 0.0 0 7.8 16 10 M M 3 21 20
3 67 46 57 -2 8 0 0.03 0.0 0 2.9 8 170 M M 8 1 14 100
4 60 48 54 -5 11 0 0.22 0.0 0 10.2 21 20 M M 4 1 27 10
5 70 45 58 -1 7 0 0.00 0.0 0 6.2 16 80 M M 3 22 60
6 80 63 72 13 0 7 0.14 0.0 0 11.6 21 200 M M 7 13 36 170
7 69 51 60 1 5 0 0.03 0.0 0 8.7 15 280 M M 5 1 21 280
8 68 50 59 0 6 0 0.03 0.0 0 8.7 16 40 M M 9 29 110
9 78 56 67 9 0 2 0.93 0.0 0 13.9 35 260 M M 8 13 43 160
10 62 46 54 -4 11 0 0.00 0.0 0 9.3 22 270 M M 3 32 270
11 62 44 53 -5 12 0 T 0.0 0 4.7 12 50 M M 6 15 40
12 77 58 68 10 0 3 0.65 0.0 0 6.4 18 210 M M 9 1 27 220
13 75 51 63 5 2 0 0.16 0.0 0 9.7 20 230 M M 10 1 28 280
14 61 49 55 -3 10 0 0.00 0.0 0 6.3 15 20 M M 7 24 340
15 74 48 61 3 4 0 0.36 0.0 0 2.6 9 70 M M 8 1 12 80
16 75 58 67 9 0 2 0.25 0.0 0 6.9 16 220 M M 9 123 24 210
17 58 40 49 -9 16 0 0.00 0.0 0 8.8 17 10 M M 6 23 310
18 69 42 56 -2 9 0 0.07 0.0 0 3.8 15 280 M M 7 1 19 270
19 75 52 64 6 1 0 0.00 0.0 0 7.4 21 260 M M 7 33 250
20 56 41 49 -9 16 0 0.00 0.0 0 9.5 16 10 M M 2 22 20
21 55 36 46 -13 19 0 T 0.0 0 12.9 23 10 M M 4 33 30
22 69 43 56 -3 9 0 T 0.0 0 6.2 18 80 M M 10 24 80
23 74 62 68 9 0 3 0.00 0.0 0 6.1 16 80 M M 8 22 80
24 77 64 71 12 0 6 T 0.0 0 5.4 14 150 M M 7 18 26 160
25 82 65 74 15 0 9 0.00 0.0 0 3.7 14 150 M M 4 1 21 140
26 80 63 72 13 0 7 0.00 0.0 0 3.6 13 160 M M 6 1 19 160
27 83 65 74 15 0 9 0.00 0.0 0 4.6 15 210 M M 6 12 23 210
28 75 52 64 5 1 0 0.00 0.0 0 12.1 21 270 M M 3 29 260
29 63 45 54 -5 11 0 0.00 0.0 0 6.9 17 320 M M 1 1 25 310
30 69 42 56 -3 9 0 0.00 0.0 0 4.3 12 260 M M 1 1 17 230
31 70 44 57 -3 8 0 0.00 0.0 0 10.5 23 270 M M 1 33 260
================================================================================
SM 2165 1556 195 48 2.87 0.0 227.4 M 175
================================================================================
AV 69.8 50.2 7.3 FASTST M M 6 MAX(MPH)
MISC ----> 35 260 43 160
================================================================================
NOTES:
# LAST OF SEVERAL OCCURRENCES
COLUMN 17 PEAK WIND IN M.P.H.
PRELIMINARY LOCAL CLIMATOLOGICAL DATA (WS FORM: F-6) , PAGE 2
STATION: DAYTONA BEACH
MONTH: JANUARY
YEAR: 2024
LATITUDE: 29 10 N
LONGITUDE: 81 3 W
[TEMPERATURE DATA] [PRECIPITATION DATA] SYMBOLS USED IN COLUMN 16
AVERAGE MONTHLY: 60.0 TOTAL FOR MONTH: 2.87 1 = FOG OR MIST
DPTR FM NORMAL: 1.2 DPTR FM NORMAL: 0.14 2 = FOG REDUCING VISIBILITY
HIGHEST: 83 ON 27 GRTST 24HR 0.93 ON 9-9 TO 1/4 MILE OR LESS
LOWEST: 36 ON 21 3 = THUNDER
SNOW, ICE PELLETS, HAIL 4 = ICE PELLETS
TOTAL MONTH: 0.0 INCH 5 = HAIL
GRTST 24HR 0.0 6 = FREEZING RAIN OR DRIZZLE
GRTST DEPTH: 0 7 = DUSTSTORM OR SANDSTORM:
VSBY 1/2 MILE OR LESS
8 = SMOKE OR HAZE
[NO. OF DAYS WITH] [WEATHER - DAYS WITH] 9 = BLOWING SNOW
X = TORNADO
MAX 32 OR BELOW: 0 0.01 INCH OR MORE: 11
MAX 90 OR ABOVE: 0 0.10 INCH OR MORE: 7
MIN 32 OR BELOW: 0 0.50 INCH OR MORE: 2
MIN 0 OR BELOW: 0 1.00 INCH OR MORE: 0
[HDD (BASE 65) ]
TOTAL THIS MO. 195 CLEAR (SCALE 0-3) 5
DPTR FM NORMAL -31 PTCLDY (SCALE 4-7) 20
TOTAL FM JUL 1 354 CLOUDY (SCALE 8-10) 6
DPTR FM NORMAL -106
[CDD (BASE 65) ]
TOTAL THIS MO. 48
DPTR FM NORMAL 16 [PRESSURE DATA]
TOTAL FM JAN 1 48 HIGHEST SLP M ON M
DPTR FM NORMAL 16 LOWEST SLP 29.63 ON 9
[REMARKS]
#FINAL-01-24#