000
CXUS55 KVEF 030120
CF6DAG
PRELIMINARY LOCAL CLIMATOLOGICAL DATA (WS FORM: F-6)
STATION: BARSTOW-DAGGETT CA
MONTH: OCTOBER
YEAR: 2022
LATITUDE: 34 51 N
LONGITUDE: 116 47 W
TEMPERATURE IN F: :PCPN: SNOW: WIND :SUNSHINE: SKY :PK WND
================================================================================
1 2 3 4 5 6A 6B 7 8 9 10 11 12 13 14 15 16 17 18
12Z AVG MX 2MIN
DY MAX MIN AVG DEP HDD CDD WTR SNW DPTH SPD SPD DIR MIN PSBL S-S WX SPD DR
================================================================================
1 94 63 79 4 0 14 0.00 0.0 0 8.5 23 300 M M 0 32 290
2 95 66 81 6 0 16 0.00 0.0 0 7.0 15 280 M M 0 18 300
3 95 68 82 8 0 17 0.00 0.0 0 8.2 15 300 M M 0 19 310
4 96 67 82 8 0 17 0.00 0.0 0 7.6 15 280 M M 0 18 280
5 97 68 83 10 0 18 0.00 0.0 0 8.6 17 260 M M 0 20 250
6 95 67 81 8 0 16 0.00 0.0 0 6.8 14 280 M M 0 17 260
7 94 66 80 8 0 15 0.00 0.0 0 5.6 14 80 M M 0 20 70
8 93 64 79 7 0 14 0.00 0.0 0 5.7 12 310 M M 0 16 130
9 92 63 78 6 0 13 0.00 0.0 0 5.7 16 180 M M 0 20 180
10 89 65 77 6 0 12 T 0.0 0 7.4 29 190 M M 1 39 180
11 92 65 79 8 0 14 0.00 0.0 0 8.3 18 210 M M 0 24 220
12 91 65 78 8 0 13 T 0.0 0 9.2 25 170 M M 1 3 33 180
13 91 63 77 7 0 12 0.00 0.0 0 7.7 14 270 M M 0 8 17 270
14 92 64 78 8 0 13 0.00 0.0 0 8.1 18 80 M M 0 26 100
15 88 63 76 7 0 11 0.15 0.0 0 8.3 41 90 M M 1 3 56 90
16 83 59 71 2 0 6 0.00 0.0 0 5.3 15 290 M M 0 18 290
17 86 58 72 4 0 7 0.00 0.0 0 4.0 13 60 M M 0 16 60
18 88 59 74 6 0 9 0.00 0.0 0 5.1 18 60 M M 0 23 50
19 88 56 72 4 0 7 0.00 0.0 0 3.6 12 50 M M 0 8 16 130
20 87 59 73 6 0 8 0.00 0.0 0 6.4 15 70 M M 0 22 70
21 89 60 75 8 0 10 0.00 0.0 0 6.4 20 230 M M 0 27 230
22 83 61 72 6 0 7 0.00 0.0 0 23.6 46 250 M M 1 56 240
23 68 54 61 -5 4 0 0.00 0.0 0 9.4 30 260 M M 0 41 250
24 67 46 57 -9 8 0 0.00 0.0 0 4.2 15 20 M M 0 24 20
25 75 42 59 -6 6 0 0.00 0.0 0 6.1 24 250 M M 0 31 260
26 79 53 66 1 0 1 0.00 0.0 0 15.7 28 290 M M 0 36 280
27 70 47 59 -5 6 0 0.00 0.0 0 6.8 15 70 M M 0 22 60
28 74 40 57 -7 8 0 0.00 0.0 0 4.5 16 80 M M 0 23 90
29 76 44 60 -4 5 0 0.00 0.0 0 6.2 14 280 M M 0 16 280
30 80 49 65 2 0 0 0.00 0.0 0 7.9 17 270 M M 0 21 270
31 78 49 64 1 1 0 0.00 0.0 0 6.0 16 280 M M 0 19 270
================================================================================
SM 2665 1813 38 270 0.15 0.0 233.9 M 4
================================================================================
AV 86.0 58.5 7.5 FASTST M M 0 MAX(MPH)
MISC ----> 46 250 # 56 90
================================================================================
NOTES:
# LAST OF SEVERAL OCCURRENCES
COLUMN 17 PEAK WIND IN M.P.H.
PRELIMINARY LOCAL CLIMATOLOGICAL DATA (WS FORM: F-6) , PAGE 2
STATION: BARSTOW-DAGGETT CA
MONTH: OCTOBER
YEAR: 2022
LATITUDE: 34 51 N
LONGITUDE: 116 47 W
[TEMPERATURE DATA] [PRECIPITATION DATA] SYMBOLS USED IN COLUMN 16
AVERAGE MONTHLY: 72.2 TOTAL FOR MONTH: 0.15 1 = FOG OR MIST
DPTR FM NORMAL: 3.4 DPTR FM NORMAL: -0.09 2 = FOG REDUCING VISIBILITY
HIGHEST: 97 ON 5 GRTST 24HR 0.15 ON 15-15 TO 1/4 MILE OR LESS
LOWEST: 40 ON 28 3 = THUNDER
SNOW, ICE PELLETS, HAIL 4 = ICE PELLETS
TOTAL MONTH: 0.0 INCH 5 = HAIL
GRTST 24HR 0.0 6 = FREEZING RAIN OR DRIZZLE
GRTST DEPTH: 0 7 = DUSTSTORM OR SANDSTORM:
VSBY 1/2 MILE OR LESS
8 = SMOKE OR HAZE
[NO. OF DAYS WITH] [WEATHER - DAYS WITH] 9 = BLOWING SNOW
X = TORNADO
MAX 32 OR BELOW: 0 0.01 INCH OR MORE: 1
MAX 90 OR ABOVE: 13 0.10 INCH OR MORE: 1
MIN 32 OR BELOW: 0 0.50 INCH OR MORE: 0
MIN 0 OR BELOW: 0 1.00 INCH OR MORE: 0
[HDD (BASE 65) ]
TOTAL THIS MO. 38 CLEAR (SCALE 0-3) 31
DPTR FM NORMAL -7 PTCLDY (SCALE 4-7) 0
TOTAL FM JUL 1 38 CLOUDY (SCALE 8-10) 0
DPTR FM NORMAL -7
[CDD (BASE 65) ]
TOTAL THIS MO. 270
DPTR FM NORMAL 107 [PRESSURE DATA]
TOTAL FM JAN 1 3589 HIGHEST SLP 30.24 ON 24
DPTR FM NORMAL 471 LOWEST SLP 29.49 ON 22
[REMARKS]
#FINAL-10-22#