000
CXUS55 KVEF 010910
CF6DAG
PRELIMINARY LOCAL CLIMATOLOGICAL DATA (WS FORM: F-6)
STATION: BARSTOW-DAGGETT CA
MONTH: JULY
YEAR: 2023
LATITUDE: 34 51 N
LONGITUDE: 116 47 W
TEMPERATURE IN F: :PCPN: SNOW: WIND :SUNSHINE: SKY :PK WND
================================================================================
1 2 3 4 5 6A 6B 7 8 9 10 11 12 13 14 15 16 17 18
12Z AVG MX 2MIN
DY MAX MIN AVG DEP HDD CDD WTR SNW DPTH SPD SPD DIR MIN PSBL S-S WX SPD DR
================================================================================
1 110 78 94 6 0 29 0.00 0.0 0 9.8 20 250 M M 0 26 240
2 112 80 96 8 0 31 0.00 0.0 0 12.8 28 250 M M 0 35 260
3 110 79 95 7 0 30 0.00 0.0 0 17.5 35 270 M M 0 47 280
4 102 75 89 1 0 24 0.00 0.0 0 18.0 26 250 M M 0 38 260
5 104 72 88 -1 0 23 0.00 0.0 0 11.8 23 260 M M 0 30 280
6 103 71 87 -2 0 22 0.00 0.0 0 15.6 26 250 M M 0 34 250
7 102 71 87 -2 0 22 0.00 0.0 0 16.5 25 270 M M 0 33 290
8 102 70 86 -3 0 21 0.00 0.0 0 11.6 24 260 M M 0 29 250
9 101 69 85 -4 0 20 0.00 0.0 0 15.0 28 260 M M 0 37 260
10 103 68 86 -3 0 21 0.00 0.0 0 9.8 21 300 M M 0 28 300
11 107 75 91 1 0 26 0.00 0.0 0 15.2 30 280 M M 0 37 250
12 105 78 92 2 0 27 0.00 0.0 0 16.9 29 270 M M 0 37 280
13 108 82 95 5 0 30 0.00 0.0 0 17.7 26 270 M M 0 37 280
14 110 72 91 1 0 26 0.00 0.0 0 9.1 20 280 M M 0 26 280
15 116 78 97 7 0 32 0.00 0.0 0 9.8 16 270 M M 0 21 40
16 117 83 100 10 0 35 0.00 0.0 0 10.5 20 240 M M 0 25 240
17 114 86 100 10 0 35 0.00 0.0 0 11.3 25 260 M M 0 31 260
18 109 83 96 6 0 31 0.00 0.0 0 15.0 30 240 M M 0 36 240
19 111 83 97 7 0 32 0.00 0.0 0 15.2 25 260 M M 0 33 240
20 112 82 97 7 0 32 0.00 0.0 0 13.5 24 270 M M 0 31 260
21 113 79 96 6 0 31 0.00 0.0 0 12.5 24 250 M M 0 31 240
22 115 79 97 7 0 32 0.00 0.0 0 10.8 22 250 M M 0 27 230
23 107 83 95 5 0 30 0.00 0.0 0 11.3 31 170 M M 1 39 180
24 110 86 98 8 0 33 0.00 0.0 0 11.3 23 240 M M 0 31 250
25 110 80 95 5 0 30 0.00 0.0 0 11.0 31 160 M M 0 3 40 160
26 112 81 97 7 0 32 0.00 0.0 0 15.2 32 260 M M 0 42 260
27 112 80 96 6 0 31 0.00 0.0 0 14.8 25 270 M M 0 35 260
28 112 79 96 6 0 31 0.00 0.0 0 13.0 25 270 M M 0 38 250
29 111 83 97 7 0 32 0.00 0.0 0 13.0 25 270 M M 0 32 280
30 110 79 95 5 0 30 0.00 0.0 0 10.6 21 260 M M 0 3 27 280
31 99 80 90 0 0 25 T 0.0 0 8.5 18 280 M M 0 3 23 270
================================================================================
SM 3369 2424 0 886 T 0.0 404.6 M 1
================================================================================
AV108.7 78.2 13.1 FASTST M M 0 MAX(MPH)
MISC ----> 35 270 47 280
================================================================================
NOTES:
# LAST OF SEVERAL OCCURRENCES
COLUMN 17 PEAK WIND IN M.P.H.
PRELIMINARY LOCAL CLIMATOLOGICAL DATA (WS FORM: F-6) , PAGE 2
STATION: BARSTOW-DAGGETT CA
MONTH: JULY
YEAR: 2023
LATITUDE: 34 51 N
LONGITUDE: 116 47 W
[TEMPERATURE DATA] [PRECIPITATION DATA] SYMBOLS USED IN COLUMN 16
AVERAGE MONTHLY: 93.4 TOTAL FOR MONTH: T 1 = FOG OR MIST
DPTR FM NORMAL: 3.8 DPTR FM NORMAL: -0.28 2 = FOG REDUCING VISIBILITY
HIGHEST: 117 ON 16 GRTST 24HR T ON 31-31 TO 1/4 MILE OR LESS
LOWEST: 68 ON 10 3 = THUNDER
SNOW, ICE PELLETS, HAIL 4 = ICE PELLETS
TOTAL MONTH: 0.0 INCH 5 = HAIL
GRTST 24HR 0.0 6 = FREEZING RAIN OR DRIZZLE
GRTST DEPTH: 0 7 = DUSTSTORM OR SANDSTORM:
VSBY 1/2 MILE OR LESS
8 = SMOKE OR HAZE
[NO. OF DAYS WITH] [WEATHER - DAYS WITH] 9 = BLOWING SNOW
X = TORNADO
MAX 32 OR BELOW: 0 0.01 INCH OR MORE: 0
MAX 90 OR ABOVE: 31 0.10 INCH OR MORE: 0
MIN 32 OR BELOW: 0 0.50 INCH OR MORE: 0
MIN 0 OR BELOW: 0 1.00 INCH OR MORE: 0
[HDD (BASE 65) ]
TOTAL THIS MO. 0 CLEAR (SCALE 0-3) 31
DPTR FM NORMAL 0 PTCLDY (SCALE 4-7) 0
TOTAL FM JUL 1 0 CLOUDY (SCALE 8-10) 0
DPTR FM NORMAL 0
[CDD (BASE 65) ]
TOTAL THIS MO. 886
DPTR FM NORMAL 124 [PRESSURE DATA]
TOTAL FM JAN 1 1747 HIGHEST SLP M ON M
DPTR FM NORMAL 5 LOWEST SLP 29.58 ON 7
[REMARKS]
#FINAL-07-23#