743
CXUS51 KRNK 010706 CCA
CF6DAN
PRELIMINARY LOCAL CLIMATOLOGICAL DATA (WS FORM: F-6)...CORRECTED
STATION: DANVILLE VA
MONTH: JULY
YEAR: 2020
LATITUDE: 36 34 N
LONGITUDE: 79 20 W
TEMPERATURE IN F: :PCPN: SNOW: WIND :SUNSHINE: SKY :PK WND
================================================================================
1 2 3 4 5 6A 6B 7 8 9 10 11 12 13 14 15 16 17 18
12Z AVG MX 2MIN
DY MAX MIN AVG DEP HDD CDD WTR SNW DPTH SPD SPD DIR MIN PSBL S-S WX SPD DR
================================================================================
1 90 68 79 1 0 14 0.91 0.0 0 2.7 14 50 M M 2 13 18 40
2 88 68 78 0 0 13 0.27 0.0 0 4.9 15 40 M M 2 13 19 60
3 92 65 79 1 0 14 0.00 0.0 0 1.7 7 240 M M 0 10 10
4 93 69 81 3 0 16 0.00 0.0 0 2.2 8 60 M M 1 17 30
5 92 69 81 3 0 16 0.00 0.0 0 2.3 8 150 M M 1 1 13 140
6 90 69 80 2 0 15 0.00 0.0 0 3.2 9 220 M M 0 1 14 170
7 90 68 79 1 0 14 0.00 0.0 0 1.9 7 170 M M 1 12 150
8 88 71 80 2 0 15 0.46 0.0 0 3.7 15 40 M M 5 13 22 70
9 88 73 81 3 0 16 0.13 0.0 0 5.0 13 40 M M 6 3 16 40
10 91 70 81 3 0 16 1.15 0.0 0 M M M M M M 13 M M
11 90 68 79 1 0 14 0.00 0.0 0 M M M M M M M M
12 89 63 76 -2 0 11 T 0.0 0 3.2 9 220 M M 2 14 210
13 90 69 80 2 0 15 T 0.0 0 2.4 10 320 M M 2 3 13 320
14 91 67 79 1 0 14 0.00 0.0 0 2.6 12 30 M M 0 15 30
15 93 66 80 2 0 15 0.00 0.0 0 2.4 8 60 M M 0 11 90
16 88 72 80 2 0 15 0.15 0.0 0 1.4 12 150 M M 4 1 18 140
17 93 71 82 4 0 17 0.81 0.0 0 3.1 23 350 M M 3 13 39 20
18 94 71 83 5 0 18 0.00 0.0 0 2.9 12 230 M M 0 1 15 210
19 94 71 83 5 0 18 0.00 0.0 0 4.5 10 220 M M 0 14 230
20 95 73 84 6 0 19 0.00 0.0 0 3.8 10 240 M M 0 14 240
21 95 72 84 6 0 19 0.00 0.0 0 5.8 22 250 M M 1 3 27 250
22 94 71 83 5 0 18 T 0.0 0 4.9 14 230 M M 1 3 18 240
23 92 72 82 4 0 17 0.07 0.0 0 3.5 17 210 M M 3 3 26 210
24 88 72 80 2 0 15 T 0.0 0 6.1 13 250 M M 3 3 16 250
25 94 70 82 4 0 17 0.00 0.0 0 1.7 8 100 M M 2 1 11 110
26 94 70 82 4 0 17 0.00 0.0 0 3.7 12 230 M M 0 1 16 220
27 95 72 84 6 0 19 0.00 0.0 0 5.2 13 240 M M 1 17 250
28 93 72 83 5 0 18 0.45 0.0 0 3.9 28 330 M M 1 13 34 330
29 93 72 83 5 0 18 0.00 0.0 0 4.0 10 30 M M 1 15 160
30 93 70 82 4 0 17 0.00 0.0 0 3.5 13 230 M M 2 1 18 200
31 93 72 83 5 0 18 1.34 0.0 0 6.3 17 10 M M 6 13 24 290
================================================================================
SM 2843 2166 0 498 5.74 0.0 102.5 M 50
================================================================================
AV 91.7 69.9 3.5 FASTST M M 2 MAX(MPH)
MISC ----> 28 330 39 20
================================================================================
NOTES:
# LAST OF SEVERAL OCCURRENCES
COLUMN 17 PEAK WIND IN M.P.H.
PRELIMINARY LOCAL CLIMATOLOGICAL DATA (WS FORM: F-6) , PAGE 2
STATION: DANVILLE VA
MONTH: JULY
YEAR: 2020
LATITUDE: 36 34 N
LONGITUDE: 79 20 W
[TEMPERATURE DATA] [PRECIPITATION DATA] SYMBOLS USED IN COLUMN 16
AVERAGE MONTHLY: 80.8 TOTAL FOR MONTH: 5.74 1 = FOG OR MIST
DPTR FM NORMAL: 2.5 DPTR FM NORMAL: 1.15 2 = FOG REDUCING VISIBILITY
HIGHEST: 95 ON 27,21 GRTST 24HR 1.34 ON 31-31 TO 1/4 MILE OR LESS
LOWEST: 63 ON 12 3 = THUNDER
SNOW, ICE PELLETS, HAIL 4 = ICE PELLETS
TOTAL MONTH: 0.0 INCH 5 = HAIL
GRTST 24HR 0.0 6 = FREEZING RAIN OR DRIZZLE
GRTST DEPTH: 0 7 = DUSTSTORM OR SANDSTORM:
VSBY 1/2 MILE OR LESS
8 = SMOKE OR HAZE
[NO. OF DAYS WITH] [WEATHER - DAYS WITH] 9 = BLOWING SNOW
X = TORNADO
MAX 32 OR BELOW: 0 0.01 INCH OR MORE: 10
MAX 90 OR ABOVE: 25 0.10 INCH OR MORE: 9
MIN 32 OR BELOW: 0 0.50 INCH OR MORE: 4
MIN 0 OR BELOW: 0 1.00 INCH OR MORE: 2
[HDD (BASE 65) ]
TOTAL THIS MO. 0 CLEAR (SCALE 0-3) 25
DPTR FM NORMAL 0 PTCLDY (SCALE 4-7) 4
TOTAL FM JUL 1 0 CLOUDY (SCALE 8-10) 0
DPTR FM NORMAL 0 MISSING 2
[CDD (BASE 65) ]
TOTAL THIS MO. 498
DPTR FM NORMAL 86 [PRESSURE DATA]
TOTAL FM JAN 1 931 HIGHEST SLP M ON M
DPTR FM NORMAL 78 LOWEST SLP 29.74 ON 12
[REMARKS]
#FINAL-07-20#