000
CXUS51 KRNK 010800
CLSDAN
CLIMATE REPORT
NATIONAL WEATHER SERVICE BLACKSBURG, VA
300 AM EST TUE MAR 01 2022
...................................
...THE DANVILLE VA CLIMATE SUMMARY FOR THE SEASON, FROM
12/1/2021 TO 2/28/2022...
CLIMATE NORMAL PERIOD: 1991 TO 2020
CLIMATE RECORD PERIOD: 1916 TO 2022
WEATHER OBSERVED NORMAL DEPART LAST YEAR`S
VALUE DATE(S) VALUE FROM VALUE
NORMAL
..............................................................
TEMPERATURE (F)
RECORD
HIGH 85 02/27/1977
LOW -5 01/21/1985
HIGHEST 79 01/01 70
LOWEST 11 01/22 18
AVG. MAXIMUM 55.1 51.1 4.0 49.6
AVG. MINIMUM 30.2 29.6 0.6 29.9
MEAN 42.7 40.3 2.4 39.8
DAYS MAX >= 90 0 0.0 0.0 0
DAYS MAX <= 32 2 3.3 -1.3 0
DAYS MIN <= 32 63 59.1 3.9 63
DAYS MIN <= 0 0 0.1 -0.1 0
PRECIPITATION (INCHES)
RECORD
MAXIMUM 18.47 1997
MINIMUM 5.01 2011
TOTALS 6.64 9.20 -2.56 12.44
DAYS >= .01 19 27.7 -8.7 33
DAYS >= .10 14 17.6 -3.6 24
DAYS >= .50 3 5.7 -2.7 9
DAYS >= 1.00 1 1.8 -0.8 4
GREATEST
24 HR. TOTAL 1.66 1.73
SNOWFALL (INCHES)
TOTALS 9.0 6.1 2.9 5.8
DAYS >= TRACE 10 12
DAYS >= 1.0 2 1
GREATEST
24 HR TOTAL 4.6 3.8
DEGREE DAYS
HEATING TOTAL 1974 2224 -250 2249
COOLING TOTAL 6 1 5 0
..............................................................
WIND (MPH)
AVERAGE WIND SPEED 5.2
RESULTANT WIND SPEED/DIRECTION 1/280
HIGHEST WIND SPEED/DIRECTION 31/040 DATE 01/03
HIGHEST GUST SPEED/DIRECTION 44/030 DATE 01/03
SKY COVER
AVERAGE SKY COVER 0.37
AVERAGE RH (PERCENT) 63
WEATHER CONDITIONS. NUMBER OF DAYS WITH
THUNDERSTORM 0 MIXED PRECIP 1
HEAVY RAIN 5 RAIN 11
LIGHT RAIN 27 FREEZING RAIN 0
LT FREEZING RAIN 2 HAIL 0
HEAVY SNOW 0 SNOW 2
LIGHT SNOW 9 SLEET 2
FOG 30 FOG W/VIS <= 1/4 MILE 7
HAZE 0
- INDICATES NEGATIVE NUMBERS.
R INDICATES RECORD WAS SET OR TIED.
MM INDICATES DATA IS MISSING.
T INDICATES TRACE AMOUNT.
$$
PW