000
CXUS51 KRNK 010803
CLSDAN
CLIMATE REPORT
NATIONAL WEATHER SERVICE BLACKSBURG, VA
403 AM EDT WED SEP 01 2021
...................................
...THE DANVILLE VA CLIMATE SUMMARY FOR THE SEASON, FROM
6/1/2021 TO 8/31/2021...
CLIMATE NORMAL PERIOD: 1991 TO 2020
CLIMATE RECORD PERIOD: 1916 TO 2021
WEATHER OBSERVED NORMAL DEPART LAST YEAR`S
VALUE DATE(S) VALUE FROM VALUE
NORMAL
..............................................................
TEMPERATURE (F)
RECORD
HIGH 107 08/31/1932
08/06/1918
LOW 40 06/11/1977
HIGHEST 97 08/12 95
08/25
LOWEST 48 06/01 52
AVG. MAXIMUM 88.8 87.1 1.7 87.4
AVG. MINIMUM 66.2 65.2 1.0 67.5
MEAN 77.5 76.1 1.4 77.5
DAYS MAX >= 90 42 35.5 6.5 41
DAYS MAX <= 32 0 0.0 0.0 0
DAYS MIN <= 32 0 0.0 0.0 0
DAYS MIN <= 0 0 0.0 0.0 0
PRECIPITATION (INCHES)
RECORD
MAXIMUM 22.94 1995
MINIMUM 6.76 2007
TOTALS 9.05 12.33 -3.28 15.13
DAYS >= .01 26 34.9 -8.9 36
DAYS >= .10 19 21.3 -2.3 28
DAYS >= .50 5 9.0 -4.0 10
DAYS >= 1.00 2 3.3 -1.3 4
GREATEST
24 HR. TOTAL 2.76 2.03
SNOWFALL (INCHES)
TOTALS 0.0 0.0
DAYS >= TRACE 0 0
DAYS >= 1.0 0 0
GREATEST
24 HR TOTAL 0.0 0.0
DEGREE DAYS
HEATING TOTAL 0 5 -5 12
COOLING TOTAL 1184 1030 154 1186
..............................................................
WIND (MPH)
AVERAGE WIND SPEED 4.0
RESULTANT WIND SPEED/DIRECTION 1/220
HIGHEST WIND SPEED/DIRECTION 26/240 DATE 06/07
HIGHEST GUST SPEED/DIRECTION 36/310 DATE 08/13
SKY COVER
AVERAGE SKY COVER 0.26
AVERAGE RH (PERCENT) 69
WEATHER CONDITIONS. NUMBER OF DAYS WITH
THUNDERSTORM 26 MIXED PRECIP 0
HEAVY RAIN 14 RAIN 17
LIGHT RAIN 37 FREEZING RAIN 0
LT FREEZING RAIN 0 HAIL 0
HEAVY SNOW 0 SNOW 0
LIGHT SNOW 0 SLEET 0
FOG 40 FOG W/VIS <= 1/4 MILE 3
HAZE 1
- INDICATES NEGATIVE NUMBERS.
R INDICATES RECORD WAS SET OR TIED.
MM INDICATES DATA IS MISSING.
T INDICATES TRACE AMOUNT.
$$
RAB