000
CXUS55 KDVN 011000
CF6DBQ
PRELIMINARY LOCAL CLIMATOLOGICAL DATA (WS FORM: F-6)
STATION: DUBUQUE IA
MONTH: MARCH
YEAR: 2023
LATITUDE: 42 24 N
LONGITUDE: 90 42 W
TEMPERATURE IN F: :PCPN: SNOW: WIND :SUNSHINE: SKY :PK WND
================================================================================
1 2 3 4 5 6A 6B 7 8 9 10 11 12 13 14 15 16 17 18
12Z AVG MX 2MIN
DY MAX MIN AVG DEP HDD CDD WTR SNW DPTH SPD SPD DIR MIN PSBL S-S WX SPD DR
================================================================================
1 52 33 43 15 22 0 0.00 0.0 0 12.4 29 270 M M 7 18 38 250
2 40 29 35 6 30 0 0.00 0.0 0 6.6 20 330 M M 7 26 320
3 40 25 33 4 32 0 0.00 0.0 0 9.4 20 30 M M 1 1 25 30
4 44 24 34 4 31 0 0.02 0.0 0 5.1 14 280 M M 4 1 19 280
5 45 27 36 6 29 0 0.17 0.0 0 12.1 23 100 M M 5 13 33 130
6 43 34 39 8 26 0 0.00 0.0 0 11.9 22 340 M M 9 12 30 340
7 45 33 39 8 26 0 0.00 0.0 0 12.6 22 90 M M 6 28 10
8 43 32 38 6 27 0 0.00 0.0 0 12.8 22 120 M M 6 29 130
9 37 29 33 1 32 0 0.37 4.8 0 12.9 21 60 M M 10 12 34 120
10 33 28 31 -2 34 0 0.01 0.3 5 10.6 20 350 M M 10 1 23 360
11 33 30 32 -1 33 0 0.13 1.2 3 10.4 17 110 M M 10 12 25 120
12 33 26 30 -4 35 0 0.02 0.1 5 13.7 22 270 M M 10 1 29 280
13 31 24 28 -6 37 0 T T 4 13.8 22 360 M M 10 1 30 290
14 34 11 23 -11 42 0 0.00 0.0 3 5.0 13 160 M M 1 16 160
15 50 27 39 4 26 0 0.00 0.0 1 15.6 24 170 M M 3 33 170
16 45 30 38 3 27 0 0.30 0.4 0 15.1 32 310 M M 9 1 40 310
17 30 10 20 -16 45 0 T T T 21.5 31 300 M M 8 43 280
18 23 8 16 -20 49 0 T T T 17.1 26 290 M M 7 8 34 280
19 37 11 24 -13 41 0 0.00 0.0 0 12.7 21 220 M M 0 28 210
20 51 27 39 2 26 0 0.00 0.0 0 13.9 23 220 M M 2 31 220
21 56 33 45 7 20 0 0.00 0.0 0 11.5 20 140 M M 4 27 170
22 52 36 44 6 21 0 0.00 0.0 0 9.9 18 360 M M 9 12 23 360
23 46 31 39 1 26 0 0.02 T 0 10.4 20 10 M M 6 16 26 20
24 49 27 38 -1 27 0 0.00 0.0 0 10.9 20 70 M M 1 29 60
25 48 30 39 0 26 0 0.33 4.2 4 11.3 20 300 M M 6 1 27 290
26 40 26 33 -7 32 0 0.20 1.6 0 7.5 21 40 M M 9 12 26 50
27 50 26 38 -2 27 0 0.00 0.0 2 6.0 13 40 M M 1 16 20
28 46 27 37 -3 28 0 0.00 0.0 0 9.6 21 280 M M 1 29 280
29 40 24 32 -9 33 0 0.00 0.0 0 9.7 21 340 M M 2 26 320
30 56 24 40 -1 25 0 T 0.0 0 13.6 26 170 M M 7 35 180
31 69 36 53 11 12 0 0.14 0.0 0 20.6 46 270 M M 7 13 68 250
================================================================================
SM 1341 818 927 0 1.71 12.6 366.2 M 178
================================================================================
AV 43.3 26.4 11.8 FASTST M M 6 MAX(MPH)
MISC ----> 46 270 68 250
================================================================================
NOTES:
# LAST OF SEVERAL OCCURRENCES
COLUMN 17 PEAK WIND IN M.P.H.
PRELIMINARY LOCAL CLIMATOLOGICAL DATA (WS FORM: F-6) , PAGE 2
STATION: DUBUQUE IA
MONTH: MARCH
YEAR: 2023
LATITUDE: 42 24 N
LONGITUDE: 90 42 W
[TEMPERATURE DATA] [PRECIPITATION DATA] SYMBOLS USED IN COLUMN 16
AVERAGE MONTHLY: 34.8 TOTAL FOR MONTH: 1.71 1 = FOG OR MIST
DPTR FM NORMAL: -0.4 DPTR FM NORMAL: -0.54 2 = FOG REDUCING VISIBILITY
HIGHEST: 69 ON 31 GRTST 24HR 0.37 ON 9- 9 TO 1/4 MILE OR LESS
LOWEST: 8 ON 18 3 = THUNDER
SNOW, ICE PELLETS, HAIL 4 = ICE PELLETS
TOTAL MONTH: 12.6 INCHES 5 = HAIL
GRTST 24HR 4.8 ON 9- 9 6 = FREEZING RAIN OR DRIZZLE
GRTST DEPTH: 5 ON 12,10 7 = DUSTSTORM OR SANDSTORM:
VSBY 1/2 MILE OR LESS
8 = SMOKE OR HAZE
[NO. OF DAYS WITH] [WEATHER - DAYS WITH] 9 = BLOWING SNOW
X = TORNADO
MAX 32 OR BELOW: 3 0.01 INCH OR MORE: 11
MAX 90 OR ABOVE: 0 0.10 INCH OR MORE: 7
MIN 32 OR BELOW: 25 0.50 INCH OR MORE: 0
MIN 0 OR BELOW: 0 1.00 INCH OR MORE: 0
[HDD (BASE 65) ]
TOTAL THIS MO. 927 CLEAR (SCALE 0-3) 9
DPTR FM NORMAL 3 PTCLDY (SCALE 4-7) 13
TOTAL FM JUL 1 5885 CLOUDY (SCALE 8-10) 9
DPTR FM NORMAL -405
[CDD (BASE 65) ]
TOTAL THIS MO. 0
DPTR FM NORMAL 0 [PRESSURE DATA]
TOTAL FM JAN 1 0 HIGHEST SLP 30.50 ON 8
DPTR FM NORMAL 0 LOWEST SLP 29.14 ON 31
[REMARKS]
#FINAL-03-23#