000
CXUS55 KDVN 011100
CF6DBQ
PRELIMINARY LOCAL CLIMATOLOGICAL DATA (WS FORM: F-6)
STATION: DUBUQUE IA
MONTH: JANUARY
YEAR: 2022
LATITUDE: 42 24 N
LONGITUDE: 90 42 W
TEMPERATURE IN F: :PCPN: SNOW: WIND :SUNSHINE: SKY :PK WND
================================================================================
1 2 3 4 5 6A 6B 7 8 9 10 11 12 13 14 15 16 17 18
12Z AVG MX 2MIN
DY MAX MIN AVG DEP HDD CDD WTR SNW DPTH SPD SPD DIR MIN PSBL S-S WX SPD DR
================================================================================
1 27 9 18 -2 47 0 0.21 4.3 3 16.2 23 20 M M 10 18 29 20
2 9 -5 2 -18 63 0 T 0.3 7 8.5 20 360 M M 3 18 25 360
3 17 -7 5 -15 60 0 0.00 0.0 7 12.1 20 190 M M 0 18 24 190
4 28 17 23 3 42 0 0.00 0.0 6 16.1 24 160 M M 1 37 200
5 28 2 15 -5 50 0 T 0.2 6 24.6 36 270 M M 8 189 48 280
6 4 -9 -2 -21 67 0 0.00 0.0 4 11.4 17 290 M M 2 8 22 300
7 7 -13 -3 -22 68 0 0.00 0.0 4 8.1 22 160 M M 1 8 27 150
8 27 7 17 -2 48 0 T 0.0 4 15.6 26 160 M M 8 168 33 160
9 29 4 17 -2 48 0 0.00 0.0 4 15.7 28 330 M M 2 18 40 320
10 11 0 6 -13 59 0 0.00 0.0 4 6.4 20 330 M M 4 8 26 350
11 37 1 19 0 46 0 0.00 0.0 4 15.3 30 180 M M 0 8 39 190
12 40 27 34 15 31 0 0.00 0.0 4 4.7 15 300 M M 3 19 290
13 41 25 33 14 32 0 0.00 0.0 3 5.0 15 350 M M 3 18 20 340
14 34 15 25 7 40 0 0.10 1.5 2 14.3 26 60 M M 10 18 37 60
15 19 4 12 -6 53 0 0.02 0.4 4 12.7 26 40 M M 3 18 38 30
16 21 0 11 -7 54 0 T T 4 9.2 23 330 M M 7 1 27 340
17 27 14 21 3 44 0 0.00 0.0 4 10.4 22 340 M M 7 30 340
18 37 19 28 10 37 0 0.00 0.0 3 16.1 25 170 M M 4 33 170
19 30 1 16 -2 49 0 0.00 0.0 2 17.0 28 320 M M 0 8 36 310
20 5 -10 -2 -20 67 0 0.00 0.0 2 7.2 18 350 M M 0 8 22 350
21 14 -10 2 -16 63 0 T T 2 9.6 23 190 M M 1 30 210
22 23 14 19 1 46 0 0.03 0.4 3 13.8 26 280 M M 7 18 33 280
23 15 6 11 -7 54 0 0.06 1.4 5 10.9 22 360 M M 5 18 28 360
24 21 1 11 -7 54 0 0.08 1.0 6 12.7 21 340 M M 7 18 30 360
25 4 -11 -3 -21 68 0 0.00 0.0 5 8.6 16 320 M M 0 21 310
26 14 -18 -2 -20 67 0 0.00 0.0 5 11.7 24 200 M M 0 8 29 200
27 33 14 24 6 41 0 T T 5 14.3 23 330 M M 8 28 200
28 17 2 10 -9 55 0 0.00 0.0 4 7.3 15 30 M M 2 8 19 20
29 23 3 13 -6 52 0 0.00 0.0 4 9.6 21 160 M M 2 26 170
30 25 10 18 -1 47 0 0.00 0.0 4 9.6 22 340 M M 4 1 28 340
31 31 5 18 -1 47 0 0.00 0.0 4 14.1 25 160 M M 2 128 33 160
================================================================================
SM 698 117 1599 0 0.50 9.5 368.8 M 114
================================================================================
AV 22.5 3.8 11.9 FASTST M M 4 MAX(MPH)
MISC ----> 36 270 48 280
================================================================================
NOTES:
# LAST OF SEVERAL OCCURRENCES
COLUMN 17 PEAK WIND IN M.P.H.
PRELIMINARY LOCAL CLIMATOLOGICAL DATA (WS FORM: F-6) , PAGE 2
STATION: DUBUQUE IA
MONTH: JANUARY
YEAR: 2022
LATITUDE: 42 24 N
LONGITUDE: 90 42 W
[TEMPERATURE DATA] [PRECIPITATION DATA] SYMBOLS USED IN COLUMN 16
AVERAGE MONTHLY: 13.1 TOTAL FOR MONTH: 0.50 1 = FOG OR MIST
DPTR FM NORMAL: -5.7 DPTR FM NORMAL: -0.82 2 = FOG REDUCING VISIBILITY
HIGHEST: 41 ON 13 GRTST 24HR 0.26 ON 1- 1 TO 1/4 MILE OR LESS
LOWEST: -18 ON 26 3 = THUNDER
SNOW, ICE PELLETS, HAIL 4 = ICE PELLETS
TOTAL MONTH: 9.5 INCHES 5 = HAIL
GRTST 24HR 4.3 ON 1- 1 6 = FREEZING RAIN OR DRIZZLE
GRTST DEPTH: 7 ON 3, 2 7 = DUSTSTORM OR SANDSTORM:
VSBY 1/2 MILE OR LESS
8 = SMOKE OR HAZE
[NO. OF DAYS WITH] [WEATHER - DAYS WITH] 9 = BLOWING SNOW
X = TORNADO
MAX 32 OR BELOW: 25 0.01 INCH OR MORE: 6
MAX 90 OR ABOVE: 0 0.10 INCH OR MORE: 2
MIN 32 OR BELOW: 31 0.50 INCH OR MORE: 0
MIN 0 OR BELOW: 10 1.00 INCH OR MORE: 0
[HDD (BASE 65) ]
TOTAL THIS MO. 1599 CLEAR (SCALE 0-3) 16
DPTR FM NORMAL 167 PTCLDY (SCALE 4-7) 11
TOTAL FM JUL 1 3797 CLOUDY (SCALE 8-10) 4
DPTR FM NORMAL -391
[CDD (BASE 65) ]
TOTAL THIS MO. 0
DPTR FM NORMAL 0 [PRESSURE DATA]
TOTAL FM JAN 1 0 HIGHEST SLP 30.72 ON 20
DPTR FM NORMAL 0 LOWEST SLP 29.48 ON 4
[REMARKS]
#FINAL-01-22#