000
CXUS55 KDVN 011100
CF6DBQ
PRELIMINARY LOCAL CLIMATOLOGICAL DATA (WS FORM: F-6)
STATION: DUBUQUE IA
MONTH: JANUARY
YEAR: 2024
LATITUDE: 42 24 N
LONGITUDE: 90 42 W
TEMPERATURE IN F: :PCPN: SNOW: WIND :SUNSHINE: SKY :PK WND
================================================================================
1 2 3 4 5 6A 6B 7 8 9 10 11 12 13 14 15 16 17 18
12Z AVG MX 2MIN
DY MAX MIN AVG DEP HDD CDD WTR SNW DPTH SPD SPD DIR MIN PSBL S-S WX SPD DR
================================================================================
1 30 18 24 4 41 0 0.00 0.0 3 9.5 17 240 M M 10 21 240
2 32 18 25 5 40 0 0.00 0.0 3 10.4 18 220 M M 7 1 25 220
3 33 30 32 12 33 0 0.00 0.0 3 8.2 15 330 M M 10 18 330
4 31 18 25 5 40 0 0.00 0.0 3 3.7 12 240 M M 8 15 250
5 32 17 25 5 40 0 0.00 0.0 2 6.0 13 180 M M 2 1 16 170
6 31 28 30 11 35 0 0.01 T 2 4.2 12 130 M M 10 18 16 120
7 31 22 27 8 38 0 0.00 0.0 2 7.9 16 260 M M 10 18 21 260
8 33 22 28 9 37 0 0.04 1.1 2 12.5 20 70 M M 7 1 28 70
9 32 31 32 13 33 0 1.34 11.5 5 18.3 28 340 M M 10 12 42 360
10 31 22 27 8 38 0 0.17 2.0 13 11.9 20 170 M M 10 1 24 150
11 26 13 20 1 45 0 0.03 0.5 14 7.0 15 40 M M 7 1 19 280
12 31 22 27 8 38 0 0.98 9.2 14 19.9 31 340 M M 10 129 41 330
13 22 -8 7 -12 58 0 0.01 0.4 18 20.9 29 280 M M 9 189 37 280
14 -6 -16 -11 -29 76 0 0.00 0.0 15 15.5 30 280 M M 5 189 38 290
15 -2 -17 -9 -27 74 0 0.00 0.0 15 10.4 21 260 M M 0 18 26 260
16 0 -13 -6 -24 71 0 0.00 0.0 15 13.8 25 250 M M 0 31 240
17 16 -5 6 -12 59 0 0.00 0.0 14 9.7 16 210 M M 5 8 20 220
18 17 8 13 -5 52 0 0.07 0.9 13 9.2 18 360 M M 10 18 26 350
19 8 -2 3 -15 62 0 T T 14 12.3 18 340 M M 4 18 23 340
20 13 -9 2 -16 63 0 0.00 0.0 14 6.9 14 20 M M 0 8 19 360
21 22 -10 6 -12 59 0 0.00 0.0 14 14.0 24 160 M M 3 33 150
22 32 22 27 9 38 0 T T 14 12.9 23 190 M M 8 16 29 190
23 34 31 33 15 32 0 0.26 0.9 13 6.9 14 40 M M 10 126 18 40
24 37 32 35 17 30 0 0.01 0.0 12 5.5 10 90 M M 10 126 13 90
25 37 33 35 17 30 0 0.13 0.0 11 4.4 12 30 M M 10 12 14 30
26 37 34 36 18 29 0 0.25 0.0 9 4.9 15 360 M M 10 12 17 360
27 37 32 35 17 30 0 T 0.0 8 8.2 17 360 M M 10 12 23 360
28 32 30 31 12 34 0 0.00 0.0 7 9.2 18 10 M M 10 12 22 10
29 37 28 33 14 32 0 0.00 0.0 7 10.2 17 200 M M 7 12 21 200
30 38 34 36 17 29 0 0.00 0.0 5 10.1 17 330 M M 10 22 320
31 42 31 37 18 28 0 0.00 0.0 5 11.6 17 220 M M 6 12 21 240
================================================================================
SM 826 496 1344 0 3.30 26.5 316.1 M 228
================================================================================
AV 26.6 16.0 10.2 FASTST M M 7 MAX(MPH)
MISC ----> 31 340 42 360
================================================================================
NOTES:
# LAST OF SEVERAL OCCURRENCES
COLUMN 17 PEAK WIND IN M.P.H.
PRELIMINARY LOCAL CLIMATOLOGICAL DATA (WS FORM: F-6) , PAGE 2
STATION: DUBUQUE IA
MONTH: JANUARY
YEAR: 2024
LATITUDE: 42 24 N
LONGITUDE: 90 42 W
[TEMPERATURE DATA] [PRECIPITATION DATA] SYMBOLS USED IN COLUMN 16
AVERAGE MONTHLY: 21.3 TOTAL FOR MONTH: 3.30 1 = FOG OR MIST
DPTR FM NORMAL: 2.5 DPTR FM NORMAL: 1.98 2 = FOG REDUCING VISIBILITY
HIGHEST: 42 ON 31 GRTST 24HR 1.34 ON 9- 9 TO 1/4 MILE OR LESS
LOWEST: -17 ON 15 3 = THUNDER
SNOW, ICE PELLETS, HAIL 4 = ICE PELLETS
TOTAL MONTH: 26.7 INCHES 5 = HAIL
GRTST 24HR 11.5 ON 9- 9 6 = FREEZING RAIN OR DRIZZLE
GRTST DEPTH: 18 ON 13 7 = DUSTSTORM OR SANDSTORM:
VSBY 1/2 MILE OR LESS
8 = SMOKE OR HAZE
[NO. OF DAYS WITH] [WEATHER - DAYS WITH] 9 = BLOWING SNOW
X = TORNADO
MAX 32 OR BELOW: 21 0.01 INCH OR MORE: 12
MAX 90 OR ABOVE: 0 0.10 INCH OR MORE: 6
MIN 32 OR BELOW: 28 0.50 INCH OR MORE: 2
MIN 0 OR BELOW: 8 1.00 INCH OR MORE: 1
[HDD (BASE 65) ]
TOTAL THIS MO. 1344 CLEAR (SCALE 0-3) 5
DPTR FM NORMAL -88 PTCLDY (SCALE 4-7) 9
TOTAL FM JUL 1 3546 CLOUDY (SCALE 8-10) 17
DPTR FM NORMAL -642
[CDD (BASE 65) ]
TOTAL THIS MO. 0
DPTR FM NORMAL 0 [PRESSURE DATA]
TOTAL FM JAN 1 0 HIGHEST SLP 30.68 ON 20
DPTR FM NORMAL 0 LOWEST SLP 29.11 ON 9
[REMARKS]
#FINAL-01-24#