000
CXUS55 KDVN 011000
CF6DBQ
PRELIMINARY LOCAL CLIMATOLOGICAL DATA (WS FORM: F-6)
STATION: DUBUQUE IA
MONTH: SEPTEMBER
YEAR: 2021
LATITUDE: 42 24 N
LONGITUDE: 90 42 W
TEMPERATURE IN F: :PCPN: SNOW: WIND :SUNSHINE: SKY :PK WND
================================================================================
1 2 3 4 5 6A 6B 7 8 9 10 11 12 13 14 15 16 17 18
12Z AVG MX 2MIN
DY MAX MIN AVG DEP HDD CDD WTR SNW DPTH SPD SPD DIR MIN PSBL S-S WX SPD DR
================================================================================
1 77 57 67 0 0 2 0.00 0.0 0 7.6 15 40 M M 0 21 50
2 74 53 64 -3 1 0 0.00 0.0 0 5.4 12 140 M M 0 17 150
3 65 61 63 -4 2 0 0.32 0.0 0 10.9 18 160 M M 8 1 28 160
4 71 55 63 -3 2 0 0.00 0.0 0 5.8 15 330 M M 7 12 21 330
5 79 51 65 -1 0 0 0.00 0.0 0 7.6 18 250 M M 1 1 24 240
6 80 53 67 1 0 2 0.00 0.0 0 2.6 9 240 M M 0 12 180
7 80 56 68 2 0 3 T 0.0 0 11.7 22 330 M M 1 29 320
8 74 51 63 -2 2 0 0.00 0.0 0 9.6 25 300 M M 2 34 330
9 75 54 65 0 0 0 0.00 0.0 0 4.7 13 320 M M 1 17 320
10 78 51 65 1 0 0 0.00 0.0 0 6.1 16 190 M M 0 22 160
11 85 56 71 7 0 6 0.00 0.0 0 7.0 14 220 M M 0 19 210
12 79 65 72 8 0 7 0.00 0.0 0 8.8 17 50 M M 4 23 40
13 83 63 73 9 0 8 0.00 0.0 0 8.3 17 200 M M 2 22 160
14 73 57 65 2 0 0 0.00 0.0 0 9.7 18 300 M M 1 27 340
15 77 50 64 1 1 0 0.00 0.0 0 3.6 10 140 M M 0 15 140
16 82 52 67 5 0 2 0.00 0.0 0 10.9 21 190 M M 0 34 180
17 80 55 68 6 0 3 0.04 0.0 0 9.0 18 350 M M 1 8 26 350
18 80 52 66 4 0 1 0.00 0.0 0 6.6 15 130 M M 0 23 130
19 88 61 75 14 0 10 0.00 0.0 0 8.5 16 170 M M 0 24 210
20 84 61 73 12 0 8 0.94 0.0 0 13.4 25 190 M M 6 13 36 160
21 69 53 61 1 4 0 0.00 0.0 0 11.7 22 330 M M 2 29 330
22 67 47 57 -3 8 0 0.00 0.0 0 8.7 18 10 M M 2 25 40
23 69 45 57 -3 8 0 0.00 0.0 0 6.3 17 320 M M 0 24 310
24 77 44 61 2 4 0 T 0.0 0 12.0 26 300 M M 2 35 300
25 68 43 56 -3 9 0 0.00 0.0 0 8.1 22 260 M M 2 30 240
26 82 48 65 7 0 0 0.00 0.0 0 10.7 21 220 M M 0 28 220
27 85 54 70 12 0 5 0.00 0.0 0 6.4 12 60 M M 0 17 60
28 79 50 65 7 0 0 0.00 0.0 0 6.8 14 110 M M 0 21 130
29 85 57 71 14 0 6 0.00 0.0 0 7.0 13 100 M M 0 19 140
30 85 61 73 16 0 8 0.00 0.0 0 6.0 16 100 M M 1 23 120
================================================================================
SM 2330 1616 41 71 1.30 0.0 241.5 M 43
================================================================================
AV 77.7 53.9 8.0 FASTST M M 1 MAX(MPH)
MISC ----> 26 300 36 160
================================================================================
NOTES:
# LAST OF SEVERAL OCCURRENCES
COLUMN 17 PEAK WIND IN M.P.H.
PRELIMINARY LOCAL CLIMATOLOGICAL DATA (WS FORM: F-6) , PAGE 2
STATION: DUBUQUE IA
MONTH: SEPTEMBER
YEAR: 2021
LATITUDE: 42 24 N
LONGITUDE: 90 42 W
[TEMPERATURE DATA] [PRECIPITATION DATA] SYMBOLS USED IN COLUMN 16
AVERAGE MONTHLY: 65.8 TOTAL FOR MONTH: 1.30 1 = FOG OR MIST
DPTR FM NORMAL: 3.5 DPTR FM NORMAL: -2.52 2 = FOG REDUCING VISIBILITY
HIGHEST: 88 ON 19 GRTST 24HR 0.94 ON 20-20 TO 1/4 MILE OR LESS
LOWEST: 43 ON 25 3 = THUNDER
SNOW, ICE PELLETS, HAIL 4 = ICE PELLETS
TOTAL MONTH: 0.0 INCH 5 = HAIL
GRTST 24HR 0.0 6 = FREEZING RAIN OR DRIZZLE
GRTST DEPTH: 0 7 = DUSTSTORM OR SANDSTORM:
VSBY 1/2 MILE OR LESS
8 = SMOKE OR HAZE
[NO. OF DAYS WITH] [WEATHER - DAYS WITH] 9 = BLOWING SNOW
X = TORNADO
MAX 32 OR BELOW: 0 0.01 INCH OR MORE: 3
MAX 90 OR ABOVE: 0 0.10 INCH OR MORE: 2
MIN 32 OR BELOW: 0 0.50 INCH OR MORE: 1
MIN 0 OR BELOW: 0 1.00 INCH OR MORE: 0
[HDD (BASE 65) ]
TOTAL THIS MO. 41 CLEAR (SCALE 0-3) 26
DPTR FM NORMAL -101 PTCLDY (SCALE 4-7) 3
TOTAL FM JUL 1 41 CLOUDY (SCALE 8-10) 1
DPTR FM NORMAL -128
[CDD (BASE 65) ]
TOTAL THIS MO. 71
DPTR FM NORMAL 8 [PRESSURE DATA]
TOTAL FM JAN 1 846 HIGHEST SLP 30.29 ON 22
DPTR FM NORMAL 216 LOWEST SLP 29.68 ON 7
[REMARKS]
#FINAL-09-21#