000
CXUS55 KDVN 011000
CF6DBQ
PRELIMINARY LOCAL CLIMATOLOGICAL DATA (WS FORM: F-6)
STATION: DUBUQUE IA
MONTH: JULY
YEAR: 2021
LATITUDE: 42 24 N
LONGITUDE: 90 42 W
TEMPERATURE IN F: :PCPN: SNOW: WIND :SUNSHINE: SKY :PK WND
================================================================================
1 2 3 4 5 6A 6B 7 8 9 10 11 12 13 14 15 16 17 18
12Z AVG MX 2MIN
DY MAX MIN AVG DEP HDD CDD WTR SNW DPTH SPD SPD DIR MIN PSBL S-S WX SPD DR
================================================================================
1 83 65 74 2 0 9 0.00 0.0 0 7.2 14 30 M M 1 18 20
2 79 59 69 -3 0 4 0.00 0.0 0 3.7 9 40 M M 1 14 40
3 83 57 70 -2 0 5 0.00 0.0 0 4.5 12 270 M M 0 16 250
4 87 63 75 3 0 10 0.00 0.0 0 8.3 17 210 M M 0 1 23 200
5 89 68 79 7 0 14 0.00 0.0 0 10.8 23 250 M M 1 32 250
6 88 70 79 7 0 14 0.00 0.0 0 9.6 17 200 M M 3 24 210
7 80 63 72 0 0 7 0.20 0.0 0 6.6 16 20 M M 6 13 22 330
8 71 59 65 -7 0 0 0.00 0.0 0 6.9 12 340 M M 9 1 15 30
9 72 59 66 -6 0 1 0.03 0.0 0 6.1 13 130 M M 8 1 18 140
10 73 61 67 -5 0 2 0.03 0.0 0 8.7 16 60 M M 6 1 24 50
11 77 62 70 -2 0 5 T 0.0 0 10.0 23 70 M M 6 8 32 70
12 72 62 67 -5 0 2 0.02 0.0 0 7.3 13 40 M M 10 18 18 40
13 83 64 74 2 0 9 0.00 0.0 0 5.5 14 260 M M 6 18 20 270
14 78 65 72 0 0 7 1.19 0.0 0 10.2 39 240 M M 4 13 54 260
15 79 65 72 0 0 7 0.00 0.0 0 7.1 18 220 M M 6 18 25 230
16 79 61 70 -2 0 5 0.00 0.0 0 5.4 14 90 M M 2 128 20 90
17 81 57 69 -3 0 4 0.00 0.0 0 3.9 15 30 M M 1 12 20 30
18 82 59 71 -1 0 6 0.00 0.0 0 4.7 13 80 M M 1 1 18 60
19 84 59 72 0 0 7 0.00 0.0 0 2.7 9 290 M M 1 1 13 70
20 86 58 72 0 0 7 0.00 0.0 0 4.8 13 340 M M 0 19 350
21 76 66 71 -1 0 6 0.00 0.0 0 5.5 10 70 M M 3 18 16 120
22 85 67 76 4 0 11 0.00 0.0 0 7.2 14 190 M M 5 18 20 210
23 87 69 78 6 0 13 0.00 0.0 0 8.4 15 200 M M 1 18 24 250
24 89 66 78 6 0 13 0.00 0.0 0 8.7 18 270 M M 1 18 25 260
25 86 61 74 2 0 9 0.00 0.0 0 4.9 14 280 M M 0 18 260
26 87 57 72 0 0 7 0.00 0.0 0 3.9 13 250 M M 0 17 240
27 88 62 75 3 0 10 0.00 0.0 0 6.8 25 170 M M 0 36 180
28 89 70 80 8 0 15 0.11 0.0 0 6.0 13 230 M M 4 13 17 210
29 88 67 78 6 0 13 1.62 0.0 0 10.0 35 30 M M 7 138 48 20
30 70 61 66 -5 0 1 0.03 0.0 0 5.0 14 80 M M 5 1 18 60
31 79 62 71 0 0 6 0.00 0.0 0 4.9 14 270 M M 6 18 18 290
================================================================================
SM 2530 1944 0 229 3.23 0.0 205.3 M 104
================================================================================
AV 81.6 62.7 6.6 FASTST M M 3 MAX(MPH)
MISC ----> 39 240 54 260
================================================================================
NOTES:
# LAST OF SEVERAL OCCURRENCES
COLUMN 17 PEAK WIND IN M.P.H.
PRELIMINARY LOCAL CLIMATOLOGICAL DATA (WS FORM: F-6) , PAGE 2
STATION: DUBUQUE IA
MONTH: JULY
YEAR: 2021
LATITUDE: 42 24 N
LONGITUDE: 90 42 W
[TEMPERATURE DATA] [PRECIPITATION DATA] SYMBOLS USED IN COLUMN 16
AVERAGE MONTHLY: 72.2 TOTAL FOR MONTH: 3.23 1 = FOG OR MIST
DPTR FM NORMAL: 0.5 DPTR FM NORMAL: -1.57 2 = FOG REDUCING VISIBILITY
HIGHEST: 89 ON 28,24 GRTST 24HR 1.62 ON 29-29 TO 1/4 MILE OR LESS
LOWEST: 57 ON 26,17 3 = THUNDER
SNOW, ICE PELLETS, HAIL 4 = ICE PELLETS
TOTAL MONTH: 0.0 INCH 5 = HAIL
GRTST 24HR 0.0 6 = FREEZING RAIN OR DRIZZLE
GRTST DEPTH: 0 7 = DUSTSTORM OR SANDSTORM:
VSBY 1/2 MILE OR LESS
8 = SMOKE OR HAZE
[NO. OF DAYS WITH] [WEATHER - DAYS WITH] 9 = BLOWING SNOW
X = TORNADO
MAX 32 OR BELOW: 0 0.01 INCH OR MORE: 8
MAX 90 OR ABOVE: 0 0.10 INCH OR MORE: 4
MIN 32 OR BELOW: 0 0.50 INCH OR MORE: 2
MIN 0 OR BELOW: 0 1.00 INCH OR MORE: 2
[HDD (BASE 65) ]
TOTAL THIS MO. 0 CLEAR (SCALE 0-3) 15
DPTR FM NORMAL -8 PTCLDY (SCALE 4-7) 14
TOTAL FM JUL 1 0 CLOUDY (SCALE 8-10) 2
DPTR FM NORMAL 0
[CDD (BASE 65) ]
TOTAL THIS MO. 229
DPTR FM NORMAL 12 [PRESSURE DATA]
TOTAL FM JAN 1 541 HIGHEST SLP 30.25 ON 18
DPTR FM NORMAL 140 LOWEST SLP 29.85 ON 24
[REMARKS]
#FINAL-07-21#