000
CXUS55 KDVN 011404
CF6DBQ
PRELIMINARY LOCAL CLIMATOLOGICAL DATA (WS FORM: F-6)
STATION: DUBUQUE IA
MONTH: OCTOBER
YEAR: 2020
LATITUDE: 42 24 N
LONGITUDE: 90 42 W
TEMPERATURE IN F: :PCPN: SNOW: WIND :SUNSHINE: SKY :PK WND
================================================================================
1 2 3 4 5 6A 6B 7 8 9 10 11 12 13 14 15 16 17 18
12Z AVG MX 2MIN
DY MAX MIN AVG DEP HDD CDD WTR SNW DPTH SPD SPD DIR MIN PSBL S-S WX SPD DR
================================================================================
1 57 42 50 -6 15 0 0.01 0.0 0 11.2 25 330 M M 7 18 34 320
2 55 36 46 -9 19 0 0.00 0.0 0 4.4 13 350 M M 4 15 340
3 54 39 47 -8 18 0 0.01 0.0 0 5.8 14 360 M M 9 8 16 360
4 54 33 44 -10 21 0 0.00 0.0 0 6.1 18 350 M M 0 24 360
5 63 34 49 -5 16 0 0.00 0.0 0 14.3 29 190 M M 0 38 170
6 74 43 59 5 6 0 0.00 0.0 0 11.0 20 270 M M 0 29 330
7 73 45 59 6 6 0 0.00 0.0 0 7.1 20 330 M M 0 26 340
8 70 42 56 3 9 0 0.00 0.0 0 7.4 17 150 M M 0 24 140
9 80 52 66 14 0 1 0.00 0.0 0 15.5 28 200 M M 0 36 200
10 75 51 63 11 2 0 0.00 0.0 0 8.6 20 20 M M 0 18 26 10
11 75 50 63 11 2 0 0.00 0.0 0 11.1 20 130 M M 2 29 160
12 64 40 52 1 13 0 0.03 0.0 0 12.6 30 310 M M 4 1 38 310
13 69 36 53 2 12 0 0.00 0.0 0 9.9 26 300 M M 1 38 280
14 72 37 55 4 10 0 0.00 0.0 0 15.7 30 230 M M 1 40 170
15 52 30 41 -9 24 0 0.00 0.0 0 12.1 25 300 M M 1 32 300
16 52 27 40 -10 25 0 T T 0 9.3 28 290 M M 2 43 260
17 61 36 49 -1 16 0 T 0.0 0 16.5 37 200 M M 8 53 200
18 50 33 42 -7 23 0 0.17 0.4 T 9.5 23 330 M M 6 1 28 340
19 36 31 34 -15 31 0 0.03 0.3 0 7.1 14 40 M M 9 1 19 20
20 47 30 39 -10 26 0 0.08 0.0 T 8.3 18 120 M M 8 18 24 280
21 53 39 46 -2 19 0 0.14 0.0 0 7.6 20 290 M M 8 1 24 290
22 56 42 49 1 16 0 1.42 0.0 0 11.0 24 350 M M 10 123 32 350
23 42 35 39 -9 26 0 1.17 0.0 0 15.2 23 340 M M 10 13 34 330
24 42 33 38 -9 27 0 0.00 0.0 0 4.7 13 50 M M 7 17 50
25 37 30 34 -13 31 0 0.02 0.3 0 12.3 17 10 M M 8 1 23 10
26 34 27 31 -15 34 0 0.01 0.1 T 9.7 17 340 M M 10 1 22 340
27 39 24 32 -14 33 0 0.00 0.0 0 6.9 14 240 M M 4 17 260
28 49 24 37 -9 28 0 0.00 0.0 0 9.2 16 220 M M 0 22 210
29 44 32 38 -7 27 0 0.00 0.0 0 12.2 25 20 M M 8 34 30
30 45 27 36 -9 29 0 0.00 0.0 0 6.2 13 140 M M 3 24 100
31 61 31 46 2 19 0 0.00 0.0 0 19.2 33 320 M M 2 46 300
================================================================================
SM 1735 1111 583 1 3.09 1.1 317.7 M 132
================================================================================
AV 56.0 35.8 10.2 FASTST M M 4 MAX(MPH)
MISC ----> 37 200 53 200
================================================================================
NOTES:
# LAST OF SEVERAL OCCURRENCES
COLUMN 17 PEAK WIND IN M.P.H.
PRELIMINARY LOCAL CLIMATOLOGICAL DATA (WS FORM: F-6) , PAGE 2
STATION: DUBUQUE IA
MONTH: OCTOBER
YEAR: 2020
LATITUDE: 42 24 N
LONGITUDE: 90 42 W
[TEMPERATURE DATA] [PRECIPITATION DATA] SYMBOLS USED IN COLUMN 16
AVERAGE MONTHLY: 45.9 TOTAL FOR MONTH: 3.09 1 = FOG OR MIST
DPTR FM NORMAL: -4.1 DPTR FM NORMAL: 0.43 2 = FOG REDUCING VISIBILITY
HIGHEST: 80 ON 9 GRTST 24HR 1.63 ON 22-23 TO 1/4 MILE OR LESS
LOWEST: 24 ON 28,27 3 = THUNDER
SNOW, ICE PELLETS, HAIL 4 = ICE PELLETS
TOTAL MONTH: 1.1 INCHES 5 = HAIL
GRTST 24HR 0.4 ON 18-18 6 = FREEZING RAIN OR DRIZZLE
GRTST DEPTH: T 7 = DUSTSTORM OR SANDSTORM:
VSBY 1/2 MILE OR LESS
8 = SMOKE OR HAZE
[NO. OF DAYS WITH] [WEATHER - DAYS WITH] 9 = BLOWING SNOW
X = TORNADO
MAX 32 OR BELOW: 0 0.01 INCH OR MORE: 11
MAX 90 OR ABOVE: 0 0.10 INCH OR MORE: 4
MIN 32 OR BELOW: 11 0.50 INCH OR MORE: 2
MIN 0 OR BELOW: 0 1.00 INCH OR MORE: 2
[HDD (BASE 65) ]
TOTAL THIS MO. 583 CLEAR (SCALE 0-3) 15
DPTR FM NORMAL 112 PTCLDY (SCALE 4-7) 10
TOTAL FM JUL 1 746 CLOUDY (SCALE 8-10) 6
DPTR FM NORMAL 97
[CDD (BASE 65) ]
TOTAL THIS MO. 1
DPTR FM NORMAL -5 [PRESSURE DATA]
TOTAL FM JAN 1 754 HIGHEST SLP 30.40 ON 27
DPTR FM NORMAL 111 LOWEST SLP 29.49 ON 14
[REMARKS]
#FINAL-10-20#
NOTE: SUPPLEMENTAL CLIMATE DATA WAS USED FROM A
NEARBY CLIMATOLOGICALLY REPRESENTATIVE STATION.
PARAMETER DATE
--------- ----
SNW ALL OBSERVED SNW ABOVE