000
CXUS54 KHUN 010810
CF6DCU
PRELIMINARY LOCAL CLIMATOLOGICAL DATA (WS FORM: F-6)
STATION: DECATUR
MONTH: MAY
YEAR: 2021
LATITUDE: 34 39 N
LONGITUDE: 86 56 W
TEMPERATURE IN F: :PCPN: SNOW: WIND :SUNSHINE: SKY :PK WND
================================================================================
1 2 3 4 5 6A 6B 7 8 9 10 11 12 13 14 15 16 17 18
12Z AVG MX 2MIN
DY MAX MIN AVG DEP HDD CDD WTR SNW DPTH SPD SPD DIR MIN PSBL S-S WX SPD DR
================================================================================
1 80 51 66 0 0 1 0.00 0.0 0 3.5 13 60 M M 0 18 60
2 78 55 67 1 0 2 0.08 0.0 0 8.4 23 180 M M 6 1 27 180
3 85 68 77 11 0 12 0.03 0.0 0 11.5 22 190 M M 7 8 26 200
4 75 62 69 2 0 4 2.16 0.0 0 8.6 29 270 M M 7 13 37 270
5 70 50 60 -7 5 0 T 0.0 0 7.9 17 340 M M 6 21 340
6 71 46 59 -8 6 0 0.04 0.0 0 5.6 38 320 M M 1 1 48 330
7 68 47 58 -10 7 0 0.00 0.0 0 6.2 17 300 M M 0 30 290
8 72 51 62 -6 3 0 0.01 0.0 0 5.1 12 170 M M 5 15 170
9 79 61 70 2 0 5 1.40 0.0 0 11.9 25 340 M M 4 13 33 200
10 63 52 58 -10 7 0 T 0.0 0 6.9 14 360 M M 10 1 17 10
11 71 51 61 -8 4 0 0.01 0.0 0 5.8 17 20 M M 8 22 20
12 71 52 62 -7 3 0 0.06 0.0 0 10.3 18 360 M M 6 24 30
13 72 50 61 -8 4 0 0.00 0.0 0 5.1 14 10 M M 3 18 10
14 73 44 59 -10 6 0 0.00 0.0 0 2.5 14 250 M M 0 17 250
15 79 46 63 -7 2 0 0.00 0.0 0 3.8 14 190 M M 1 19 180
16 81 52 67 -3 0 2 0.00 0.0 0 5.6 15 170 M M 1 20 180
17 80 55 68 -2 0 3 T 0.0 0 6.9 18 150 M M 1 24 170
18 76 67 72 2 0 7 0.01 0.0 0 8.6 18 130 M M 7 22 140
19 84 68 76 5 0 11 0.00 0.0 0 10.0 23 140 M M 2 30 140
20 85 63 74 3 0 9 0.00 0.0 0 10.0 25 150 M M 1 32 140
21 86 62 74 3 0 9 0.00 0.0 0 9.0 24 160 M M 0 31 160
22 89 60 75 3 0 10 0.00 0.0 0 2.7 10 140 M M 0 16 130
23 89 59 74 2 0 9 0.00 0.0 0 1.9 10 240 M M 1 18 14 240
24 92 60 76 4 0 11 0.00 0.0 0 1.9 10 270 M M 1 1 14 270
25 91 64 78 6 0 13 0.00 0.0 0 5.0 15 210 M M 1 8 20 220
26 86 65 76 3 0 11 0.31 0.0 0 5.6 26 200 M M 4 1 33 190
27 84 68 76 3 0 11 0.00 0.0 0 4.3 13 230 M M 5 1 17 180
28 80 63 72 -1 0 7 0.63 0.0 0 10.6 22 350 M M 4 1 27 340
29 64 54 59 -14 6 0 0.00 0.0 0 10.4 16 10 M M 7 22 330
30 75 53 64 -10 1 0 0.00 0.0 0 8.1 15 20 M M 4 21 10
31 81 50 66 -8 0 1 0.00 0.0 0 4.0 14 170 M M 1 18 170
================================================================================
SM 2430 1749 54 138 4.74 0.0 207.7 M 104
================================================================================
AV 78.4 56.4 6.7 FASTST M M 3 MAX(MPH)
MISC ----> 38 320 48 330
================================================================================
NOTES:
# LAST OF SEVERAL OCCURRENCES
COLUMN 17 PEAK WIND IN M.P.H.
PRELIMINARY LOCAL CLIMATOLOGICAL DATA (WS FORM: F-6) , PAGE 2
STATION: DECATUR
MONTH: MAY
YEAR: 2021
LATITUDE: 34 39 N
LONGITUDE: 86 56 W
[TEMPERATURE DATA] [PRECIPITATION DATA] SYMBOLS USED IN COLUMN 16
AVERAGE MONTHLY: 67.4 TOTAL FOR MONTH: 4.74 1 = FOG OR MIST
DPTR FM NORMAL: -2.5 DPTR FM NORMAL: 0.59 2 = FOG REDUCING VISIBILITY
HIGHEST: 92 ON 24 GRTST 24HR 2.16 ON 4- 4 TO 1/4 MILE OR LESS
LOWEST: 44 ON 14 3 = THUNDER
SNOW, ICE PELLETS, HAIL 4 = ICE PELLETS
TOTAL MONTH: 0.0 INCH 5 = HAIL
GRTST 24HR 0.0 6 = FREEZING RAIN OR DRIZZLE
GRTST DEPTH: 0 7 = DUSTSTORM OR SANDSTORM:
VSBY 1/2 MILE OR LESS
8 = SMOKE OR HAZE
[NO. OF DAYS WITH] [WEATHER - DAYS WITH] 9 = BLOWING SNOW
X = TORNADO
MAX 32 OR BELOW: 0 0.01 INCH OR MORE: 11
MAX 90 OR ABOVE: 2 0.10 INCH OR MORE: 4
MIN 32 OR BELOW: 0 0.50 INCH OR MORE: 3
MIN 0 OR BELOW: 0 1.00 INCH OR MORE: 2
[HDD (BASE 65) ]
TOTAL THIS MO. 54 CLEAR (SCALE 0-3) 16
DPTR FM NORMAL 22 PTCLDY (SCALE 4-7) 14
TOTAL FM JUL 1 3116 CLOUDY (SCALE 8-10) 1
DPTR FM NORMAL 0
[CDD (BASE 65) ]
TOTAL THIS MO. 138
DPTR FM NORMAL -47 [PRESSURE DATA]
TOTAL FM JAN 1 178 HIGHEST SLP M ON M
DPTR FM NORMAL -73 LOWEST SLP 29.69 ON 3
[REMARKS]
#FINAL-05-21#