000
CXUS51 KALY 040702
CLADDH
CLIMATE REPORT...CORRECTED
NATIONAL WEATHER SERVICE ALBANY NY
202 AM EST WED JAN 04 2023
...................................
...THE BENNINGTON VT CLIMATE SUMMARY FOR THE YEAR OF 2022...
CLIMATE NORMAL PERIOD: 1991 TO 2020
CLIMATE RECORD PERIOD: 9999 TO 9999
WEATHER OBSERVED NORMAL DEPART LAST YEAR`S
VALUE DATE(S) VALUE FROM VALUE DATE(S)
NORMAL
................................................................
TEMPERATURE (F)
HIGHEST 95 07/20 91 06/28
08/04
06/29
LOWEST -12 01/30 -14 01/30
AVG. MAXIMUM 59.5 57.5 2.0 58.5
AVG. MINIMUM 36.2 35.8 0.4 38.2
MEAN 47.9 46.7 1.2 48.4
DAYS MAX >= 90 14 3.3 10.7 2
DAYS MAX <= 32 48 46.2 1.8 47
DAYS MIN <= 32 147 151.8 -4.8 141
DAYS MIN <= 0 14 11.1 2.9 6
PRECIPITATION (INCHES)
TOTALS 35.80 38.58 -2.78 45.13
DAILY AVG. 0.10 0.12
DAYS >= .01 142 150
DAYS >= .10 78 90
DAYS >= .50 19 32
DAYS >= 1.00 8 10
GREATEST
24 HR. TOTAL 1.71
DEGREE DAYS
HEATING TOTAL 6606 7019 -413 6434
SINCE 7/1 2397 2640 -243 2254
COOLING TOTAL 539 371 168 514
SINCE 1/1 539 371 168 514
................................................................
WIND (MPH)
AVERAGE WIND SPEED 4.9
HIGHEST WIND SPEED/DIRECTION 43/190 DATE 02/18
HIGHEST GUST SPEED/DIRECTION 61/190 DATE 02/18
WEATHER CONDITIONS. NUMBER OF DAYS WITH
THUNDERSTORM 21 MIXED PRECIP 0
HEAVY RAIN 29 RAIN 52
LIGHT RAIN 131 FREEZING RAIN 3
LT FREEZING RAIN 4 HAIL 0
HEAVY SNOW 6 SNOW 17
LIGHT SNOW 49 SLEET 0
FOG 164 FOG W/VIS <= 1/4 MILE 41
HAZE 68
- INDICATES NEGATIVE NUMBERS.
R INDICATES RECORD WAS SET OR TIED.
MM INDICATES DATA IS MISSING.
T INDICATES TRACE AMOUNT.
$$