000
CXUS53 KARX 010900
CF6DEH
PRELIMINARY LOCAL CLIMATOLOGICAL DATA (WS FORM: F-6)
STATION: DECORAH IA
MONTH: OCTOBER
YEAR: 2022
LATITUDE: 43 16 N
LONGITUDE: 91 44 W
TEMPERATURE IN F: :PCPN: SNOW: WIND :SUNSHINE: SKY :PK WND
================================================================================
1 2 3 4 5 6A 6B 7 8 9 10 11 12 13 14 15 16 17 18
12Z AVG MX 2MIN
DY MAX MIN AVG DEP HDD CDD WTR SNW DPTH SPD SPD DIR MIN PSBL S-S WX SPD DR
================================================================================
1 66 46 56 M 9 0 0.00 0.0 0 2.0 6 80 M M 5 13 99
2 70 50 60 M 5 0 0.00 0.0 0 3.6 8 99 M M 4 16 100
3 70 50 60 M 5 0 0.00 0.0 0 5.3 8 180 M M 3 14 99
4 72 48 60 M 5 0 0.00 0.0 0 5.2 9 170 M M 2 15 170
5 70 52 61 M 4 0 0.01 0.0 0 2.9 7 99 M M 7 18 220
6 61 41 51 M 14 0 0.00 0.0 0 8.4 18 330 M M 5 28 330
7 50 34 42 M 23 0 0.00 0.0 0 5.6 10 350 M M 7 15 40
8 59 32 46 M 19 0 0.00 0.0 0 5.0 13 250 M M 2 22 250
9 68 41 55 M 10 0 0.00 0.0 0 4.5 10 330 M M 4 16 340
10 72 36 54 M 11 0 0.00 0.0 0 4.7 9 150 M M 3 1 18 200
11 73 50 62 M 3 0 0.00 0.0 0 11.1 17 180 M M 6 29 200
12 64 41 53 M 12 0 0.07 0.0 0 8.8 16 180 M M 7 28 190
13 43 36 40 M 25 0 T T 0 5.6 15 300 M M 10 24 300
14 43 28 36 M 29 0 T T 0 5.5 14 320 M M 7 23 320
15 61 28 45 M 20 0 0.00 0.0 0 5.6 12 260 M M 2 22 240
16 46 36 41 M 24 0 0.00 0.0 0 9.1 21 330 M M 9 32 320
17 37 28 33 M 32 0 0.00 0.0 0 16.6 21 330 M M 9 30 340
18 45 23 34 M 31 0 0.00 0.0 0 11.5 17 340 M M 2 25 320
19 45 21 33 M 32 0 0.00 0.0 0 5.6 12 310 M M 1 20 300
20 63 34 49 M 16 0 0.00 0.0 0 3.4 7 99 M M 2 12 310
21 77 46 62 M 3 0 0.00 0.0 0 4.8 12 180 M M 3 20 180
22 81 48 65 M 0 0 0.00 0.0 0 10.0 15 150 M M 1 24 180
23 75 57 66 M 0 1 0.08 0.0 0 14.2 24 160 M M 4 32 160
24 66 43 55 M 10 0 1.13 0.0 0 10.5 18 170 M M 9 1 31 150
25 45 36 41 M 24 0 0.00 0.0 0 6.2 17 330 M M 3 21 340
26 50 32 41 M 24 0 0.00 0.0 0 4.3 10 310 M M 2 20 99
27 52 36 44 M 21 0 0.00 0.0 0 5.0 10 150 M M 7 20 150
28 57 36 47 M 18 0 0.00 0.0 0 3.9 8 150 M M 1 1 12 99
29 63 37 50 M 15 0 0.00 0.0 0 4.6 7 99 M M 0 14 99
30 61 39 50 M 15 0 0.00 0.0 0 0.9 5 160 M M 1 M M
31 64 37 51 M 14 0 0.00 0.0 0 0.8 6 99 M M 1 1 12 99
================================================================================
SM 1869 1202 473 1 1.29 T 195.2 M 129
================================================================================
AV 60.3 38.8 6.3 FASTST M M 4 MAX(MPH)
MISC ----> 24 160 # 32 320
================================================================================
NOTES:
# LAST OF SEVERAL OCCURRENCES
COLUMN 17 PEAK WIND IN M.P.H.
PRELIMINARY LOCAL CLIMATOLOGICAL DATA (WS FORM: F-6) , PAGE 2
STATION: DECORAH IA
MONTH: OCTOBER
YEAR: 2022
LATITUDE: 43 16 N
LONGITUDE: 91 44 W
[TEMPERATURE DATA] [PRECIPITATION DATA] SYMBOLS USED IN COLUMN 16
AVERAGE MONTHLY: 49.5 TOTAL FOR MONTH: 1.29 1 = FOG OR MIST
DPTR FM NORMAL: 0.0 DPTR FM NORMAL: M 2 = FOG REDUCING VISIBILITY
HIGHEST: 81 ON 22 GRTST 24HR 1.13 ON 24-24 TO 1/4 MILE OR LESS
LOWEST: 21 ON 19 3 = THUNDER
SNOW, ICE PELLETS, HAIL 4 = ICE PELLETS
TOTAL MONTH: T 5 = HAIL
GRTST 24HR T ON 13-13 6 = FREEZING RAIN OR DRIZZLE
GRTST DEPTH: 0 7 = DUSTSTORM OR SANDSTORM:
VSBY 1/2 MILE OR LESS
8 = SMOKE OR HAZE
[NO. OF DAYS WITH] [WEATHER - DAYS WITH] 9 = BLOWING SNOW
X = TORNADO
MAX 32 OR BELOW: 0 0.01 INCH OR MORE: 4
MAX 90 OR ABOVE: 0 0.10 INCH OR MORE: 1
MIN 32 OR BELOW: 7 0.50 INCH OR MORE: 1
MIN 0 OR BELOW: 0 1.00 INCH OR MORE: 1
[HDD (BASE 65) ]
TOTAL THIS MO. 473 CLEAR (SCALE 0-3) 13
DPTR FM NORMAL M PTCLDY (SCALE 4-7) 14
TOTAL FM JUL 1 611 CLOUDY (SCALE 8-10) 4
DPTR FM NORMAL M
[CDD (BASE 65) ]
TOTAL THIS MO. 1
DPTR FM NORMAL M [PRESSURE DATA]
TOTAL FM JAN 1 632 HIGHEST SLP M ON M
DPTR FM NORMAL M LOWEST SLP M ON M
[REMARKS]
#FINAL-10-22#