000
CXUS55 KBOU 010900
CF6DEN
PRELIMINARY LOCAL CLIMATOLOGICAL DATA (WS FORM: F-6)
STATION: DENVER CO
MONTH: JULY
YEAR: 2022
LATITUDE: 39 52 N
LONGITUDE: 104 40 W
TEMPERATURE IN F: :PCPN: SNOW: WIND :SUNSHINE: SKY :PK WND
================================================================================
1 2 3 4 5 6A 6B 7 8 9 10 11 12 13 14 15 16 17 18
12Z AVG MX 2MIN
DY MAX MIN AVG DEP HDD CDD WTR SNW DPTH SPD SPD DIR MIN PSBL S-S WX SPD DR
================================================================================
1 86 53 70 -3 0 5 0.16 0.0 0 7.5 23 200 M M 6 3 32 300
2 90 57 74 1 0 9 0.00 0.0 0 7.8 24 190 M M 4 31 190
3 94 63 79 6 0 14 T 0.0 0 10.0 31 310 M M 7 43 320
4 96 65 81 7 0 16 T 0.0 0 9.2 30 210 M M 6 3 40 210
5 96 62 79 5 0 14 0.01 0.0 0 9.0 37 220 M M 7 3 48 220
6 86 60 73 -1 0 8 0.01 0.0 0 7.5 28 30 M M 8 3 34 30
7 91 59 75 1 0 10 0.32 0.0 M 8.1 30 10 M M 5 35 36 20
8 96 58 77 3 0 12 0.00 0.0 0 9.5 22 150 M M 5 28 150
9 100 66 83 8 0 18 0.00 M M 11.9 33 170 M M 4 3 45 170
10 101 69 85 10 0 20 0.03 0.0 0 11.4 29 260 M M 6 45 240
11 81 59 70 -5 0 5 0.00 0.0 0 11.1 26 20 M M 5 1 34 10
12 96 58 77 2 0 12 T 0.0 0 11.2 36 330 M M 3 3 49 330
13 99 60 80 5 0 15 T 0.0 0 9.3 36 230 M M 5 46 240
14 99 70 85 10 0 20 0.01 0.0 0 8.0 25 170 M M 5 3 35 190
15 96 67 82 6 0 17 T 0.0 0 6.7 25 90 M M 7 3 33 90
16 94 61 78 2 0 13 T 0.0 0 10.2 35 340 M M 6 46 340
17 97 62 80 4 0 15 0.00 0.0 0 10.2 23 140 M M 3 29 140
18 100 72 86 10 0 21 T 0.0 0 9.9 36 250 M M 6 3 49 240
19 97 71 84 8 0 19 0.02 0.0 0 10.4 24 160 M M 6 38 32 180
20 97 66 82 6 0 17 T 0.0 0 11.3 36 210 M M 6 38 47 200
21 98 64 81 5 0 16 0.00 0.0 0 9.4 25 340 M M 3 35 340
22 98 70 84 8 0 19 0.00 0.0 0 10.0 24 200 M M 4 29 190
23 98 63 81 5 0 16 0.08 0.0 0 11.2 35 320 M M 7 13 47 320
24 87 60 74 -2 0 9 0.01 0.0 0 10.5 30 310 M M 7 3 37 310
25 92 59 76 0 0 11 0.00 0.0 0 10.5 31 190 M M 5 18 40 190
26 86 65 76 0 0 11 T 0.0 0 12.7 24 210 M M 7 3 32 220
27 92 59 76 0 0 11 0.01 0.0 0 11.2 28 290 M M 6 3 36 290
28 81 61 71 -5 0 6 0.03 0.0 0 10.5 24 150 M M 8 3 32 140
29 87 60 74 -2 0 9 0.30 0.0 0 9.4 24 160 M M 6 13 32 170
30 92 58 75 -1 0 10 0.00 0.0 0 8.1 16 180 M M 3 21 190
31 94 65 80 5 0 15 0.00 0.0 0 9.0 28 340 M M 5 35 350
================================================================================
SM 2897 1942 0 413 0.99 0.0 302.7 M 171
================================================================================
AV 93.5 62.6 9.8 FASTST M M 6 MAX(MPH)
MISC ----> 37 220 # 49 330
================================================================================
NOTES:
# LAST OF SEVERAL OCCURRENCES
COLUMN 17 PEAK WIND IN M.P.H.
PRELIMINARY LOCAL CLIMATOLOGICAL DATA (WS FORM: F-6) , PAGE 2
STATION: DENVER CO
MONTH: JULY
YEAR: 2022
LATITUDE: 39 52 N
LONGITUDE: 104 40 W
[TEMPERATURE DATA] [PRECIPITATION DATA] SYMBOLS USED IN COLUMN 16
AVERAGE MONTHLY: 78.0 TOTAL FOR MONTH: 0.99 1 = FOG OR MIST
DPTR FM NORMAL: 2.9 DPTR FM NORMAL: -1.15 2 = FOG REDUCING VISIBILITY
HIGHEST: 101 ON 10 GRTST 24HR 0.33 ON 6- 7 TO 1/4 MILE OR LESS
LOWEST: 53 ON 1 3 = THUNDER
SNOW, ICE PELLETS, HAIL 4 = ICE PELLETS
TOTAL MONTH: 0.0 INCH 5 = HAIL
GRTST 24HR 0.0 6 = FREEZING RAIN OR DRIZZLE
GRTST DEPTH: 0 7 = DUSTSTORM OR SANDSTORM:
VSBY 1/2 MILE OR LESS
8 = SMOKE OR HAZE
[NO. OF DAYS WITH] [WEATHER - DAYS WITH] 9 = BLOWING SNOW
X = TORNADO
MAX 32 OR BELOW: 0 0.01 INCH OR MORE: 12
MAX 90 OR ABOVE: 24 0.10 INCH OR MORE: 3
MIN 32 OR BELOW: 0 0.50 INCH OR MORE: 0
MIN 0 OR BELOW: 0 1.00 INCH OR MORE: 0
[HDD (BASE 65) ]
TOTAL THIS MO. 0 CLEAR (SCALE 0-3) 4
DPTR FM NORMAL -4 PTCLDY (SCALE 4-7) 26
TOTAL FM JUL 1 0 CLOUDY (SCALE 8-10) 1
DPTR FM NORMAL 0
[CDD (BASE 65) ]
TOTAL THIS MO. 413
DPTR FM NORMAL 98 [PRESSURE DATA]
TOTAL FM JAN 1 638 HIGHEST SLP M ON M
DPTR FM NORMAL 149 LOWEST SLP 29.67 ON 4
[REMARKS]
#FINAL-07-22#