000
CXUS56 KOTX 010910
CF6DEW
PRELIMINARY LOCAL CLIMATOLOGICAL DATA (WS FORM: F-6)
STATION: DEER_PARK WA AIRPORT
MONTH: OCTOBER
YEAR: 2022
LATITUDE: 47 58 N
LONGITUDE: 117 25 W
TEMPERATURE IN F: :PCPN: SNOW: WIND :SUNSHINE: SKY :PK WND
================================================================================
1 2 3 4 5 6A 6B 7 8 9 10 11 12 13 14 15 16 17 18
12Z AVG MX 2MIN
DY MAX MIN AVG DEP HDD CDD WTR SNW DPTH SPD SPD DIR MIN PSBL S-S WX SPD DR
================================================================================
1 80 44 62 11 3 0 0.00 M M 4.6 13 80 M M 1 1 18 60
2 78 39 59 8 6 0 0.00 M M 2.7 10 220 M M 0 12 19 170
3 80 37 59 9 6 0 0.00 M M 1.8 7 200 M M 0 1 11 210
4 81 37 59 9 6 0 0.00 M M 1.1 6 50 M M 0 12 8 220
5 80 37 59 10 6 0 0.00 M M 2.3 8 60 M M 0 9 60
6 83 41 62 13 3 0 0.00 M M 6.6 14 60 M M 0 19 30
7 81 46 64 16 1 0 0.00 M M 5.8 15 50 M M 0 20 40
8 78 37 58 10 7 0 0.00 M M 1.4 7 220 M M 0 10 210
9 75 36 56 8 9 0 0.00 M M 2.3 8 180 M M 0 11 200
10 74 33 54 7 11 0 0.00 M M 5.3 20 210 M M 1 18 24 210
11 72 40 56 9 9 0 0.00 M M 6.6 20 280 M M 0 27 320
12 75 31 53 7 12 0 0.00 M M 2.8 14 310 M M 0 22 50
13 72 28 50 4 15 0 0.00 M M 1.9 9 40 M M 0 11 30
14 72 32 52 7 13 0 0.00 M M 2.1 9 200 M M 0 11 200
15 77 42 60 15 5 0 0.00 M M 9.4 16 20 M M 0 23 60
16 77 39 58 14 7 0 0.00 M M 6.5 15 40 M M 0 20 50
17 75 28 52 8 13 0 0.00 M M 1.7 8 40 M M 0 10 50
18 71 27 49 5 16 0 0.00 M M 2.1 7 140 M M 0 18 9 30
19 69 28 49 6 16 0 0.00 M M 1.3 7 160 M M 0 18 9 180
20 62 30 46 3 19 0 T M M 0.9 6 330 M M 3 18 8 170
21 50 36 43 1 22 0 0.21 M M 5.8 22 220 M M 8 18 27 220
22 50 30 40 -2 25 0 0.00 M M 5.2 16 320 M M 7 1 20 330
23 51 31 41 -1 24 0 T M M 3.6 10 220 M M 6 15 200
24 40 32 36 -5 29 0 0.03 M M 6.0 22 190 M M 8 18 26 190
25 49 27 38 -3 27 0 0.01 M M 6.0 16 220 M M 5 21 210
26 46 31 39 -1 26 0 0.12 M M 4.9 12 190 M M 7 1 15 180
27 54 32 43 3 22 0 0.00 M M 7.1 22 210 M M 5 27 200
28 55 30 43 3 22 0 T M M 2.3 12 200 M M 4 19 240
29 57 27 42 3 23 0 0.00 M M 2.5 14 210 M M 3 1 18 200
30 58 35 47 8 18 0 T M M 9.5 22 220 M M 8 29 210
31 56 46 51 12 14 0 0.01 M M 11.7 21 210 M M 9 28 200
================================================================================
SM 2078 1069 435 0 0.38 M 133.8 M 75
================================================================================
AV 67.0 34.5 4.3 FASTST M M 2 MAX(MPH)
MISC ----> # 22 220 29 210
================================================================================
NOTES:
# LAST OF SEVERAL OCCURRENCES
COLUMN 17 PEAK WIND IN M.P.H.
PRELIMINARY LOCAL CLIMATOLOGICAL DATA (WS FORM: F-6) , PAGE 2
STATION: DEER_PARK WA AIRPORT
MONTH: OCTOBER
YEAR: 2022
LATITUDE: 47 58 N
LONGITUDE: 117 25 W
[TEMPERATURE DATA] [PRECIPITATION DATA] SYMBOLS USED IN COLUMN 16
AVERAGE MONTHLY: 50.8 TOTAL FOR MONTH: 0.38 1 = FOG OR MIST
DPTR FM NORMAL: 6.2 DPTR FM NORMAL: -1.62 2 = FOG REDUCING VISIBILITY
HIGHEST: 83 ON 6 GRTST 24HR 0.21 ON 21-21 TO 1/4 MILE OR LESS
LOWEST: 27 ON 29,25 3 = THUNDER
SNOW, ICE PELLETS, HAIL 4 = ICE PELLETS
TOTAL MONTH: M 5 = HAIL
GRTST 24HR M ON M 6 = FREEZING RAIN OR DRIZZLE
GRTST DEPTH: M ON M 7 = DUSTSTORM OR SANDSTORM:
VSBY 1/2 MILE OR LESS
8 = SMOKE OR HAZE
[NO. OF DAYS WITH] [WEATHER - DAYS WITH] 9 = BLOWING SNOW
X = TORNADO
MAX 32 OR BELOW: 0 0.01 INCH OR MORE: 5
MAX 90 OR ABOVE: 0 0.10 INCH OR MORE: 2
MIN 32 OR BELOW: 15 0.50 INCH OR MORE: 0
MIN 0 OR BELOW: 0 1.00 INCH OR MORE: 0
[HDD (BASE 65) ]
TOTAL THIS MO. 435 CLEAR (SCALE 0-3) 21
DPTR FM NORMAL -197 PTCLDY (SCALE 4-7) 8
TOTAL FM JUL 1 595 CLOUDY (SCALE 8-10) 2
DPTR FM NORMAL -421
[CDD (BASE 65) ]
TOTAL THIS MO. 0
DPTR FM NORMAL 0 [PRESSURE DATA]
TOTAL FM JAN 1 377 HIGHEST SLP M ON M
DPTR FM NORMAL 161 LOWEST SLP 29.52 ON 22
[REMARKS]
#FINAL-10-22#