000
CXUS54 KFWD 262208
CF6DFW
PRELIMINARY LOCAL CLIMATOLOGICAL DATA (WS FORM: F-6)
STATION: DALLAS/FORT WORTH
MONTH: JUNE
YEAR: 2023
LATITUDE: 32 54 N
LONGITUDE: 97 2 W
TEMPERATURE IN F: :PCPN: SNOW: WIND :SUNSHINE: SKY :PK WND
================================================================================
1 2 3 4 5 6A 6B 7 8 9 10 11 12 13 14 15 16 17 18
12Z AVG MX 2MIN
DY MAX MIN AVG DEP HDD CDD WTR SNW DPTH SPD SPD DIR MIN PSBL S-S WX SPD DR
================================================================================
1 89 71 80 1 0 15 0.00 0.0 0 7.6 18 170 M M 5 27 120
2 92 70 81 2 0 16 0.00 0.0 0 8.9 29 290 M M 5 3 40 290
3 93 67 80 0 0 15 0.00 0.0 0 6.6 28 30 M M 8 3 37 40
4 88 66 77 -3 0 12 0.00 0.0 0 7.2 17 30 M M 7 24 30
5 87 67 77 -3 0 12 T 0.0 0 7.0 25 100 M M 8 3 37 100
6 90 69 80 0 0 15 T 0.0 0 4.7 22 200 M M 6 3 30 200
7 92 69 81 1 0 16 T 0.0 0 4.4 21 270 M M 5 38 32 150
8 92 69 81 0 0 16 0.00 0.0 0 5.9 25 190 M M 7 3 32 190
9 97 70 84 3 0 19 0.00 0.0 0 5.8 15 170 M M 4 20 210
10 94 74 84 3 0 19 0.00 0.0 0 11.7 18 120 M M 6 26 130
11 99 71 85 4 0 20 0.08 0.0 0 7.5 24 120 M M 4 3 35 120
12 87 69 78 -4 0 13 T 0.0 0 10.4 26 20 M M 7 13 36 10
13 79 69 74 -8 0 9 0.55 0.0 0 7.5 26 160 M M 9 123 36 220
14 91 74 83 1 0 18 0.00 0.0 0 5.8 14 360 M M 7 18 18 320
15 93 75 84 2 0 19 0.00 0.0 0 9.7 24 40 M M 5 18 32 30
16 97 72 85 3 0 20 0.00 0.0 0 11.3 24 120 M M 6 34 120
17 96 74 85 3 0 20 0.00 0.0 0 9.3 22 190 M M 6 27 160
18 94 75 85 3 0 20 0.00 0.0 0 6.9 23 20 M M 4 32 20
19 99 74 87 4 0 22 0.00 0.0 0 10.1 18 150 M M 1 25 150
20 98 81 90 7 0 25 0.00 0.0 0 10.5 17 180 M M 6 24 170
21 92 79 86 3 0 21 0.14 0.0 0 10.0 23 50 M M 7 3 35 80
22 90 78 84 1 0 19 0.01 0.0 0 8.4 16 130 M M 8 3 23 110
23 93 77 85 2 0 20 T 0.0 0 8.7 26 30 M M 5 3 38 40
24 99 75 87 4 0 22 0.00 0.0 0 13.6 24 190 M M 3 32 180
25 101 81 91 8 0 26 0.00 0.0 0 14.9 21 190 M M 2 28 160
26 101 82 92 8 0 27 0.00 0.0 0 11.9 22 160 M M 1 8 30 150
27 102 80 91 7 0 26 0.00 0.0 0 12.9 22 200 M M 1 29 200
28 101 79 90 6 0 25 0.00 0.0 0 13.8 21 160 M M 1 27 150
29 101 80 91 7 0 26 0.00 0.0 0 12.8 21 150 M M 0 27 190
30 98 80 89 5 0 24 0.00 0.0 0 13.7 21 150 M M 3 30 190
================================================================================
SM 2825 2217 0 577 0.78 0.0 279.5 M 147
================================================================================
AV 94.2 73.9 9.3 FASTST M M 5 MAX(MPH)
MISC ----> 29 290 40 290
================================================================================
NOTES:
# LAST OF SEVERAL OCCURRENCES
COLUMN 17 PEAK WIND IN M.P.H.
PRELIMINARY LOCAL CLIMATOLOGICAL DATA (WS FORM: F-6) , PAGE 2
STATION: DALLAS/FORT WORTH
MONTH: JUNE
YEAR: 2023
LATITUDE: 32 54 N
LONGITUDE: 97 2 W
[TEMPERATURE DATA] [PRECIPITATION DATA] SYMBOLS USED IN COLUMN 16
AVERAGE MONTHLY: 84.0 TOTAL FOR MONTH: 0.78 1 = FOG OR MIST
DPTR FM NORMAL: 2.1 DPTR FM NORMAL: -2.92 2 = FOG REDUCING VISIBILITY
HIGHEST: 102 ON 27 GRTST 24HR 0.55 ON 13-13 TO 1/4 MILE OR LESS
LOWEST: 66 ON 4 3 = THUNDER
SNOW, ICE PELLETS, HAIL 4 = ICE PELLETS
TOTAL MONTH: 0.0 INCH 5 = HAIL
GRTST 24HR 0.0 6 = FREEZING RAIN OR DRIZZLE
GRTST DEPTH: 0 7 = DUSTSTORM OR SANDSTORM:
VSBY 1/2 MILE OR LESS
8 = SMOKE OR HAZE
[NO. OF DAYS WITH] [WEATHER - DAYS WITH] 9 = BLOWING SNOW
X = TORNADO
MAX 32 OR BELOW: 0 0.01 INCH OR MORE: 4
MAX 90 OR ABOVE: 25 0.10 INCH OR MORE: 2
MIN 32 OR BELOW: 0 0.50 INCH OR MORE: 1
MIN 0 OR BELOW: 0 1.00 INCH OR MORE: 0
[HDD (BASE 65) ]
TOTAL THIS MO. 0 CLEAR (SCALE 0-3) 8
DPTR FM NORMAL 0 PTCLDY (SCALE 4-7) 20
TOTAL FM JUL 1 1839 CLOUDY (SCALE 8-10) 2
DPTR FM NORMAL -379
[CDD (BASE 65) ]
TOTAL THIS MO. 577
DPTR FM NORMAL 71 [PRESSURE DATA]
TOTAL FM JAN 1 1081 HIGHEST SLP 29.97 ON 23
DPTR FM NORMAL 138 LOWEST SLP 29.59 ON 15
[REMARKS]
#FINAL-06-23#