000
CXUS54 KFWD 010742
CLMDFW
CLIMATE REPORT
NATIONAL WEATHER SERVICE FORT WORTH TX
242 AM CDT MON MAY 01 2023
...................................
...THE DALLAS/FORT WORTH CLIMATE SUMMARY FOR THE MONTH OF APRIL 2023...
CLIMATE NORMAL PERIOD 1991 TO 2020
CLIMATE RECORD PERIOD 1898 TO 2023
WEATHER OBSERVED NORMAL DEPART LAST YEAR`S
VALUE DATE(S) VALUE FROM VALUE DATE(S)
NORMAL
................................................................
TEMPERATURE (F)
RECORD
HIGH 101 04/17/2006
LOW 29 04/11/1989
HIGHEST 94 04/03 89 5 95 04/05
LOWEST 45 04/24 38 7 42 04/09
AVG. MAXIMUM 75.6 76.1 -0.5 81.1
AVG. MINIMUM 55.0 55.2 -0.2 57.9
MEAN 65.3 65.6 -0.3 69.5
DAYS MAX >= 90 1 0.7 0.3 2
DAYS MAX <= 32 0 0.0 0.0 0
DAYS MAX >= 100 0 0
DAYS MIN <= 32 0 0.0 0.0 0
DAYS MIN <= 0 0 0.0 0.0 0
DAYS MIN >= 80 0 0
PRECIPITATION (INCHES)
RECORD
MAXIMUM 17.64 1922
MINIMUM 0.11 1987
TOTALS 3.12 3.22 -0.10 2.54
DAILY AVG. 0.10 0.11 -0.01 0.08
DAYS >= .01 6 6.9 -0.9 6
DAYS >= .10 4 4.5 -0.5 4
DAYS >= .50 3 2.4 0.6 2
DAYS >= 1.00 1 1.1 -0.1 1
GREATEST
24 HR. TOTAL 1.42 04/25 TO 04/26 1.31
SNOWFALL (INCHES)
RECORDS
TOTAL T 2007
24 HR TOTAL T 04/07/2007 TO 04/07/2007
04/07/1938 TO 04/08/1938
04/14/1928 TO 04/14/1928
TOTALS 0.0 0.0 0.0 0.0
SINCE 7/1 1.3 1.6 -0.3 MM
SNOWDEPTH AVG. 0 0
DAYS >= TRACE 0 0
DAYS >= 1.0 0 0.0 0.0 0
GREATEST
SNOW DEPTH 0 0 MM
24 HR TOTAL MM MM
DEGREE DAYS
HEATING TOTAL 57 82 -25 22
SINCE 7/1 1839 2208 -369 MM
COOLING TOTAL 75 102 -27 162
SINCE 1/1 166 147 19 MM
................................................................
WIND (MPH)
AVERAGE WIND SPEED 11.4
HIGHEST WIND SPEED/DIRECTION 32/130 DATE 04/26
HIGHEST GUST SPEED/DIRECTION 42/190 DATE 04/19
42/170 04/20
42/130 04/26
SKY COVER
POSSIBLE SUNSHINE (PERCENT) MM
AVERAGE SKY COVER 0.61
NUMBER OF DAYS FAIR 7
NUMBER OF DAYS PC 13
NUMBER OF DAYS CLOUDY 10
AVERAGE RH (PERCENT) 62
WEATHER CONDITIONS. NUMBER OF DAYS WITH
THUNDERSTORM 5 MIXED PRECIP 0
HEAVY RAIN 3 RAIN 2
LIGHT RAIN 11 FREEZING RAIN 0
LT FREEZING RAIN 0 HAIL 2
HEAVY SNOW 0 SNOW 0
LIGHT SNOW 0 SLEET 0
FOG 6 FOG W/VIS <= 1/4 MILE 0
HAZE 3
- INDICATES NEGATIVE NUMBERS.
R INDICATES RECORD WAS SET OR TIED.
MM INDICATES DATA IS MISSING.
T INDICATES TRACE AMOUNT.
$$