000
CXUS55 KCYS 011752
CF6DGW
PRELIMINARY LOCAL CLIMATOLOGICAL DATA (WS FORM: F-6)
STATION: CONVERSE CO (DOUGLAS) WY ARPT
MONTH: NOVEMBER
YEAR: 2022
LATITUDE: 42 46 N
LONGITUDE: 105 22 W
TEMPERATURE IN F: :PCPN: SNOW: WIND :SUNSHINE: SKY :PK WND
================================================================================
1 2 3 4 5 6A 6B 7 8 9 10 11 12 13 14 15 16 17 18
12Z AVG MX 2MIN
DY MAX MIN AVG DEP HDD CDD WTR SNW DPTH SPD SPD DIR MIN PSBL S-S WX SPD DR
================================================================================
1 70 25 48 8 17 0 0.00 M M 7.7 24 240 M M 0 41 260
2 67 38 53 14 12 0 0.00 M M 13.5 33 230 M M 0 46 230
3 38 13 26 -13 39 0 T M M 10.0 20 340 M M 9 12 27 340
4 38 2 20 -18 45 0 0.00 M M 7.1 21 260 M M 3 12 27 280
5 54 30 42 4 23 0 0.19 M M 22.4 47 260 M M 3 1 63 260
6 43 25 34 -4 31 0 0.00 M M 7.9 28 140 M M 3 38 160
7 52 35 44 7 21 0 T M M 24.0 40 150 M M 5 53 150
8 51 18 35 -2 30 0 0.00 M M 7.7 21 20 M M 2 25 20
9 25 17 21 -16 44 0 T M M 9.3 21 140 M M 10 1 26 130
10 22 9 16 -20 49 0 T M M 10.5 23 310 M M 9 29 310
11 36 5 21 -15 44 0 0.00 M M 7.0 18 310 M M 1 24 300
12 43 4 24 -12 41 0 0.00 M M 3.1 10 140 M M 0 14 120
13 37 17 27 -8 38 0 0.00 M M 11.5 24 340 M M 3 33 360
14 34 13 24 -11 41 0 0.00 M M 11.5 23 350 M M 7 32 360
15 33 14 24 -10 41 0 T M M 11.8 23 320 M M 6 1 30 320
16 40 23 32 -2 33 0 T M M 12.4 25 280 M M 10 1 33 290
17 26 6 16 -18 49 0 T M M 13.8 24 10 M M 10 1 34 350
18 22 -4 9 -24 56 0 0.00 M M 13.9 28 290 M M 2 35 290
19 37 11 24 -9 41 0 0.00 M M 9.5 25 280 M M 1 34 270
20 48 13 31 -1 34 0 0.00 M M 7.2 22 300 M M 0 27 300
21 50 7 29 -3 36 0 0.00 M M 3.5 14 310 M M 0 8 18 300
22 53 12 33 2 32 0 0.00 M M 3.9 20 270 M M 0 25 280
23 44 19 32 1 33 0 T M M 14.4 26 340 M M 5 38 330
24 44 22 33 2 32 0 0.00 M M 10.3 23 340 M M 3 32 340
25 58 20 39 9 26 0 0.00 M M 3.2 10 310 M M 0 13 310
26 52 19 36 6 29 0 0.07 M M 8.3 23 10 M M 4 1 32 30
27 41 28 35 6 30 0 0.00 M M 12.3 38 270 M M 4 12 55 270
28 39 17 28 -1 37 0 T M M 11.8 36 260 M M 8 1 46 270
29 17 -1 8 -20 57 0 0.05 M M 3.7 12 290 M M 7 1 16 300
30 41 -9 16 -12 49 0 0.00 M M 6.3 18 110 M M 0 18 27 120
================================================================================
SM 1255 448 1090 0 0.31 M 299.5 M 115
================================================================================
AV 41.8 14.9 10.0 FASTST M M 4 MAX(MPH)
MISC ----> 47 260 63 260
================================================================================
NOTES:
# LAST OF SEVERAL OCCURRENCES
COLUMN 17 PEAK WIND IN M.P.H.
PRELIMINARY LOCAL CLIMATOLOGICAL DATA (WS FORM: F-6) , PAGE 2
STATION: CONVERSE CO (DOUGLAS) WY ARPT
MONTH: NOVEMBER
YEAR: 2022
LATITUDE: 42 46 N
LONGITUDE: 105 22 W
[TEMPERATURE DATA] [PRECIPITATION DATA] SYMBOLS USED IN COLUMN 16
AVERAGE MONTHLY: 28.4 TOTAL FOR MONTH: 0.31 1 = FOG OR MIST
DPTR FM NORMAL: -5.6 DPTR FM NORMAL: -0.04 2 = FOG REDUCING VISIBILITY
HIGHEST: 70 ON 1 GRTST 24HR 0.19 ON 5- 5 TO 1/4 MILE OR LESS
LOWEST: -9 ON 30 3 = THUNDER
SNOW, ICE PELLETS, HAIL 4 = ICE PELLETS
TOTAL MONTH: M 5 = HAIL
GRTST 24HR M ON M 6 = FREEZING RAIN OR DRIZZLE
GRTST DEPTH: M ON M 7 = DUSTSTORM OR SANDSTORM:
VSBY 1/2 MILE OR LESS
8 = SMOKE OR HAZE
[NO. OF DAYS WITH] [WEATHER - DAYS WITH] 9 = BLOWING SNOW
X = TORNADO
MAX 32 OR BELOW: 5 0.01 INCH OR MORE: 3
MAX 90 OR ABOVE: 0 0.10 INCH OR MORE: 1
MIN 32 OR BELOW: 28 0.50 INCH OR MORE: 0
MIN 0 OR BELOW: 3 1.00 INCH OR MORE: 0
[HDD (BASE 65) ]
TOTAL THIS MO. 1090 CLEAR (SCALE 0-3) 15
DPTR FM NORMAL 160 PTCLDY (SCALE 4-7) 10
TOTAL FM JUL 1 1760 CLOUDY (SCALE 8-10) 5
DPTR FM NORMAL -7
[CDD (BASE 65) ]
TOTAL THIS MO. 0
DPTR FM NORMAL 0 [PRESSURE DATA]
TOTAL FM JAN 1 713 HIGHEST SLP 30.64 ON 17
DPTR FM NORMAL 201 LOWEST SLP 29.31 ON 5
[REMARKS]
#FINAL-11-22#