000
CXUS55 KCYS 050224
CLMDGW
CLIMATE REPORT
NATIONAL WEATHER SERVICE CHEYENNE WY
824 PM MDT MON SEP 04 2023
...................................
...THE CONVERSE CO (DOUGLAS) WY ARPT CLIMATE SUMMARY FOR THE MONTH OF AUGUST 2023...
CLIMATE NORMAL PERIOD 1991 TO 2020
CLIMATE RECORD PERIOD 1998 TO 2023
WEATHER OBSERVED NORMAL DEPART LAST YEAR`S
VALUE DATE(S) VALUE FROM VALUE DATE(S)
NORMAL
................................................................
TEMPERATURE (F)
RECORD
HIGH 103 08/13/2007
LOW 31 08/23/2015
HIGHEST 99 08/21 MM MM 101
LOWEST 41 08/14 MM MM 45
AVG. MAXIMUM 85.4 87.0 -1.6 90.7
AVG. MINIMUM 53.6 52.8 0.8 54.3
MEAN 69.5 69.9 -0.4 72.5
DAYS MAX >= 90 13 14.1 -1.1 20
DAYS MAX <= 32 0 0.0 0.0 0
DAYS MIN <= 32 0 0.0 0.0 0
DAYS MIN <= 0 0 0.0 0.0 0
PRECIPITATION (INCHES)
RECORD
MAXIMUM 3.28 2023
TOTALS 3.28R 1.04 2.24 0.46
DAYS >= .01 9 7.0 2.0 8
DAYS >= .10 8 2.5 5.5 1
DAYS >= .50 4 0.5 3.5 0
DAYS >= 1.00 0 0.1 -0.1 0
GREATEST
24 HR. TOTAL 0.84 08/27 TO 08/27 0.24 08/12 TO 08/13
DEGREE DAYS
HEATING TOTAL 17 26 -9 0
SINCE 7/1 37 35 2 MM
COOLING TOTAL 164 178 -14 238
SINCE 1/1 385 477 -92 MM
................................................................
WIND (MPH)
AVERAGE WIND SPEED 8.3
HIGHEST WIND SPEED/DIRECTION 41/280 DATE 08/04
41/290 08/27
HIGHEST GUST SPEED/DIRECTION 57/270 DATE 08/04
SKY COVER
POSSIBLE SUNSHINE (PERCENT) MM
AVERAGE SKY COVER 0.17
NUMBER OF DAYS FAIR 25
NUMBER OF DAYS PC 6
NUMBER OF DAYS CLOUDY 0
AVERAGE RH (PERCENT) 58
WEATHER CONDITIONS. NUMBER OF DAYS WITH
THUNDERSTORM 11 MIXED PRECIP 0
HEAVY RAIN 5 RAIN 5
LIGHT RAIN 13 FREEZING RAIN 0
LT FREEZING RAIN 0 HAIL 0
HEAVY SNOW 0 SNOW 0
LIGHT SNOW 0 SLEET 0
FOG 10 FOG W/VIS <= 1/4 MILE 0
HAZE 3
- INDICATES NEGATIVE NUMBERS.
R INDICATES RECORD WAS SET OR TIED.
MM INDICATES DATA IS MISSING.
T INDICATES TRACE AMOUNT.
$$