000
CXUS52 KTAE 010800
CF6DHN
PRELIMINARY LOCAL CLIMATOLOGICAL DATA (WS FORM: F-6)
STATION: DOTHAN
MONTH: OCTOBER
YEAR: 2022
LATITUDE: 31 19 N
LONGITUDE: 85 27 W
TEMPERATURE IN F: :PCPN: SNOW: WIND :SUNSHINE: SKY :PK WND
================================================================================
1 2 3 4 5 6A 6B 7 8 9 10 11 12 13 14 15 16 17 18
12Z AVG MX 2MIN
DY MAX MIN AVG DEP HDD CDD WTR SNW DPTH SPD SPD DIR MIN PSBL S-S WX SPD DR
================================================================================
1 86 52 69 -5 0 4 0.00 0.0 0 7.1 17 300 M M 0 8 21 300
2 87 54 71 -3 0 6 0.00 0.0 0 8.3 21 310 M M 0 27 300
3 83 56 70 -4 0 5 0.00 0.0 0 6.2 14 30 M M 1 18 10
4 83 51 67 -6 0 2 0.00 0.0 0 3.6 13 80 M M 1 18 40
5 85 52 69 -4 0 4 0.00 0.0 0 3.8 13 340 M M 0 19 340
6 88 48 68 -4 0 3 0.00 0.0 0 3.5 13 340 M M 0 16 340
7 91 51 71 -1 0 6 0.00 0.0 0 2.2 12 350 M M 0 15 300
8 87 60 74 2 0 9 0.00 0.0 0 7.6 16 320 M M 0 8 25 340
9 83 49 66 -6 0 1 0.00 M M 6.9 17 360 M M 0 22 340
10 83 48 66 -5 0 1 0.00 0.0 M 6.3 14 30 M M 0 8 19 10
11 88 53 71 0 0 6 0.00 0.0 M 5.6 13 90 M M 1 1 17 90
12 84 66 75 5 0 10 0.51 0.0 M 6.8 22 10 M M 6 13 35 10
13 84 63 74 4 0 9 0.14 0.0 0 5.3 21 310 M M 3 12 29 320
14 82 52 67 -3 0 2 0.00 0.0 0 4.0 10 40 M M 0 16 60
15 87 49 68 -1 0 3 0.00 0.0 0 2.0 8 60 M M 0 12 50
16 87 51 69 0 0 4 0.00 0.0 0 2.4 10 300 M M 1 1 14 270
17 82 62 72 4 0 7 0.00 0.0 0 8.1 17 290 M M 5 12 20 280
18 62 42 52 -16 13 0 0.00 0.0 0 10.8 18 330 M M 0 24 330
19 65 35 50 -18 15 0 0.00 0.0 0 6.8 16 330 M M 0 21 320
20 67 33 50 -17 15 0 0.00 0.0 M 3.3 13 250 M M 0 17 250
21 74 39 57 -10 8 0 0.00 0.0 M 2.2 10 10 M M 0 14 10
22 78 39 59 -8 6 0 0.00 0.0 M 3.3 12 30 M M 0 14 20
23 80 42 61 -5 4 0 0.00 0.0 0 3.5 9 150 M M 0 14 90
24 83 46 65 -1 0 0 0.00 0.0 M 4.9 13 180 M M 1 8 16 170
25 84 56 70 4 0 5 0.76 0.0 M 9.3 18 200 M M 5 1 24 180
26 75 54 65 0 0 0 0.00 0.0 M 8.6 21 310 M M 1 26 310
27 77 47 62 -3 3 0 0.00 0.0 M 5.1 10 80 M M 0 14 50
28 79 60 70 6 0 5 0.00 M M 9.1 16 90 M M 4 22 80
29 76 60 68 4 0 3 0.00 0.0 0 9.7 16 110 M M 5 1 22 80
30 71 63 67 3 0 2 0.54 0.0 0 7.3 17 90 M M 10 1 24 80
31 78 58 68 5 0 3 0.00 0.0 0 4.6 12 280 M M 5 1 15 240
================================================================================
SM 2499 1591 64 100 1.95 0.0 178.2 M 49
================================================================================
AV 80.6 51.3 5.7 FASTST M M 2 MAX(MPH)
MISC ----> 22 10 35 10
================================================================================
NOTES:
# LAST OF SEVERAL OCCURRENCES
COLUMN 17 PEAK WIND IN M.P.H.
PRELIMINARY LOCAL CLIMATOLOGICAL DATA (WS FORM: F-6) , PAGE 2
STATION: DOTHAN
MONTH: OCTOBER
YEAR: 2022
LATITUDE: 31 19 N
LONGITUDE: 85 27 W
[TEMPERATURE DATA] [PRECIPITATION DATA] SYMBOLS USED IN COLUMN 16
AVERAGE MONTHLY: 66.0 TOTAL FOR MONTH: 1.95 1 = FOG OR MIST
DPTR FM NORMAL: -2.9 DPTR FM NORMAL: -0.75 2 = FOG REDUCING VISIBILITY
HIGHEST: 91 ON 7 GRTST 24HR 0.76 ON 25-25 TO 1/4 MILE OR LESS
LOWEST: 33 ON 20 3 = THUNDER
SNOW, ICE PELLETS, HAIL 4 = ICE PELLETS
TOTAL MONTH: 0.0 INCH 5 = HAIL
GRTST 24HR 0.0 6 = FREEZING RAIN OR DRIZZLE
GRTST DEPTH: 0 7 = DUSTSTORM OR SANDSTORM:
VSBY 1/2 MILE OR LESS
8 = SMOKE OR HAZE
[NO. OF DAYS WITH] [WEATHER - DAYS WITH] 9 = BLOWING SNOW
X = TORNADO
MAX 32 OR BELOW: 0 0.01 INCH OR MORE: 4
MAX 90 OR ABOVE: 1 0.10 INCH OR MORE: 4
MIN 32 OR BELOW: 0 0.50 INCH OR MORE: 3
MIN 0 OR BELOW: 0 1.00 INCH OR MORE: 0
[HDD (BASE 65) ]
TOTAL THIS MO. 64 CLEAR (SCALE 0-3) 23
DPTR FM NORMAL 18 PTCLDY (SCALE 4-7) 7
TOTAL FM JUL 1 64 CLOUDY (SCALE 8-10) 1
DPTR FM NORMAL 18
[CDD (BASE 65) ]
TOTAL THIS MO. 100
DPTR FM NORMAL -65 [PRESSURE DATA]
TOTAL FM JAN 1 2659 HIGHEST SLP M ON M
DPTR FM NORMAL 22 LOWEST SLP 29.82 ON 17
[REMARKS]
#FINAL-10-22#