000
CXUS52 KTAE 010800
CF6DHN
PRELIMINARY LOCAL CLIMATOLOGICAL DATA (WS FORM: F-6)
STATION: DOTHAN
MONTH: OCTOBER
YEAR: 2021
LATITUDE: 31 19 N
LONGITUDE: 85 27 W
TEMPERATURE IN F: :PCPN: SNOW: WIND :SUNSHINE: SKY :PK WND
================================================================================
1 2 3 4 5 6A 6B 7 8 9 10 11 12 13 14 15 16 17 18
12Z AVG MX 2MIN
DY MAX MIN AVG DEP HDD CDD WTR SNW DPTH SPD SPD DIR MIN PSBL S-S WX SPD DR
================================================================================
1 88 67 78 4 0 13 0.00 0.0 0 4.7 13 130 M M 1 1 16 140
2 87 70 79 5 0 14 0.00 0.0 0 5.3 14 130 M M 2 18 17 130
3 84 69 77 3 0 12 0.10 0.0 0 3.8 15 200 M M 3 8 21 250
4 79 69 74 1 0 9 0.16 0.0 0 4.8 13 250 M M 7 1 16 260
5 78 68 73 0 0 8 0.74 0.0 0 6.5 14 140 M M 8 1 17 140
6 82 71 77 5 0 12 0.39 0.0 0 8.6 20 130 M M 7 1 26 130
7 83 71 77 5 0 12 1.70 0.0 M 4.2 13 330 M M 9 13 14 330
8 87 67 77 5 0 12 0.00 0.0 M 5.9 14 340 M M 4 12 18 340
9 87 63 75 3 0 10 0.00 0.0 M 5.9 15 360 M M 0 20 10
10 86 64 75 4 0 10 0.00 0.0 0 4.6 13 20 M M 1 1 16 80
11 84 62 73 2 0 8 0.00 0.0 0 3.5 13 120 M M 1 1 16 130
12 86 63 75 5 0 10 0.00 0.0 0 4.3 12 60 M M 3 18 14 60
13 85 62 74 4 0 9 0.00 0.0 0 4.5 15 90 M M 0 18 19 80
14 88 61 75 5 0 10 0.00 0.0 0 2.8 9 150 M M 1 11 120
15 89 63 76 7 0 11 0.00 0.0 0 4.3 10 360 M M 1 1 13 280
16 80 55 68 -1 0 3 T 0.0 0 10.8 22 320 M M 5 1 26 320
17 75 46 61 -7 4 0 0.00 0.0 0 8.4 17 20 M M 0 21 30
18 76 45 61 -7 4 0 0.00 M M 5.5 16 130 M M 0 19 130
19 80 47 64 -4 1 0 0.00 M M 4.8 12 110 M M 0 17 130
20 82 57 70 3 0 5 0.00 0.0 M 5.0 13 130 M M 0 16 130
21 81 62 72 5 0 7 T 0.0 0 4.4 12 200 M M 5 14 210
22 86 61 74 7 0 9 T 0.0 M 5.1 15 330 M M 1 12 20 300
23 82 52 67 1 0 2 0.00 0.0 0 4.1 10 40 M M 0 12 30
24 77 52 65 -1 0 0 0.06 0.0 0 5.0 10 160 M M 2 1 15 100
25 84 66 75 9 0 10 0.01 0.0 0 7.2 16 280 M M 6 12 21 270
26 78 56 67 2 0 2 0.00 M M 8.2 16 290 M M 0 21 290
27 78 50 64 -1 1 0 0.01 0.0 M 5.4 12 130 M M 1 15 120
28 78 58 68 4 0 3 1.16 0.0 0 11.7 26 230 M M 6 1 34 220
29 66 54 60 -4 5 0 0.00 0.0 0 12.3 22 270 M M 7 27 250
30 63 53 58 -6 7 0 T 0.0 0 10.3 20 280 M M 9 1 26 260
31 71 52 62 -1 3 0 0.00 M M 7.5 16 300 M M 3 20 300
================================================================================
SM 2510 1856 25 201 4.33 0.0 189.4 M 93
================================================================================
AV 81.0 59.9 6.1 FASTST M M 3 MAX(MPH)
MISC ----> 26 230 34 220
================================================================================
NOTES:
# LAST OF SEVERAL OCCURRENCES
COLUMN 17 PEAK WIND IN M.P.H.
PRELIMINARY LOCAL CLIMATOLOGICAL DATA (WS FORM: F-6) , PAGE 2
STATION: DOTHAN
MONTH: OCTOBER
YEAR: 2021
LATITUDE: 31 19 N
LONGITUDE: 85 27 W
[TEMPERATURE DATA] [PRECIPITATION DATA] SYMBOLS USED IN COLUMN 16
AVERAGE MONTHLY: 70.4 TOTAL FOR MONTH: 4.33 1 = FOG OR MIST
DPTR FM NORMAL: 1.5 DPTR FM NORMAL: 1.63 2 = FOG REDUCING VISIBILITY
HIGHEST: 89 ON 15 GRTST 24HR 2.04 ON 6- 7 TO 1/4 MILE OR LESS
LOWEST: 45 ON 18 3 = THUNDER
SNOW, ICE PELLETS, HAIL 4 = ICE PELLETS
TOTAL MONTH: 0.0 INCH 5 = HAIL
GRTST 24HR 0.0 6 = FREEZING RAIN OR DRIZZLE
GRTST DEPTH: 0 7 = DUSTSTORM OR SANDSTORM:
VSBY 1/2 MILE OR LESS
8 = SMOKE OR HAZE
[NO. OF DAYS WITH] [WEATHER - DAYS WITH] 9 = BLOWING SNOW
X = TORNADO
MAX 32 OR BELOW: 0 0.01 INCH OR MORE: 9
MAX 90 OR ABOVE: 0 0.10 INCH OR MORE: 6
MIN 32 OR BELOW: 0 0.50 INCH OR MORE: 3
MIN 0 OR BELOW: 0 1.00 INCH OR MORE: 2
[HDD (BASE 65) ]
TOTAL THIS MO. 25 CLEAR (SCALE 0-3) 19
DPTR FM NORMAL -21 PTCLDY (SCALE 4-7) 10
TOTAL FM JUL 1 25 CLOUDY (SCALE 8-10) 2
DPTR FM NORMAL -21
[CDD (BASE 65) ]
TOTAL THIS MO. 201
DPTR FM NORMAL 36 [PRESSURE DATA]
TOTAL FM JAN 1 2492 HIGHEST SLP M ON M
DPTR FM NORMAL -145 LOWEST SLP 29.56 ON 28
[REMARKS]
#FINAL-10-21#