000
CXUS54 KAMA 011545
CF6DHT
PRELIMINARY LOCAL CLIMATOLOGICAL DATA (WS FORM: F-6)
STATION: DALHART
MONTH: JANUARY
YEAR: 2022
LATITUDE: 36 1 N
LONGITUDE: 102 33 W
TEMPERATURE IN F: :PCPN: SNOW: WIND :SUNSHINE: SKY :PK WND
================================================================================
1 2 3 4 5 6A 6B 7 8 9 10 11 12 13 14 15 16 17 18
12Z AVG MX 2MIN
DY MAX MIN AVG DEP HDD CDD WTR SNW DPTH SPD SPD DIR MIN PSBL S-S WX SPD DR
================================================================================
1 42 3 23 -12 42 0 0.02 M M 19.9 32 10 M M 8 18 43 10
2 44 0 22 -13 43 0 0.00 M M 7.9 15 270 M M 0 19 280
3 52 11 32 -3 33 0 0.00 M M 10.9 24 210 M M 0 31 220
4 65 23 44 9 21 0 0.00 M M 13.3 23 20 M M 0 31 230
5 51 18 35 0 30 0 0.00 M M 11.4 30 40 M M 0 41 50
6 24 7 16 -19 49 0 T M M 13.1 33 10 M M 3 44 10
7 70 15 43 7 22 0 0.00 M M 11.2 23 190 M M 0 29 190
8 70 33 52 16 13 0 0.00 M M 12.7 15 210 M M 0 M M
9 45 20 33 -3 32 0 0.00 M M 10.5 24 20 M M M 35 20
10 54 17 36 0 29 0 0.00 M M 6.4 13 230 M M M 16 240
11 58 13 36 0 29 0 0.00 M M 11.2 24 210 M M M 33 220
12 64 20 42 6 23 0 0.00 M M 6.9 14 20 M M M 19 30
13 66 28 47 11 18 0 0.00 M M 7.2 16 50 M M M 21 40
14 62 33 48 12 17 0 0.00 M M 22.7 49 360 M M M 8 68 10
15 42 15 29 -7 36 0 0.00 M M 15.1 33 350 M M M 47 350
16 63 14 39 3 26 0 0.00 M M 9.5 21 360 M M 0 27 350
17 59 19 39 3 26 0 0.00 M M 8.5 21 220 M M M 27 190
18 67 30 49 12 16 0 0.00 M M 6.7 12 70 M M 0 15 330
19 42 16 29 -8 36 0 T M M 21.4 33 20 M M 7 1 42 10
20 27 12 20 -17 45 0 0.02 M M 9.0 16 20 M M 6 1 21 30
21 48 10 29 -8 36 0 0.00 M M 10.7 21 190 M M 0 25 190
22 46 22 34 -3 31 0 0.00 M M 6.1 13 280 M M 4 17 250
23 54 24 39 2 26 0 0.00 M M 7.2 13 190 M M 0 17 280
24 56 18 37 0 28 0 0.00 M M 12.3 26 30 M M 1 34 20
25 43 23 33 -4 32 0 0.00 M M 10.4 23 70 M M 4 29 70
26 37 14 26 -11 39 0 T M M 10.0 21 230 M M 7 18 30 200
27 44 18 31 -6 34 0 T M M 15.2 26 30 M M 2 1 33 20
28 52 12 32 -5 33 0 0.00 M M 8.6 17 280 M M 0 22 290
29 67 10 39 1 26 0 0.00 M M 7.1 14 170 M M 0 16 270
30 57 17 37 -1 28 0 0.00 M M 7.6 18 160 M M 0 24 160
31 66 18 42 4 23 0 0.00 M M 10.9 24 200 M M 0 31 200
================================================================================
SM 1637 533 922 0 0.04 M 341.6 M 42
================================================================================
AV 52.8 17.2 11.0 FASTST M M 2 MAX(MPH)
MISC ----> 49 360 68 10
================================================================================
NOTES:
# LAST OF SEVERAL OCCURRENCES
COLUMN 17 PEAK WIND IN M.P.H.
PRELIMINARY LOCAL CLIMATOLOGICAL DATA (WS FORM: F-6) , PAGE 2
STATION: DALHART
MONTH: JANUARY
YEAR: 2022
LATITUDE: 36 1 N
LONGITUDE: 102 33 W
[TEMPERATURE DATA] [PRECIPITATION DATA] SYMBOLS USED IN COLUMN 16
AVERAGE MONTHLY: 35.0 TOTAL FOR MONTH: 0.04 1 = FOG OR MIST
DPTR FM NORMAL: -1.3 DPTR FM NORMAL: -0.43 2 = FOG REDUCING VISIBILITY
HIGHEST: 70 ON 8, 7 GRTST 24HR 0.23 ON 26-26 TO 1/4 MILE OR LESS
LOWEST: 0 ON 2 3 = THUNDER
SNOW, ICE PELLETS, HAIL 4 = ICE PELLETS
TOTAL MONTH: 0.0 INCH 5 = HAIL
GRTST 24HR M ON M 6 = FREEZING RAIN OR DRIZZLE
GRTST DEPTH: 0 7 = DUSTSTORM OR SANDSTORM:
VSBY 1/2 MILE OR LESS
8 = SMOKE OR HAZE
[NO. OF DAYS WITH] [WEATHER - DAYS WITH] 9 = BLOWING SNOW
X = TORNADO
MAX 32 OR BELOW: 2 0.01 INCH OR MORE: 2
MAX 90 OR ABOVE: 0 0.10 INCH OR MORE: 0
MIN 32 OR BELOW: 29 0.50 INCH OR MORE: 0
MIN 0 OR BELOW: 1 1.00 INCH OR MORE: 0
[HDD (BASE 65) ]
TOTAL THIS MO. 922 CLEAR (SCALE 0-3) 16
DPTR FM NORMAL 34 PTCLDY (SCALE 4-7) 7
TOTAL FM JUL 1 2323 CLOUDY (SCALE 8-10) 8
DPTR FM NORMAL -365
[CDD (BASE 65) ]
TOTAL THIS MO. 0
DPTR FM NORMAL 0 [PRESSURE DATA]
TOTAL FM JAN 1 0 HIGHEST SLP 30.71 ON 10
DPTR FM NORMAL 0 LOWEST SLP 29.45 ON 1
[REMARKS]
#FINAL-01-22#