000
CXUS53 KDLH 010820
CF6DLH
PRELIMINARY LOCAL CLIMATOLOGICAL DATA (WS FORM: F-6)
STATION: DULUTH
MONTH: MAY
YEAR: 2023
LATITUDE: 46 49 N
LONGITUDE: 92 11 W
TEMPERATURE IN F: :PCPN: SNOW: WIND :SUNSHINE: SKY :PK WND
================================================================================
1 2 3 4 5 6A 6B 7 8 9 10 11 12 13 14 15 16 17 18
12Z AVG MX 2MIN
DY MAX MIN AVG DEP HDD CDD WTR SNW DPTH SPD SPD DIR MIN PSBL S-S WX SPD DR
================================================================================
1 48 37 43 -3 22 0 0.00 0.0 0 19.7 31 340 M M 5 49 340
2 57 32 45 -2 20 0 0.00 0.0 0 15.2 28 340 M M 1 42 340
3 62 30 46 -1 19 0 0.00 0.0 0 6.1 17 120 M M 2 21 120
4 53 37 45 -3 20 0 0.00 0.0 0 10.9 23 70 M M 2 30 70
5 55 40 48 0 17 0 T 0.0 0 17.2 28 80 M M 6 37 70
6 46 41 44 -4 21 0 0.31 0.0 0 12.2 22 80 M M 10 12 32 80
7 46 42 44 -5 21 0 0.18 0.0 0 12.3 22 90 M M 10 12 30 100
8 57 41 49 0 16 0 0.01 0.0 0 9.9 23 100 M M 9 12 32 100
9 67 40 54 4 11 0 T 0.0 0 6.4 15 120 M M 5 19 120
10 70 47 59 9 6 0 0.03 0.0 0 5.8 12 130 M M 6 18 16 170
11 80 48 64 14 1 0 0.00 0.0 0 4.2 17 140 M M 1 1 21 360
12 64 55 60 9 5 0 0.00 0.0 0 12.4 21 80 M M 6 30 90
13 60 49 55 4 10 0 0.00 0.0 0 17.6 28 80 M M 4 37 80
14 64 40 52 0 13 0 0.00 0.0 0 10.5 18 110 M M 0 25 70
15 79 36 58 6 7 0 0.00 0.0 0 9.6 21 270 M M 0 38 290
16 69 39 54 2 11 0 0.00 0.0 0 13.0 25 100 M M 2 40 100
17 57 37 47 -6 18 0 0.00 0.0 0 11.0 17 120 M M 2 22 100
18 62 37 50 -3 15 0 0.27 0.0 0 8.4 16 300 M M 7 18 23 240
19 57 43 50 -3 15 0 0.00 0.0 0 12.1 21 300 M M 6 29 290
20 74 47 61 7 4 0 0.00 0.0 0 9.1 21 270 M M 0 33 270
21 72 44 58 4 7 0 0.00 0.0 0 8.9 20 100 M M 0 27 100
22 61 42 52 -2 13 0 0.00 0.0 0 8.0 15 110 M M 1 19 100
23 83 47 65 11 0 0 T 0.0 0 12.5 36 80 M M 3 49 100
24 47 40 44 -11 21 0 T 0.0 0 19.2 31 90 M M 9 50 90
25 61 36 49 -6 16 0 0.00 0.0 0 9.8 18 110 M M 0 23 110
26 79 42 61 6 4 0 0.00 0.0 0 7.7 16 170 M M 0 21 150
27 80 51 66 10 0 1 0.00 0.0 0 8.1 17 170 M M 0 26 170
28 79 44 62 6 3 0 0.00 0.0 0 6.7 16 100 M M 1 23 150
29 75 51 63 7 2 0 0.00 0.0 0 7.7 13 130 M M 1 16 140
30 78 55 67 10 0 2 T 0.0 0 8.2 14 330 M M 4 20 160
31 86 52 69 12 0 4 0.00 0.0 0 8.0 17 170 M M 1 3 24 210
================================================================================
SM 2028 1322 338 7 0.80 0.0 328.4 M 104
================================================================================
AV 65.4 42.6 10.6 FASTST M M 3 MAX(MPH)
MISC ----> 36 80 50 90
================================================================================
NOTES:
# LAST OF SEVERAL OCCURRENCES
COLUMN 17 PEAK WIND IN M.P.H.
PRELIMINARY LOCAL CLIMATOLOGICAL DATA (WS FORM: F-6) , PAGE 2
STATION: DULUTH
MONTH: MAY
YEAR: 2023
LATITUDE: 46 49 N
LONGITUDE: 92 11 W
[TEMPERATURE DATA] [PRECIPITATION DATA] SYMBOLS USED IN COLUMN 16
AVERAGE MONTHLY: 54.0 TOTAL FOR MONTH: 0.80 1 = FOG OR MIST
DPTR FM NORMAL: 2.0 DPTR FM NORMAL: -2.57 2 = FOG REDUCING VISIBILITY
HIGHEST: 86 ON 31 GRTST 24HR 0.49 ON 6- 7 TO 1/4 MILE OR LESS
LOWEST: 30 ON 3 3 = THUNDER
SNOW, ICE PELLETS, HAIL 4 = ICE PELLETS
TOTAL MONTH: 0.2 INCH 5 = HAIL
GRTST 24HR 0.0 6 = FREEZING RAIN OR DRIZZLE
GRTST DEPTH: T 7 = DUSTSTORM OR SANDSTORM:
VSBY 1/2 MILE OR LESS
8 = SMOKE OR HAZE
[NO. OF DAYS WITH] [WEATHER - DAYS WITH] 9 = BLOWING SNOW
X = TORNADO
MAX 32 OR BELOW: 0 0.01 INCH OR MORE: 5
MAX 90 OR ABOVE: 0 0.10 INCH OR MORE: 3
MIN 32 OR BELOW: 2 0.50 INCH OR MORE: 0
MIN 0 OR BELOW: 0 1.00 INCH OR MORE: 0
[HDD (BASE 65) ]
TOTAL THIS MO. 338 CLEAR (SCALE 0-3) 18
DPTR FM NORMAL -72 PTCLDY (SCALE 4-7) 9
TOTAL FM JUL 1 8789 CLOUDY (SCALE 8-10) 4
DPTR FM NORMAL -175
[CDD (BASE 65) ]
TOTAL THIS MO. 7
DPTR FM NORMAL 0 [PRESSURE DATA]
TOTAL FM JAN 1 7 HIGHEST SLP 30.56 ON 14
DPTR FM NORMAL 0 LOWEST SLP 29.64 ON 1
[REMARKS]
#FINAL-05-23#