000
CXUS56 KTFX 011210
CF6DLN
PRELIMINARY LOCAL CLIMATOLOGICAL DATA (WS FORM: F-6)
STATION: DILLON AIRPORT MT
MONTH: FEBRUARY
YEAR: 2022
LATITUDE: 45 15 N
LONGITUDE: 112 33 W
TEMPERATURE IN F: :PCPN: SNOW: WIND :SUNSHINE: SKY :PK WND
================================================================================
1 2 3 4 5 6A 6B 7 8 9 10 11 12 13 14 15 16 17 18
12Z AVG MX 2MIN
DY MAX MIN AVG DEP HDD CDD WTR SNW DPTH SPD SPD DIR MIN PSBL S-S WX SPD DR
================================================================================
1 27 1 14 -9 51 0 T M T 12.4 25 50 M M 4 1 30 50
2 5 -9 -2 -25 67 0 T M T 7.8 29 60 M M 4 18 37 60
3 30 -2 14 -9 51 0 0.00 M T 6.9 17 250 M M 6 8 23 250
4 33 11 22 -1 43 0 0.00 M T 16.5 28 220 M M 1 33 230
5 40 21 31 8 34 0 0.00 M T 14.5 29 260 M M 4 49 220
6 42 14 28 5 37 0 0.00 M T 7.2 15 190 M M 1 20 260
7 49 13 31 8 34 0 0.00 M T 15.5 28 350 M M 0 42 220
8 46 27 37 14 28 0 0.00 M 0 15.5 24 240 M M 3 32 250
9 50 25 38 15 27 0 0.00 M 0 11.0 22 230 M M 7 29 220
10 54 27 41 18 24 0 0.00 M 0 18.2 32 250 M M 1 8 43 250
11 41 14 28 4 37 0 0.00 M 0 10.3 26 30 M M 0 32 30
12 50 12 31 7 34 0 0.00 M 0 4.9 15 220 M M 0 21 220
13 52 22 37 13 28 0 0.00 M 0 15.3 23 230 M M 0 29 230
14 53 27 40 16 25 0 0.00 M 0 12.9 24 180 M M 3 35 190
15 35 24 30 6 35 0 0.02 M 1 5.9 15 230 M M 8 1 18 220
16 32 22 27 3 38 0 T M 0 9.2 20 40 M M 9 1 26 360
17 39 18 29 5 36 0 0.00 M T 16.5 29 240 M M 5 39 250
18 47 32 40 15 25 0 0.00 M 0 17.3 30 260 M M 4 38 240
19 53 26 40 15 25 0 0.00 M 0 17.6 32 230 M M 3 42 240
20 45 14 30 5 35 0 T M 0 13.2 32 240 M M 3 18 44 240
21 14 -6 4 -22 61 0 T M T 23.2 31 40 M M 10 18 41 50
22 0 -13 -6 -32 71 0 T M T 16.4 30 50 M M 4 8 38 40
23 7 -17 -5 -31 70 0 0.00 M T 3.9 9 120 M M 0 11 50
24 14 -7 4 -22 61 0 T M 1 2.8 9 180 M M 7 18 11 50
25 22 -9 7 -20 58 0 0.00 M 1 11.1 23 220 M M 0 31 200
26 32 2 17 -10 48 0 0.00 M 1 9.7 20 210 M M 0 25 210
27 41 11 26 -2 39 0 0.00 M 1 14.8 24 220 M M 3 32 220
28 56 22 39 11 26 0 0.00 M 0 15.1 30 220 M M 4 39 230
================================================================================
SM 1009 322 1148 0 0.02 M 345.6 M 94
================================================================================
AV 36.0 11.5 12.3 FASTST M M 3 MAX(MPH)
MISC ----> # 32 250 49 220
================================================================================
NOTES:
# LAST OF SEVERAL OCCURRENCES
COLUMN 17 PEAK WIND IN M.P.H.
PRELIMINARY LOCAL CLIMATOLOGICAL DATA (WS FORM: F-6) , PAGE 2
STATION: DILLON AIRPORT MT
MONTH: FEBRUARY
YEAR: 2022
LATITUDE: 45 15 N
LONGITUDE: 112 33 W
[TEMPERATURE DATA] [PRECIPITATION DATA] SYMBOLS USED IN COLUMN 16
AVERAGE MONTHLY: 23.8 TOTAL FOR MONTH: 0.02 1 = FOG OR MIST
DPTR FM NORMAL: -0.7 DPTR FM NORMAL: -0.22 2 = FOG REDUCING VISIBILITY
HIGHEST: 56 ON 28 GRTST 24HR 0.02 ON 15-15 TO 1/4 MILE OR LESS
LOWEST: -17 ON 23 3 = THUNDER
SNOW, ICE PELLETS, HAIL 4 = ICE PELLETS
TOTAL MONTH: M 5 = HAIL
GRTST 24HR M ON M 6 = FREEZING RAIN OR DRIZZLE
GRTST DEPTH: 1 ON 27,26 7 = DUSTSTORM OR SANDSTORM:
VSBY 1/2 MILE OR LESS
8 = SMOKE OR HAZE
[NO. OF DAYS WITH] [WEATHER - DAYS WITH] 9 = BLOWING SNOW
X = TORNADO
MAX 32 OR BELOW: 10 0.01 INCH OR MORE: 1
MAX 90 OR ABOVE: 0 0.10 INCH OR MORE: 0
MIN 32 OR BELOW: 28 0.50 INCH OR MORE: 0
MIN 0 OR BELOW: 7 1.00 INCH OR MORE: 0
[HDD (BASE 65) ]
TOTAL THIS MO. 1148 CLEAR (SCALE 0-3) 13
DPTR FM NORMAL 14 PTCLDY (SCALE 4-7) 13
TOTAL FM JUL 1 5462 CLOUDY (SCALE 8-10) 2
DPTR FM NORMAL -590
[CDD (BASE 65) ]
TOTAL THIS MO. 0
DPTR FM NORMAL 0 [PRESSURE DATA]
TOTAL FM JAN 1 0 HIGHEST SLP 30.61 ON 26
DPTR FM NORMAL 0 LOWEST SLP 29.55 ON 20
[REMARKS]
#FINAL-02-22#