674
CXUS54 KEPZ 011241
CF6DMN
PRELIMINARY LOCAL CLIMATOLOGICAL DATA (WS FORM: F-6)
STATION: DEMING
MONTH: MARCH
YEAR: 2021
LATITUDE: 32 15 N
LONGITUDE: 107 42 W
TEMPERATURE IN F: :PCPN: SNOW: WIND :SUNSHINE: SKY :PK WND
================================================================================
1 2 3 4 5 6A 6B 7 8 9 10 11 12 13 14 15 16 17 18
12Z AVG MX 2MIN
DY MAX MIN AVG DEP HDD CDD WTR SNW DPTH SPD SPD DIR MIN PSBL S-S WX SPD DR
================================================================================
1 56 26 41 -8 24 0 0.00 M M 12.9 38 20 M M 1 8 52 10
2 60 26 43 -6 22 0 0.00 M M 6.9 15 110 M M 0 21 110
3 73 25 49 0 16 0 0.00 M M 5.6 14 190 M M 2 19 200
4 65 40 53 4 12 0 0.00 M M 15.8 31 260 M M 0 43 270
5 69 26 48 -1 17 0 0.00 M M 11.7 28 40 M M 0 37 60
6 65 35 50 0 15 0 0.00 M M 10.2 21 100 M M 0 29 110
7 72 31 52 2 13 0 0.00 M M 5.7 13 50 M M 0 17 130
8 81 39 60 10 5 0 0.00 M M 6.4 24 260 M M 0 32 260
9 78 47 63 13 2 0 0.00 M M 11.4 36 260 M M 0 8 49 280
10 72 33 53 3 12 0 0.00 M M 11.9 33 250 M M 0 45 240
11 74 27 51 1 14 0 0.00 M M 8.0 28 230 M M 0 40 240
12 74 33 54 4 11 0 0.00 M M 8.8 29 220 M M 0 43 210
13 52 32 42 -9 23 0 T M M 14.3 32 270 M M 2 50 280
14 57 27 42 -9 23 0 0.00 M M 19.1 40 270 M M 0 8 55 260
15 68 31 50 -1 15 0 0.00 M M 9.4 22 260 M M 0 32 260
16 65 27 46 -5 19 0 0.00 M M 16.6 40 280 M M 1 8 57 280
17 67 29 48 -3 17 0 0.00 M M 9.8 20 250 M M 0 25 230
18 71 29 50 -2 15 0 0.00 M M 7.8 18 90 M M 0 25 70
19 75 35 55 3 10 0 0.00 M M 8.9 16 80 M M 0 21 100
20 80 38 59 7 6 0 0.00 M M 7.7 24 250 M M 0 32 240
21 77 45 61 9 4 0 0.00 M M 11.8 26 250 M M 0 38 240
22 61 42 52 0 13 0 0.00 M M 16.9 35 270 M M 0 51 280
23 69 29 49 -4 16 0 T M M 13.9 30 280 M M 2 43 240
24 52 36 44 -9 21 0 0.14 M M 8.9 25 230 M M 6 1 34 220
25 62 29 46 -7 19 0 0.00 M M 9.2 24 250 M M 0 35 250
26 66 36 51 -2 14 0 0.00 M M 12.0 26 250 M M 2 35 260
27 61 39 50 -4 15 0 T M M 5.5 23 340 M M 4 8 30 340
28 71 32 52 -2 13 0 0.00 M M 7.1 17 100 M M 0 8 25 110
29 79 34 57 3 8 0 0.00 M M 6.7 16 240 M M 0 22 250
30 80 47 64 10 1 0 0.00 M M 15.2 32 260 M M 0 46 280
31 73 40 57 2 8 0 0.00 M M 13.8 31 40 M M 0 8 41 40
================================================================================
SM 2125 1045 423 0 0.14 M 329.9 M 20
================================================================================
AV 68.5 33.7 10.6 FASTST M M 1 MAX(MPH)
MISC ----> # 40 270 57 280
================================================================================
NOTES:
# LAST OF SEVERAL OCCURRENCES
COLUMN 17 PEAK WIND IN M.P.H.
PRELIMINARY LOCAL CLIMATOLOGICAL DATA (WS FORM: F-6) , PAGE 2
STATION: DEMING
MONTH: MARCH
YEAR: 2021
LATITUDE: 32 15 N
LONGITUDE: 107 42 W
[TEMPERATURE DATA] [PRECIPITATION DATA] SYMBOLS USED IN COLUMN 16
AVERAGE MONTHLY: 51.1 TOTAL FOR MONTH: 0.14 1 = FOG OR MIST
DPTR FM NORMAL: -0.3 DPTR FM NORMAL: -0.28 2 = FOG REDUCING VISIBILITY
HIGHEST: 81 ON 8 GRTST 24HR 0.14 ON 23-24 TO 1/4 MILE OR LESS
LOWEST: 25 ON 3 3 = THUNDER
SNOW, ICE PELLETS, HAIL 4 = ICE PELLETS
TOTAL MONTH: M 5 = HAIL
GRTST 24HR M ON M 6 = FREEZING RAIN OR DRIZZLE
GRTST DEPTH: M ON M 7 = DUSTSTORM OR SANDSTORM:
VSBY 1/2 MILE OR LESS
8 = SMOKE OR HAZE
[NO. OF DAYS WITH] [WEATHER - DAYS WITH] 9 = BLOWING SNOW
X = TORNADO
MAX 32 OR BELOW: 0 0.01 INCH OR MORE: 1
MAX 90 OR ABOVE: 0 0.10 INCH OR MORE: 1
MIN 32 OR BELOW: 15 0.50 INCH OR MORE: 0
MIN 0 OR BELOW: 0 1.00 INCH OR MORE: 0
[HDD (BASE 65) ]
TOTAL THIS MO. 423 CLEAR (SCALE 0-3) 29
DPTR FM NORMAL 1 PTCLDY (SCALE 4-7) 2
TOTAL FM JUL 1 2891 CLOUDY (SCALE 8-10) 0
DPTR FM NORMAL -80
[CDD (BASE 65) ]
TOTAL THIS MO. 0
DPTR FM NORMAL 0 [PRESSURE DATA]
TOTAL FM JAN 1 0 HIGHEST SLP 30.34 ON 1
DPTR FM NORMAL 0 LOWEST SLP 29.47 ON 23
[REMARKS]
#FINAL-03-21#