000
CXUS54 KEPZ 011200
CF6DMN
PRELIMINARY LOCAL CLIMATOLOGICAL DATA (WS FORM: F-6)
STATION: DEMING
MONTH: APRIL
YEAR: 2020
LATITUDE: 32 15 N
LONGITUDE: 107 42 W
TEMPERATURE IN F: :PCPN: SNOW: WIND :SUNSHINE: SKY :PK WND
================================================================================
1 2 3 4 5 6A 6B 7 8 9 10 11 12 13 14 15 16 17 18
12Z AVG MX 2MIN
DY MAX MIN AVG DEP HDD CDD WTR SNW DPTH SPD SPD DIR MIN PSBL S-S WX SPD DR
================================================================================
1 80 47 64 9 1 0 0.00 0.0 0 10.4 26 270 M M 2 37 270
2 77 46 62 7 3 0 0.00 0.0 0 11.6 25 270 M M 0 38 290
3 74 38 56 0 9 0 0.00 0.0 0 7.8 16 230 M M 0 23 220
4 76 40 58 2 7 0 0.00 0.0 0 7.9 23 250 M M 0 31 270
5 75 41 58 2 7 0 0.00 M 0 8.0 18 270 M M 0 29 270
6 74 50 62 6 3 0 0.00 0.0 0 9.4 23 260 M M 0 35 260
7 76 41 59 2 6 0 0.00 0.0 0 7.2 18 230 M M 1 29 250
8 77 40 59 2 6 0 0.00 0.0 0 7.2 17 220 M M 0 29 250
9 75 46 61 3 4 0 0.00 0.0 0 10.8 21 250 M M 0 37 270
10 75 36 56 -2 9 0 0.00 0.0 0 7.2 20 270 M M 0 36 210
11 70 34 52 -6 13 0 0.00 0.0 0 12.8 31 280 M M 1 43 270
12 68 39 54 -4 11 0 0.00 0.0 0 17.0 31 280 M M 0 44 250
13 74 40 57 -2 8 0 0.00 0.0 0 15.5 32 280 M M 1 45 270
14 71 36 54 -5 11 0 0.00 0.0 0 8.1 22 270 M M 1 29 270
15 73 41 57 -3 8 0 0.00 0.0 0 8.4 23 270 M M 2 30 250
16 79 35 57 -3 8 0 0.00 0.0 0 10.1 21 270 M M 0 33 240
17 78 40 59 -1 6 0 0.00 0.0 0 10.3 22 260 M M 0 32 210
18 77 45 61 0 4 0 0.00 0.0 0 14.4 30 240 M M 0 42 240
19 76 38 57 -4 8 0 0.00 0.0 0 11.2 24 280 M M 0 39 250
20 80 45 63 2 2 0 0.00 0.0 0 10.3 22 280 M M 0 32 270
21 83 41 62 0 3 0 0.00 0.0 0 11.7 23 250 M M 0 41 230
22 79 46 63 1 2 0 T 0.0 0 10.2 14 300 M M 1 39 250
23 84 44 64 2 1 0 0.00 0.0 0 12.2 26 260 M M 0 39 260
24 89 47 68 5 0 3 0.00 0.0 0 9.7 25 280 M M 0 37 260
25 84 45 65 2 0 0 0.00 0.0 0 6.2 17 80 M M 0 23 100
26 93 46 70 7 0 5 0.00 0.0 0 7.3 17 240 M M 0 25 280
27 91 50 71 7 0 6 0.00 0.0 0 8.1 17 250 M M 0 28 250
28 92 49 71 7 0 6 0.00 0.0 0 9.2 21 250 M M 0 28 250
29 86 49 68 4 0 3 0.00 0.0 0 9.0 20 100 M M 0 29 80
30 90 51 71 6 0 6 0.00 0.0 0 5.7 12 240 M M 0 16 220
================================================================================
SM 2376 1286 140 29 T 0.0 294.9 M 9
================================================================================
AV 79.2 42.9 9.8 FASTST M M 0 MAX(MPH)
MISC ----> # 32 280 # 45 270
================================================================================
NOTES:
# LAST OF SEVERAL OCCURRENCES
COLUMN 17 PEAK WIND IN M.P.H.
PRELIMINARY LOCAL CLIMATOLOGICAL DATA (WS FORM: F-6) , PAGE 2
STATION: DEMING
MONTH: APRIL
YEAR: 2020
LATITUDE: 32 15 N
LONGITUDE: 107 42 W
[TEMPERATURE DATA] [PRECIPITATION DATA] SYMBOLS USED IN COLUMN 16
AVERAGE MONTHLY: 61.0 TOTAL FOR MONTH: T 1 = FOG OR MIST
DPTR FM NORMAL: 1.2 DPTR FM NORMAL: -0.36 2 = FOG REDUCING VISIBILITY
HIGHEST: 93 ON 26 GRTST 24HR T ON 22-22 TO 1/4 MILE OR LESS
LOWEST: 34 ON 11 3 = THUNDER
SNOW, ICE PELLETS, HAIL 4 = ICE PELLETS
TOTAL MONTH: 0.0 INCH 5 = HAIL
GRTST 24HR 0.0 6 = FREEZING RAIN OR DRIZZLE
GRTST DEPTH: 0 7 = DUSTSTORM OR SANDSTORM:
VSBY 1/2 MILE OR LESS
8 = SMOKE OR HAZE
[NO. OF DAYS WITH] [WEATHER - DAYS WITH] 9 = BLOWING SNOW
X = TORNADO
MAX 32 OR BELOW: 0 0.01 INCH OR MORE: 0
MAX 90 OR ABOVE: 4 0.10 INCH OR MORE: 0
MIN 32 OR BELOW: 0 0.50 INCH OR MORE: 0
MIN 0 OR BELOW: 0 1.00 INCH OR MORE: 0
[HDD (BASE 65) ]
TOTAL THIS MO. 140 CLEAR (SCALE 0-3) 30
DPTR FM NORMAL -35 PTCLDY (SCALE 4-7) 0
TOTAL FM JUL 1 2893 CLOUDY (SCALE 8-10) 0
DPTR FM NORMAL -253
[CDD (BASE 65) ]
TOTAL THIS MO. 29
DPTR FM NORMAL 11 [PRESSURE DATA]
TOTAL FM JAN 1 29 HIGHEST SLP M ON M
DPTR FM NORMAL 11 LOWEST SLP 29.56 ON 11
[REMARKS]
#FINAL-04-20#