000
CXUS52 KCAE 011807
CLMDNL
CLIMATE REPORT
NATIONAL WEATHER SERVICE COLUMBIA SC
207 PM EDT THU JUN 01 2023
...................................
...THE AUGUSTA DANIEL FIELD GA CLIMATE SUMMARY FOR THE MONTH OF MAY 2023...
CLIMATE NORMAL PERIOD: 1991 TO 2020
CLIMATE RECORD PERIOD: 9999 TO 9999
WEATHER OBSERVED NORMAL DEPART LAST YEAR`S
VALUE DATE(S) VALUE FROM VALUE
NORMAL
..............................................................
TEMPERATURE (F)
HIGHEST 91 05/09 MM MM
LOWEST 50 05/01 MM MM
05/04
AVG. MAXIMUM 78.4 85.1 -6.7
AVG. MINIMUM 61.7 64.4 -2.7
MEAN 70.1 74.7 -4.6
DAYS MAX >= 90 2 6.9 -4.9
DAYS MAX <= 32 0 0.0 0.0
DAYS MIN <= 32 0 0.0 0.0
DAYS MIN <= 0 0 0.0 0.0
PRECIPITATION (INCHES)
TOTALS 4.21 2.82 1.39
DAYS >= .01 10 8.0 2.0
DAYS >= .10 9 4.9 4.1
DAYS >= .50 3 2.1 0.9
DAYS >= 1.00 1 0.7 0.3
GREATEST
24 HR. TOTAL 1.17 05/27 TO 05/27
DAYS >= TRACE MM
DEGREE DAYS
HEATING TOTAL 20 6 14
SINCE 7/1 1632 1878 -246
COOLING TOTAL 183 309 -126
SINCE 1/1 357 482 -125
..............................................................
WIND (MPH)
AVERAGE WIND SPEED 6.7
RESULTANT WIND SPEED/DIRECTION 3/050
HIGHEST WIND SPEED/DIRECTION 24/030 DATE 05/27
HIGHEST GUST SPEED/DIRECTION 32/300 DATE 05/02
32/040 05/27
SKY COVER
POSSIBLE SUNSHINE (PERCENT) MM
AVERAGE SKY COVER 0.43
NUMBER OF DAYS FAIR 15
NUMBER OF DAYS PC 9
NUMBER OF DAYS CLOUDY 7
AVERAGE RH (PERCENT) 66
WEATHER CONDITIONS. NUMBER OF DAYS WITH
THUNDERSTORM 3 MIXED PRECIP 0
HEAVY RAIN 6 RAIN 8
LIGHT RAIN 15 FREEZING RAIN 0
LT FREEZING RAIN 0 HAIL 0
HEAVY SNOW 0 SNOW 0
LIGHT SNOW 0 SLEET 0
FOG 15 FOG W/VIS <= 1/4 MILE 1
HAZE 3
- INDICATES NEGATIVE NUMBERS.
R INDICATES RECORD WAS SET OR TIED.
MM INDICATES DATA IS MISSING.
T INDICATES TRACE AMOUNT.
$$