000
CXUS52 KCAE 011914
CLMDNL
CLIMATE REPORT
NATIONAL WEATHER SERVICE COLUMBIA SC
214 PM EST THU FEB 01 2024
...................................
...THE AUGUSTA DANIEL FIELD GA CLIMATE SUMMARY FOR THE MONTH OF JANUARY 2024...
CLIMATE NORMAL PERIOD: 1991 TO 2020
CLIMATE RECORD PERIOD: 9999 TO 9999
WEATHER OBSERVED NORMAL DEPART LAST YEAR`S
VALUE DATE(S) VALUE FROM VALUE
NORMAL
..............................................................
TEMPERATURE (F)
HIGHEST 79 01/25 MM MM
LOWEST 19 01/21 MM MM
AVG. MAXIMUM 58.1 58.1 0.0
AVG. MINIMUM 38.7 39.8 -1.1
MEAN 48.4 49.0 -0.6
DAYS MAX >= 90 0 0.0 0.0
DAYS MAX <= 32 0 0.2 -0.2
DAYS MIN <= 32 8 8.8 -0.8
DAYS MIN <= 0 0 0.0 0.0
PRECIPITATION (INCHES)
TOTALS 3.01R 3.77 -0.76
DAYS >= .01 11 9.6 1.4
DAYS >= .10 3 5.6 -2.6
DAYS >= .50 2 2.1 -0.1
DAYS >= 1.00 1 0.8 0.2
GREATEST
24 HR. TOTAL 1.78 01/08 TO 01/09
DAYS >= TRACE MM
DEGREE DAYS
HEATING TOTAL 519 502 17
SINCE 7/1 1209 1227 -18
COOLING TOTAL 15 4 11
SINCE 1/1 15 4 11
..............................................................
WIND (MPH)
AVERAGE WIND SPEED 6.2
RESULTANT WIND SPEED/DIRECTION 1/310
HIGHEST WIND SPEED/DIRECTION 29/170 DATE 01/09
HIGHEST GUST SPEED/DIRECTION 45/180 DATE 01/09
SKY COVER
POSSIBLE SUNSHINE (PERCENT) MM
AVERAGE SKY COVER 0.29
NUMBER OF DAYS FAIR 20
NUMBER OF DAYS PC 6
NUMBER OF DAYS CLOUDY 5
AVERAGE RH (PERCENT) 62
WEATHER CONDITIONS. NUMBER OF DAYS WITH
THUNDERSTORM 2 MIXED PRECIP 0
HEAVY RAIN 3 RAIN 3
LIGHT RAIN 13 FREEZING RAIN 0
LT FREEZING RAIN 0 HAIL 0
HEAVY SNOW 0 SNOW 0
LIGHT SNOW 0 SLEET 0
FOG 11 FOG W/VIS <= 1/4 MILE 3
HAZE 2
- INDICATES NEGATIVE NUMBERS.
R INDICATES RECORD WAS SET OR TIED.
MM INDICATES DATA IS MISSING.
T INDICATES TRACE AMOUNT.
$$