000
CXUS52 KCAE 011541
CLMDNL
CLIMATE REPORT
NATIONAL WEATHER SERVICE COLUMBIA SC
1041 AM EST FRI DEC 01 2023
...................................
...THE AUGUSTA DANIEL FIELD GA CLIMATE SUMMARY FOR THE MONTH OF NOVEMBER 2023...
CLIMATE NORMAL PERIOD: 1991 TO 2020
CLIMATE RECORD PERIOD: 9999 TO 9999
WEATHER OBSERVED NORMAL DEPART LAST YEAR`S
VALUE DATE(S) VALUE FROM VALUE
NORMAL
..............................................................
TEMPERATURE (F)
HIGHEST 82 11/08 MM MM
LOWEST 30 11/29 MM MM
AVG. MAXIMUM 66.5 67.7 -1.2
AVG. MINIMUM 47.4 48.0 -0.6
MEAN 56.9 57.9 -1.0
DAYS MAX >= 90 0 0.0 0.0
DAYS MAX <= 32 0 0.0 0.0
DAYS MIN <= 32 1 1.2 -0.2
DAYS MIN <= 0 0 0.0 0.0
PRECIPITATION (INCHES)
TOTALS 0.19R 2.75 -2.56
DAYS >= .01 1 7.1 -6.1
DAYS >= .10 1 4.0 -3.0
DAYS >= .50 0 1.7 -1.7
DAYS >= 1.00 0 0.9 -0.9
GREATEST
24 HR. TOTAL 0.19 11/26 TO 11/26
DAYS >= TRACE MM
DEGREE DAYS
HEATING TOTAL 254 240 14
SINCE 7/1 300 298 2
COOLING TOTAL 17 25 -8
SINCE 1/1 2361 2655 -294
..............................................................
WIND (MPH)
AVERAGE WIND SPEED 5.7
RESULTANT WIND SPEED/DIRECTION 3/040
HIGHEST WIND SPEED/DIRECTION 17/360 DATE 11/01
17/070 11/14
HIGHEST GUST SPEED/DIRECTION 29/250 DATE 11/22
SKY COVER
POSSIBLE SUNSHINE (PERCENT) MM
AVERAGE SKY COVER 0.29
NUMBER OF DAYS FAIR 19
NUMBER OF DAYS PC 7
NUMBER OF DAYS CLOUDY 4
AVERAGE RH (PERCENT) 60
WEATHER CONDITIONS. NUMBER OF DAYS WITH
THUNDERSTORM 0 MIXED PRECIP 0
HEAVY RAIN 1 RAIN 3
LIGHT RAIN 11 FREEZING RAIN 0
LT FREEZING RAIN 0 HAIL 0
HEAVY SNOW 0 SNOW 0
LIGHT SNOW 0 SLEET 0
FOG 6 FOG W/VIS <= 1/4 MILE 0
HAZE 1
- INDICATES NEGATIVE NUMBERS.
R INDICATES RECORD WAS SET OR TIED.
MM INDICATES DATA IS MISSING.
T INDICATES TRACE AMOUNT.
$$