000
CXUS53 KDMX 130321
CF6DSM
PRELIMINARY LOCAL CLIMATOLOGICAL DATA (WS FORM: F-6)
STATION: DES MOINES IA
MONTH: JULY
YEAR: 2022
LATITUDE: 41 31 N
LONGITUDE: 93 39 W
TEMPERATURE IN F: :PCPN: SNOW: WIND :SUNSHINE: SKY :PK WND
================================================================================
1 2 3 4 5 6A 6B 7 8 9 10 11 12 13 14 15 16 17 18
12Z AVG MX 2MIN
DY MAX MIN AVG DEP HDD CDD WTR SNW DPTH SPD SPD DIR MIN PSBL S-S WX SPD DR
================================================================================
1 79 66 73 -2 0 8 0.09 0.0 0 5.4 18 30 M M 7 1 25 30
2 83 59 71 -4 0 6 0.00 0.0 0 5.9 17 160 M M 3 23 170
3 88 64 76 0 0 11 0.00 0.0 0 8.7 16 160 M M 2 22 150
4 95 73 84 8 0 19 0.28 0.0 0 10.7 23 190 M M 6 13 35 190
5 97 71 84 8 0 19 0.27 0.0 0 10.1 37 340 M M 5 138 52 350
6 77 70 74 -2 0 9 1.41 0.0 0 5.3 15 60 M M 8 13 25 70
7 81 72 77 1 0 12 0.07 0.0 0 5.5 12 130 M M 9 13 20 110
8 81 71 76 0 0 11 0.03 0.0 0 7.5 22 70 M M 7 1 28 60
9 85 68 77 1 0 12 0.00 0.0 0 5.7 10 50 M M 2 17 60
10 88 68 78 2 0 13 0.00 0.0 0 11.7 26 200 M M 2 34 210
11 85 68 77 1 0 12 0.01 0.0 0 10.2 25 320 M M 6 3 37 320
12 85 62 74 -2 0 9 0.00 0.0 0 7.5 16 310 M M 1 27 330
13 89 63 76 0 0 11 0.00 0.0 0 5.9 15 280 M M 3 19 330
14 93 70 82 6 0 17 0.00 0.0 0 9.2 18 170 M M 2 25 180
15 95 73 84 8 0 19 T 0.0 0 11.9 21 170 M M 6 3 29 170
16 81 72 77 1 0 12 T 0.0 0 7.7 13 60 M M 10 1 21 80
17 87 71 79 3 0 14 T 0.0 0 5.2 13 30 M M 6 1 18 360
18 91 66 79 3 0 14 0.00 0.0 0 3.7 12 200 M M 1 16 190
19 94 69 82 6 0 17 0.00 0.0 0 12.1 25 190 M M 2 34 180
20 89 69 79 3 0 14 0.00 0.0 0 12.3 24 290 M M 1 32 300
21 93 68 81 5 0 16 T 0.0 0 8.3 21 310 M M 2 38 30 300
22 96 66 81 5 0 16 0.07 0.0 0 9.3 22 180 M M 5 3 28 190
23 99 78 89 13 0 24 0.02 0.0 0 13.1 25 230 M M 4 3 34 220
24 86 71 79 3 0 14 0.00 0.0 0 10.3 18 360 M M 5 26 350
25 76 63 70 -6 0 5 T 0.0 0 4.4 12 30 M M 8 16 100
26 82 63 73 -3 0 8 T 0.0 0 5.4 16 200 M M 7 23 200
27 88 70 79 3 0 14 0.00 0.0 0 8.6 17 300 M M 4 24 320
28 81 65 73 -3 0 8 0.00 0.0 0 8.1 22 340 M M 6 30 340
29 82 58 70 -6 0 5 0.00 0.0 0 5.2 15 300 M M 3 24 310
30 85 62 74 -2 0 9 0.00 0.0 0 5.8 14 160 M M 3 20 140
31 88 65 77 1 0 12 0.00 0.0 0 9.8 20 220 M M 3 31 220
================================================================================
SM 2699 2094 0 390 2.25 0.0 250.5 M 139
================================================================================
AV 87.1 67.5 8.1 FASTST M M 4 MAX(MPH)
MISC ----> 37 340 52 350
================================================================================
NOTES:
# LAST OF SEVERAL OCCURRENCES
COLUMN 17 PEAK WIND IN M.P.H.
PRELIMINARY LOCAL CLIMATOLOGICAL DATA (WS FORM: F-6) , PAGE 2
STATION: DES MOINES IA
MONTH: JULY
YEAR: 2022
LATITUDE: 41 31 N
LONGITUDE: 93 39 W
[TEMPERATURE DATA] [PRECIPITATION DATA] SYMBOLS USED IN COLUMN 16
AVERAGE MONTHLY: 77.3 TOTAL FOR MONTH: 2.25 1 = FOG OR MIST
DPTR FM NORMAL: 1.3 DPTR FM NORMAL: -1.57 2 = FOG REDUCING VISIBILITY
HIGHEST: 99 ON 23 GRTST 24HR 1.68 ON 5- 6 TO 1/4 MILE OR LESS
LOWEST: 58 ON 29 3 = THUNDER
SNOW, ICE PELLETS, HAIL 4 = ICE PELLETS
TOTAL MONTH: 0.0 INCH 5 = HAIL
GRTST 24HR 0.0 6 = FREEZING RAIN OR DRIZZLE
GRTST DEPTH: 0 7 = DUSTSTORM OR SANDSTORM:
VSBY 1/2 MILE OR LESS
8 = SMOKE OR HAZE
[NO. OF DAYS WITH] [WEATHER - DAYS WITH] 9 = BLOWING SNOW
X = TORNADO
MAX 32 OR BELOW: 0 0.01 INCH OR MORE: 9
MAX 90 OR ABOVE: 9 0.10 INCH OR MORE: 3
MIN 32 OR BELOW: 0 0.50 INCH OR MORE: 1
MIN 0 OR BELOW: 0 1.00 INCH OR MORE: 1
[HDD (BASE 65) ]
TOTAL THIS MO. 0 CLEAR (SCALE 0-3) 13
DPTR FM NORMAL -1 PTCLDY (SCALE 4-7) 15
TOTAL FM JUL 1 0 CLOUDY (SCALE 8-10) 3
DPTR FM NORMAL 0
[CDD (BASE 65) ]
TOTAL THIS MO. 390
DPTR FM NORMAL 48 [PRESSURE DATA]
TOTAL FM JAN 1 810 HIGHEST SLP 30.19 ON 9
DPTR FM NORMAL 155 LOWEST SLP 29.66 ON 19
[REMARKS]
#FINAL-07-22#