000
CXUS53 KFGF 010815
CF6DVL
PRELIMINARY LOCAL CLIMATOLOGICAL DATA (WS FORM: F-6)
STATION: DEVILS LAKE ND
MONTH: SEPTEMBER
YEAR: 2020
LATITUDE: 48 7 N
LONGITUDE: 98 54 W
TEMPERATURE IN F: :PCPN: SNOW: WIND :SUNSHINE: SKY :PK WND
================================================================================
1 2 3 4 5 6A 6B 7 8 9 10 11 12 13 14 15 16 17 18
12Z AVG MX 2MIN
DY MAX MIN AVG DEP HDD CDD WTR SNW DPTH SPD SPD DIR MIN PSBL S-S WX SPD DR
================================================================================
1 77 49 63 -2 2 0 T 0.0 0 16.9 31 280 M M 3 44 280
2 74 48 61 -3 4 0 0.13 0.0 0 11.7 43 340 M M 4 1 53 320
3 66 49 58 -6 7 0 0.00 0.0 0 19.9 27 290 M M 1 36 280
4 72 48 60 -4 5 0 T 0.0 0 8.6 15 300 M M 3 M M
5 80 45 63 0 2 0 0.00 0.0 0 7.2 15 150 M M 1 M M
6 70 50 60 -3 5 0 0.00 0.0 0 18.7 33 310 M M 1 39 330
7 51 36 44 -18 21 0 0.00 0.0 0 11.1 17 330 M M 4 22 320
8 52 31 42 -20 23 0 0.00 0.0 0 7.3 14 340 M M 5 18 340
9 59 32 46 -16 19 0 0.00 0.0 0 9.9 17 200 M M 1 24 210
10 74 47 61 0 4 0 0.00 0.0 0 12.2 22 220 M M 0 M M
11 68 45 57 -4 8 0 T M M 11.2 15 170 M M 1 M M
12 73 48 61 1 4 0 M M M 7.9 12 250 M M 1 M M
13 63 46 55 -5 10 0 T M M 9.2 13 40 M M 3 20 20
14 68 43 56 -3 9 0 M M M 11.2 21 150 M M 0 23 140
15 64 48 56 -3 9 0 M M M 6.4 12 310 M M 2 128 M M
16 60 44 52 -6 13 0 M M M 8.7 17 350 M M 4 8 18 320
17 59 40 50 -8 15 0 M M M 6.6 12 90 M M 5 M M
18 72 44 58 1 7 0 M M M 10.3 15 190 M M 3 M M
19 77 45 61 4 4 0 M M M 9.8 14 130 M M 0 22 120
20 80 58 69 13 0 4 0.00 0.0 0 13.5 17 210 M M 1 24 240
21 77 49 63 7 2 0 0.00 0.0 0 16.6 28 270 M M 0 37 240
22 84 46 65 9 0 0 0.00 0.0 0 6.6 13 210 M M 0 1 M M
23 64 49 57 2 8 0 T 0.0 0 10.6 21 30 M M 2 27 40
24 75 38 57 2 8 0 M M M 10.2 18 170 M M 3 12 25 170
25 75 55 65 11 0 0 T M M 11.7 21 250 M M 1 23 270
26 72 52 62 8 3 0 T M M 13.3 24 260 M M 3 38 280
27 61 51 56 3 9 0 0.17 M M 20.2 30 340 M M 9 1 39 340
28 57 47 52 -1 13 0 T M M 14.0 23 320 M M 7 28 320
29 68 45 57 5 8 0 T M M 16.0 22 280 M M 3 38 320
30 57 43 50 -2 15 0 0.02 M M 17.5 27 300 M M 6 39 310
================================================================================
SM 2049 1371 237 4 0.32 0.0 355.1 M 77
================================================================================
AV 68.3 45.7 11.8 FASTST M M 3 MAX(MPH)
MISC ----> 43 340 53 320
================================================================================
NOTES:
# LAST OF SEVERAL OCCURRENCES
COLUMN 17 PEAK WIND IN M.P.H.
PRELIMINARY LOCAL CLIMATOLOGICAL DATA (WS FORM: F-6) , PAGE 2
STATION: DEVILS LAKE ND
MONTH: SEPTEMBER
YEAR: 2020
LATITUDE: 48 7 N
LONGITUDE: 98 54 W
[TEMPERATURE DATA] [PRECIPITATION DATA] SYMBOLS USED IN COLUMN 16
AVERAGE MONTHLY: 57.0 TOTAL FOR MONTH: 0.32 1 = FOG OR MIST
DPTR FM NORMAL: -1.5 DPTR FM NORMAL: -1.46 2 = FOG REDUCING VISIBILITY
HIGHEST: 84 ON 22 GRTST 24HR 0.17 ON 27-27 TO 1/4 MILE OR LESS
LOWEST: 31 ON 8 3 = THUNDER
SNOW, ICE PELLETS, HAIL 4 = ICE PELLETS
TOTAL MONTH: 0.0 INCH 5 = HAIL
GRTST 24HR 0.0 6 = FREEZING RAIN OR DRIZZLE
GRTST DEPTH: 0 7 = DUSTSTORM OR SANDSTORM:
VSBY 1/2 MILE OR LESS
8 = SMOKE OR HAZE
[NO. OF DAYS WITH] [WEATHER - DAYS WITH] 9 = BLOWING SNOW
X = TORNADO
MAX 32 OR BELOW: 0 0.01 INCH OR MORE: 3
MAX 90 OR ABOVE: 0 0.10 INCH OR MORE: 2
MIN 32 OR BELOW: 2 0.50 INCH OR MORE: 0
MIN 0 OR BELOW: 0 1.00 INCH OR MORE: 0
[HDD (BASE 65) ]
TOTAL THIS MO. 237 CLEAR (SCALE 0-3) 19
DPTR FM NORMAL 5 PTCLDY (SCALE 4-7) 10
TOTAL FM JUL 1 261 CLOUDY (SCALE 8-10) 1
DPTR FM NORMAL -36
[CDD (BASE 65) ]
TOTAL THIS MO. 4
DPTR FM NORMAL -32 [PRESSURE DATA]
TOTAL FM JAN 1 448 HIGHEST SLP M ON M
DPTR FM NORMAL -23 LOWEST SLP M ON M
[REMARKS]
#FINAL-09-20#