000
CXUS55 KDVN 011100
CF6DVN
PRELIMINARY LOCAL CLIMATOLOGICAL DATA (WS FORM: F-6)
STATION: DAVENPORT IA
MONTH: JANUARY
YEAR: 2022
LATITUDE: 41 37 N
LONGITUDE: 90 35 W
TEMPERATURE IN F: :PCPN: SNOW: WIND :SUNSHINE: SKY :PK WND
================================================================================
1 2 3 4 5 6A 6B 7 8 9 10 11 12 13 14 15 16 17 18
12Z AVG MX 2MIN
DY MAX MIN AVG DEP HDD CDD WTR SNW DPTH SPD SPD DIR MIN PSBL S-S WX SPD DR
================================================================================
1 29 13 21 -2 44 0 0.18 6.2 2 17.9 25 10 M M 10 12 32 10
2 13 -5 4 -19 61 0 T 0.1 7 10.7 22 340 M M 3 1 26 340
3 23 -6 9 -14 56 0 0.00 0.0 7 10.4 18 190 M M 0 27 180
4 33 21 27 4 38 0 0.00 0.0 7 16.1 29 260 M M 0 39 260
5 30 5 18 -5 47 0 T T 6 23.9 37 280 M M 6 18 48 270
6 5 -7 -1 -23 66 0 0.00 0.0 3 17.1 26 290 M M 1 8 32 280
7 11 -8 2 -20 63 0 0.00 0.0 3 9.2 17 140 M M 1 22 140
8 31 11 21 -1 44 0 0.02 T 3 12.3 23 170 M M 7 168 31 170
9 31 7 19 -3 46 0 0.00 0.0 3 15.1 33 310 M M 2 1 43 310
10 16 4 10 -12 55 0 0.00 0.0 3 8.4 18 320 M M 3 22 320
11 41 3 22 0 43 0 0.00 0.0 3 14.2 29 180 M M 0 38 210
12 43 29 36 14 29 0 0.00 0.0 3 6.8 13 210 M M 1 17 250
13 38 26 32 10 33 0 0.00 0.0 2 5.2 9 320 M M 1 18 11 280
14 33 21 27 5 38 0 0.19 3.1 2 14.3 24 40 M M 9 1 32 60
15 22 8 15 -7 50 0 0.06 0.9 5 14.1 25 40 M M 7 18 34 50
16 24 1 13 -9 52 0 T T 5 8.1 18 310 M M 5 1 24 310
17 26 19 23 1 42 0 0.00 0.0 5 11.1 21 320 M M 6 8 27 330
18 42 21 32 11 33 0 0.00 0.0 5 13.8 26 290 M M 3 35 300
19 35 3 19 -2 46 0 0.00 0.0 3 20.7 32 290 M M 1 42 290
20 7 -3 2 -19 63 0 0.00 0.0 2 8.4 13 280 M M 0 17 330
21 18 -5 7 -14 58 0 0.00 0.0 2 7.4 16 210 M M 0 25 210
22 31 16 24 3 41 0 T 0.1 2 13.6 29 290 M M 6 8 36 290
23 38 12 25 3 40 0 T T 2 12.1 26 10 M M 5 16 42 240
24 27 3 15 -7 50 0 0.02 0.3 2 13.2 23 320 M M 7 1 28 310
25 7 -4 2 -20 63 0 0.00 0.0 2 10.8 16 300 M M 0 21 310
26 19 -7 6 -16 59 0 0.00 0.0 2 10.7 21 190 M M 0 28 190
27 34 19 27 5 38 0 T T 2 12.0 20 190 M M 8 28 180
28 24 5 15 -7 50 0 0.00 0.0 2 9.9 17 320 M M 2 20 330
29 31 7 19 -3 46 0 0.00 0.0 2 8.6 17 180 M M 2 22 130
30 27 14 21 -1 44 0 0.00 0.0 1 8.8 20 310 M M 1 18 26 300
31 37 11 24 2 41 0 0.00 0.0 1 13.2 24 150 M M 1 18 35 170
================================================================================
SM 826 234 1479 0 0.47 10.7 378.1 M 98
================================================================================
AV 26.6 7.5 12.2 FASTST M M 3 MAX(MPH)
MISC ----> 37 280 48 270
================================================================================
NOTES:
# LAST OF SEVERAL OCCURRENCES
COLUMN 17 PEAK WIND IN M.P.H.
PRELIMINARY LOCAL CLIMATOLOGICAL DATA (WS FORM: F-6) , PAGE 2
STATION: DAVENPORT IA
MONTH: JANUARY
YEAR: 2022
LATITUDE: 41 37 N
LONGITUDE: 90 35 W
[TEMPERATURE DATA] [PRECIPITATION DATA] SYMBOLS USED IN COLUMN 16
AVERAGE MONTHLY: 17.1 TOTAL FOR MONTH: 0.47 1 = FOG OR MIST
DPTR FM NORMAL: -4.8 DPTR FM NORMAL: -0.67 2 = FOG REDUCING VISIBILITY
HIGHEST: 43 ON 12 GRTST 24HR 0.26 ON 1- 1 TO 1/4 MILE OR LESS
LOWEST: -8 ON 7 3 = THUNDER
SNOW, ICE PELLETS, HAIL 4 = ICE PELLETS
TOTAL MONTH: 10.7 INCHES 5 = HAIL
GRTST 24HR 6.2 ON 1- 1 6 = FREEZING RAIN OR DRIZZLE
GRTST DEPTH: 7 ON 4, 3 7 = DUSTSTORM OR SANDSTORM:
VSBY 1/2 MILE OR LESS
8 = SMOKE OR HAZE
[NO. OF DAYS WITH] [WEATHER - DAYS WITH] 9 = BLOWING SNOW
X = TORNADO
MAX 32 OR BELOW: 21 0.01 INCH OR MORE: 5
MAX 90 OR ABOVE: 0 0.10 INCH OR MORE: 2
MIN 32 OR BELOW: 31 0.50 INCH OR MORE: 0
MIN 0 OR BELOW: 8 1.00 INCH OR MORE: 0
[HDD (BASE 65) ]
TOTAL THIS MO. 1479 CLEAR (SCALE 0-3) 18
DPTR FM NORMAL 145 PTCLDY (SCALE 4-7) 11
TOTAL FM JUL 1 3437 CLOUDY (SCALE 8-10) 2
DPTR FM NORMAL -352
[CDD (BASE 65) ]
TOTAL THIS MO. 0
DPTR FM NORMAL 0 [PRESSURE DATA]
TOTAL FM JAN 1 0 HIGHEST SLP 30.73 ON 20
DPTR FM NORMAL 0 LOWEST SLP 29.52 ON 4
[REMARKS]
#FINAL-01-22#