000
CXUS53 KDVN 011624
CLSDVN
CLIMATE REPORT
NATIONAL WEATHER SERVICE QUAD CITIES IA IL
1030 AM CST TUE MAR 01 2022
...................................
...THE DAVENPORT IA CLIMATE SUMMARY FOR THE SEASON, FROM
12/1/2021 TO 2/28/2022...
CLIMATE NORMAL PERIOD 1991 TO 2020
CLIMATE RECORD PERIOD 9999 TO 9999
WEATHER OBSERVED NORMAL DEPART LAST YEAR`S
VALUE DATE(S) VALUE FROM VALUE
NORMAL
..............................................................
TEMPERATURE (F)
HIGHEST 73 12/15 40 33
LOWEST -8 01/07 12 -20
AVG. MAXIMUM 35.3 33.1 2.2
AVG. MINIMUM 15.6 17.4 -1.8
MEAN 25.5 25.3 0.2
DAYS MAX >= 90 0
DAYS MAX <= 32 36
DAYS MIN <= 32 83
DAYS MIN <= 0 9
PRECIPITATION (INCHES)
TOTALS 2.84 4.22 -1.38
DAILY AVG. 0.03 0.05 -0.02
DAYS >= .01 19
DAYS >= .10 7
DAYS >= .50 1
DAYS >= 1.00 1
GREATEST
24 HR. TOTAL 1.15 12/10 TO 12/10
SNOWFALL (INCHES)
RECORDS
24 HR TOTAL 9.1 12/29/2020 TO 12/29/2020
TOTALS 17.5
SINCE 7/1 17.7
SNOWDEPTH AVG. 1
DAYS >= TRACE 28
DAYS >= 1.0 4
GREATEST
SNOW DEPTH 7 01/02
01/03
01/04
24 HR TOTAL 6.2 01/01 TO 01/01
DEGREE DAYS
HEATING TOTAL 3533 3578 -45
SINCE 7/1 4567 4872 -305
COOLING TOTAL 0 0 0
SINCE 1/1 0 0 0
..............................................................
WIND (MPH)
AVERAGE WIND SPEED 12.3
HIGHEST WIND SPEED/DIRECTION 44/240 DATE 12/16
HIGHEST GUST SPEED/DIRECTION 63/240 DATE 12/16
SKY COVER
POSSIBLE SUNSHINE (PERCENT) MM
AVERAGE SKY COVER 0.35
NUMBER OF DAYS FAIR 51
NUMBER OF DAYS PC 29
NUMBER OF DAYS CLOUDY 10
AVERAGE RH (PERCENT) 70
WEATHER CONDITIONS. NUMBER OF DAYS WITH
THUNDERSTORM 4 HAIL 1
SLEET 1 FOG 34
FOG W/VIS <= 1/4 MILE 7 HAZE 14
- INDICATES NEGATIVE NUMBERS.
R INDICATES RECORD WAS SET OR TIED.
MM INDICATES DATA IS MISSING.
T INDICATES TRACE AMOUNT.
$$
NOTE: SUPPLEMENTAL CLIMATE DATA WAS USED FROM A NEARBY
CLIMATOLOGICALLY REPRESENTATIVE STATION.