000
CXUS54 KEWX 011010
CF6DZB
PRELIMINARY LOCAL CLIMATOLOGICAL DATA (WS FORM: F-6)
STATION: HORSESHOE BAY
MONTH: MAY
YEAR: 2022
LATITUDE: 30 31 N
LONGITUDE: 98 22 W
TEMPERATURE IN F: :PCPN: SNOW: WIND :SUNSHINE: SKY :PK WND
================================================================================
1 2 3 4 5 6A 6B 7 8 9 10 11 12 13 14 15 16 17 18
12Z AVG MX 2MIN
DY MAX MIN AVG DEP HDD CDD WTR SNW DPTH SPD SPD DIR MIN PSBL S-S WX SPD DR
================================================================================
1 88 69 79 M 0 14 0.00 M M 6.4 12 150 M M 6 22 120
2 84 69 77 M 0 12 0.00 M M 10.8 18 160 M M 5 29 180
3 90 74 82 M 0 17 0.00 M M 7.4 13 190 M M 7 24 170
4 90 72 81 M 0 16 0.02 M M 9.3 14 150 M M 8 27 160
5 89 66 78 M 0 13 0.00 M M 7.5 18 160 M M 5 3 31 160
6 100 55 78 M 0 13 0.00 M M 5.9 15 230 M M 1 18 24 230
7 104 75 90 M 0 25 0.00 M M 8.5 16 170 M M 0 8 29 180
8 100 73 87 M 0 22 0.00 M M 9.9 17 180 M M 2 8 28 180
9 97 76 87 M 0 22 0.00 M M 10.3 16 160 M M 4 8 27 180
10 94 77 86 M 0 21 0.00 M M 9.5 16 160 M M 6 8 23 160
11 95 73 84 M 0 19 0.00 M M 10.3 15 210 M M 2 23 130
12 95 68 82 M 0 17 0.00 M M 9.5 15 170 M M 1 23 170
13 95 63 79 M 0 14 0.00 M M 6.5 14 200 M M 1 21 200
14 99 72 86 M 0 21 0.00 M M 7.0 15 210 M M 1 24 190
15 100 70 85 M 0 20 0.00 M M 7.0 15 170 M M 0 22 170
16 100 73 87 M 0 22 0.00 M M 7.0 12 200 M M 1 23 150
17 99 68 84 M 0 19 0.00 M M 9.3 17 180 M M 1 24 160
18 99 70 85 M 0 20 0.00 M M 11.7 18 180 M M 0 27 170
19 98 69 84 M 0 19 0.00 M M 9.5 16 180 M M 1 25 170
20 97 76 87 M 0 22 0.00 M M 10.4 18 180 M M 5 8 29 180
21 98 69 84 M 0 19 0.00 M M 6.3 13 170 M M 3 8 22 340
22 88 63 76 M 0 11 0.00 M M 7.0 12 30 M M 4 20 30
23 89 66 78 M 0 13 0.01 M M 6.6 13 150 M M 6 138 21 120
24 89 58 74 M 0 9 1.19 M M 8.9 15 170 M M 6 3 31 320
25 82 60 71 M 0 6 0.08 M M 8.5 15 330 M M 2 24 310
26 96 58 77 M 0 12 0.00 M M 3.9 9 230 M M 0 18 210
27 98 65 82 M 0 17 0.00 M M 3.0 9 130 M M 0 M M
28 97 73 85 M 0 20 0.00 M M 9.4 16 170 M M 1 22 170
29 97 72 85 M 0 20 0.00 M M 10.5 18 170 M M 1 29 150
30 95 75 85 M 0 20 0.00 M M 12.3 18 170 M M 6 30 170
31 97 76 87 M 0 22 0.00 M M 11.3 16 190 M M 6 23 160
================================================================================
SM 2939 2143 0 537 1.30 M 261.2 M 92
================================================================================
AV 94.8 69.1 8.4 FASTST M M 3 MAX(MPH)
MISC ----> # 18 160 # 31 160
================================================================================
NOTES:
# LAST OF SEVERAL OCCURRENCES
COLUMN 17 PEAK WIND IN M.P.H.
PRELIMINARY LOCAL CLIMATOLOGICAL DATA (WS FORM: F-6) , PAGE 2
STATION: HORSESHOE BAY
MONTH: MAY
YEAR: 2022
LATITUDE: 30 31 N
LONGITUDE: 98 22 W
[TEMPERATURE DATA] [PRECIPITATION DATA] SYMBOLS USED IN COLUMN 16
AVERAGE MONTHLY: 82.0 TOTAL FOR MONTH: 1.30 1 = FOG OR MIST
DPTR FM NORMAL: 0.0 DPTR FM NORMAL: M 2 = FOG REDUCING VISIBILITY
HIGHEST: 104 ON 7 GRTST 24HR 1.19 ON 24-24 TO 1/4 MILE OR LESS
LOWEST: 55 ON 6 3 = THUNDER
SNOW, ICE PELLETS, HAIL 4 = ICE PELLETS
TOTAL MONTH: M 5 = HAIL
GRTST 24HR M ON M 6 = FREEZING RAIN OR DRIZZLE
GRTST DEPTH: M ON M 7 = DUSTSTORM OR SANDSTORM:
VSBY 1/2 MILE OR LESS
8 = SMOKE OR HAZE
[NO. OF DAYS WITH] [WEATHER - DAYS WITH] 9 = BLOWING SNOW
X = TORNADO
MAX 32 OR BELOW: 0 0.01 INCH OR MORE: 4
MAX 90 OR ABOVE: 24 0.10 INCH OR MORE: 1
MIN 32 OR BELOW: 0 0.50 INCH OR MORE: 1
MIN 0 OR BELOW: 0 1.00 INCH OR MORE: 1
[HDD (BASE 65) ]
TOTAL THIS MO. 0 CLEAR (SCALE 0-3) 17
DPTR FM NORMAL M PTCLDY (SCALE 4-7) 13
TOTAL FM JUL 1 1574 CLOUDY (SCALE 8-10) 1
DPTR FM NORMAL M
[CDD (BASE 65) ]
TOTAL THIS MO. 537
DPTR FM NORMAL M [PRESSURE DATA]
TOTAL FM JAN 1 840 HIGHEST SLP M ON M
DPTR FM NORMAL M LOWEST SLP M ON M
[REMARKS]
#FINAL-05-22#