000
CXUS54 KMAF 011210
CF6E38
PRELIMINARY LOCAL CLIMATOLOGICAL DATA (WS FORM: F-6)
STATION: ALPINE-CASPARIS MUNICIPAL
MONTH: NOVEMBER
YEAR: 2023
LATITUDE: 30 23 N
LONGITUDE: 103 41 W
TEMPERATURE IN F: :PCPN: SNOW: WIND :SUNSHINE: SKY :PK WND
================================================================================
1 2 3 4 5 6A 6B 7 8 9 10 11 12 13 14 15 16 17 18
12Z AVG MX 2MIN
DY MAX MIN AVG DEP HDD CDD WTR SNW DPTH SPD SPD DIR MIN PSBL S-S WX SPD DR
================================================================================
1 62 28 45 M 20 0 M M M 6.0 12 190 M M 0 16 190
2 71 39 55 M 10 0 M M M 9.6 14 230 M M 0 23 260
3 80 49 65 M 0 0 M M M 9.2 14 250 M M 0 17 230
4 83 49 66 M 0 1 M M M 6.9 10 250 M M 0 18 250
5 81 49 65 M 0 0 M M M 7.1 13 200 M M 0 17 210
6 87 59 73 M 0 8 M M M 8.9 15 260 M M 0 21 290
7 86 60 73 M 0 8 M M M 9.1 14 260 M M 0 22 250
8 84 57 71 M 0 6 M M M 7.9 18 270 M M 4 24 270
9 73 43 58 M 7 0 0.61 M M 7.8 12 50 M M 10 17 40
10 43 39 41 M 24 0 0.13 M M 8.0 13 40 M M 10 M M
11 48 39 44 M 21 0 0.01 M M 2.0 5 80 M M 10 M M
12 54 45 50 M 15 0 0.40 M M 3.3 9 60 M M 9 M M
13 52 49 51 M 14 0 0.48 M M 6.3 10 40 M M 10 M M
14 65 44 55 M 10 0 0.01 M M 2.3 12 220 M M 4 16 0
15 71 47 59 M 6 0 M M M 4.7 9 230 M M 0 M M
16 67 49 58 M 7 0 M M M 10.9 20 230 M M 0 25 240
17 78 56 67 M 0 2 M M M 4.7 14 70 M M 2 17 250
18 76 55 66 M 0 1 M M M 5.4 12 210 M M 4 M M
19 73 52 63 M 2 0 M M M 11.5 30 250 M M 0 39 250
20 60 48 54 M 11 0 M M M 11.0 17 320 M M 1 28 320
21 51 32 42 M 23 0 M M M 14.0 23 10 M M 5 32 10
22 59 27 43 M 22 0 M M M 4.3 12 210 M M 0 M M
23 63 38 51 M 14 0 M M M 10.1 17 230 M M 0 23 230
24 56 36 46 M 19 0 M M M 5.8 12 70 M M 0 17 80
25 66 33 50 M 15 0 M M M 5.5 14 220 M M 3 22 220
26 44 32 38 M 27 0 M M M 5.4 15 10 M M 7 M M
27 52 29 41 M 24 0 M M M 1.8 6 330 M M 6 M M
28 63 30 47 M 18 0 M M M 4.0 8 220 M M 1 M M
29 68 38 53 M 12 0 M M M 7.5 15 230 M M 0 21 220
30 65 44 55 M 10 0 M M M 13.6 29 260 M M 1 44 260
================================================================================
SM 1981 1295 331 26 1.64 M 214.3 M 87
================================================================================
AV 66.0 43.2 7.1 FASTST M M 3 MAX(MPH)
MISC ----> 30 250 44 260
================================================================================
NOTES:
# LAST OF SEVERAL OCCURRENCES
COLUMN 17 PEAK WIND IN M.P.H.
PRELIMINARY LOCAL CLIMATOLOGICAL DATA (WS FORM: F-6) , PAGE 2
STATION: ALPINE-CASPARIS MUNICIPAL
MONTH: NOVEMBER
YEAR: 2023
LATITUDE: 30 23 N
LONGITUDE: 103 41 W
[TEMPERATURE DATA] [PRECIPITATION DATA] SYMBOLS USED IN COLUMN 16
AVERAGE MONTHLY: 54.6 TOTAL FOR MONTH: 1.64 1 = FOG OR MIST
DPTR FM NORMAL: 0.0 DPTR FM NORMAL: M 2 = FOG REDUCING VISIBILITY
HIGHEST: 87 ON 6 GRTST 24HR 0.61 ON 9- 9 TO 1/4 MILE OR LESS
LOWEST: 27 ON 22 3 = THUNDER
SNOW, ICE PELLETS, HAIL 4 = ICE PELLETS
TOTAL MONTH: M 5 = HAIL
GRTST 24HR M ON M 6 = FREEZING RAIN OR DRIZZLE
GRTST DEPTH: M ON M 7 = DUSTSTORM OR SANDSTORM:
VSBY 1/2 MILE OR LESS
8 = SMOKE OR HAZE
[NO. OF DAYS WITH] [WEATHER - DAYS WITH] 9 = BLOWING SNOW
X = TORNADO
MAX 32 OR BELOW: 0 0.01 INCH OR MORE: 6
MAX 90 OR ABOVE: 0 0.10 INCH OR MORE: 4
MIN 32 OR BELOW: 6 0.50 INCH OR MORE: 1
MIN 0 OR BELOW: 0 1.00 INCH OR MORE: 0
[HDD (BASE 65) ]
TOTAL THIS MO. 331 CLEAR (SCALE 0-3) 19
DPTR FM NORMAL M PTCLDY (SCALE 4-7) 6
TOTAL FM JUL 1 430 CLOUDY (SCALE 8-10) 5
DPTR FM NORMAL M
[CDD (BASE 65) ]
TOTAL THIS MO. 26
DPTR FM NORMAL M [PRESSURE DATA]
TOTAL FM JAN 1 2292 HIGHEST SLP M ON M
DPTR FM NORMAL M LOWEST SLP M ON M
[REMARKS]
#FINAL-11-23#