000
CXUS53 KGID 011022
CF6EAR
PRELIMINARY LOCAL CLIMATOLOGICAL DATA (WS FORM: F-6)
STATION: KEARNEY NE
MONTH: NOVEMBER
YEAR: 2022
LATITUDE: 40 43 N
LONGITUDE: 99 0 W
TEMPERATURE IN F: :PCPN: SNOW: WIND :SUNSHINE: SKY :PK WND
================================================================================
1 2 3 4 5 6A 6B 7 8 9 10 11 12 13 14 15 16 17 18
12Z AVG MX 2MIN
DY MAX MIN AVG DEP HDD CDD WTR SNW DPTH SPD SPD DIR MIN PSBL S-S WX SPD DR
================================================================================
1 76 36 56 12 9 0 0.00 M M 11.9 22 170 M M 0 30 190
2 77 53 65 21 0 0 0.00 M M 21.8 30 180 M M 0 40 200
3 59 37 48 5 17 0 T M M 17.5 23 350 M M 6 31 180
4 43 27 35 -8 30 0 T M M 12.3 21 350 M M 4 25 350
5 67 22 45 3 20 0 0.00 M M 11.3 20 220 M M 0 27 230
6 56 35 46 4 19 0 0.00 M M 8.9 16 360 M M 0 M M
7 54 30 42 0 23 0 0.00 M M 14.1 23 120 M M 3 31 120
8 68 44 56 15 9 0 T M M 19.7 28 170 M M 10 1 38 160
9 76 63 70 29 0 5 0.00 M M 23.2 33 180 M M 8 50 180
10 68 20 44 4 21 0 0.12 M M 17.1 28 180 M M 3 1 39 180
11 34 12 23 -17 42 0 0.00 M M 12.9 18 350 M M 0 24 350
12 33 7 20 -19 45 0 0.00 M M 7.3 10 350 M M 0 M M
13 43 14 29 -10 36 0 0.00 M M 12.3 24 150 M M 0 31 160
14 37 18 28 -11 37 0 0.00 M M 12.0 17 350 M M 4 24 340
15 38 17 28 -10 37 0 T M M 11.6 22 340 M M 8 27 330
16 33 9 21 -17 44 0 0.00 M M 11.2 21 300 M M 2 27 300
17 33 14 24 -13 41 0 T M M 13.9 23 330 M M 8 1 33 330
18 28 7 18 -19 47 0 0.00 M M 13.0 18 300 M M 0 25 330
19 34 16 25 -11 40 0 0.00 M M 12.6 22 340 M M 1 35 340
20 52 18 35 -1 30 0 0.00 M M M 14 210 M M 0 M M
21 55 20 38 2 27 0 0.00 M M 4.5 9 350 M M 0 M M
22 59 17 38 3 27 0 0.00 M M 4.5 12 220 M M 0 M M
23 58 21 40 5 25 0 0.00 M M 5.6 10 160 M M 0 M M
24 51 24 38 4 27 0 0.00 M M 13.8 25 350 M M 1 33 340
25 56 19 38 4 27 0 0.00 M M 8.7 15 210 M M 0 21 210
26 60 24 42 9 23 0 0.00 M M 14.2 30 360 M M 2 41 350
27 41 24 33 0 32 0 0.00 M M 12.4 24 360 M M 0 36 350
28 55 26 41 8 24 0 0.00 M M 11.4 22 30 M M 1 36 30
29 37 13 25 -7 40 0 M M M 22.1 32 20 M M 7 1 45 20
30 35 8 22 -10 43 0 0.00 M M 8.8 17 160 M M 0 M M
================================================================================
SM 1516 695 842 5 M M 370.6 M 68
================================================================================
AV 50.5 23.2 12.8 FASTST M M 2 MAX(MPH)
MISC ----> 33 180 M M
================================================================================
NOTES:
# LAST OF SEVERAL OCCURRENCES
COLUMN 17 PEAK WIND IN M.P.H.
PRELIMINARY LOCAL CLIMATOLOGICAL DATA (WS FORM: F-6) , PAGE 2
STATION: KEARNEY NE
MONTH: NOVEMBER
YEAR: 2022
LATITUDE: 40 43 N
LONGITUDE: 99 0 W
[TEMPERATURE DATA] [PRECIPITATION DATA] SYMBOLS USED IN COLUMN 16
AVERAGE MONTHLY: 36.9 TOTAL FOR MONTH: M 1 = FOG OR MIST
DPTR FM NORMAL: -1.1 DPTR FM NORMAL: M 2 = FOG REDUCING VISIBILITY
HIGHEST: 77 ON 2 GRTST 24HR M ON M TO 1/4 MILE OR LESS
LOWEST: 7 ON 18,12 3 = THUNDER
SNOW, ICE PELLETS, HAIL 4 = ICE PELLETS
TOTAL MONTH: M 5 = HAIL
GRTST 24HR M ON M 6 = FREEZING RAIN OR DRIZZLE
GRTST DEPTH: M ON M 7 = DUSTSTORM OR SANDSTORM:
VSBY 1/2 MILE OR LESS
8 = SMOKE OR HAZE
[NO. OF DAYS WITH] [WEATHER - DAYS WITH] 9 = BLOWING SNOW
X = TORNADO
MAX 32 OR BELOW: 1 0.01 INCH OR MORE: M
MAX 90 OR ABOVE: 0 0.10 INCH OR MORE: M
MIN 32 OR BELOW: 24 0.50 INCH OR MORE: M
MIN 0 OR BELOW: 0 1.00 INCH OR MORE: M
[HDD (BASE 65) ]
TOTAL THIS MO. 842 CLEAR (SCALE 0-3) 20
DPTR FM NORMAL 2 PTCLDY (SCALE 4-7) 8
TOTAL FM JUL 1 1228 CLOUDY (SCALE 8-10) 2
DPTR FM NORMAL -196
[CDD (BASE 65) ]
TOTAL THIS MO. 5
DPTR FM NORMAL 5 [PRESSURE DATA]
TOTAL FM JAN 1 1195 HIGHEST SLP 30.43 ON 25
DPTR FM NORMAL 327 LOWEST SLP 29.54 ON 29
[REMARKS]
#FINAL-11-22#