000
CXUS53 KGID 011305
CF6EAR
PRELIMINARY LOCAL CLIMATOLOGICAL DATA (WS FORM: F-6)
STATION: KEARNEY NE
MONTH: AUGUST
YEAR: 2022
LATITUDE: 40 43 N
LONGITUDE: 99 0 W
TEMPERATURE IN F: :PCPN: SNOW: WIND :SUNSHINE: SKY :PK WND
================================================================================
1 2 3 4 5 6A 6B 7 8 9 10 11 12 13 14 15 16 17 18
12Z AVG MX 2MIN
DY MAX MIN AVG DEP HDD CDD WTR SNW DPTH SPD SPD DIR MIN PSBL S-S WX SPD DR
================================================================================
1 92 66 79 4 0 14 0.00 M M 7.3 14 190 M M 0 M M
2 95 67 81 6 0 16 0.00 M M 8.4 15 160 M M 0 M M
3 92 67 80 5 0 15 0.00 M M 8.5 16 30 M M 1 M M
4 91 61 76 1 0 11 0.00 M M 8.9 15 150 M M 0 20 130
5 95 68 82 8 0 17 0.00 M M 12.4 18 160 M M 1 1 25 170
6 95 72 84 10 0 19 0.00 M M 9.7 20 30 M M 0 27 30
7 83 63 73 -1 0 8 0.00 M M 11.7 20 360 M M 6 1 21 360
8 80 58 69 -5 0 4 0.00 M M 6.8 13 50 M M 0 M M
9 89 57 73 -1 0 8 0.00 M M 6.3 10 160 M M 0 M M
10 93 61 77 3 0 12 0.00 M M 8.2 14 180 M M 1 M M
11 91 64 78 4 0 13 0.00 M M 10.0 14 180 M M 0 M M
12 94 58 76 2 0 11 0.00 M M 12.2 17 180 M M 0 M M
13 90 64 77 4 0 12 0.00 M M 9.4 17 190 M M 1 M M
14 88 63 76 3 0 11 0.00 M M 10.6 15 90 M M 1 1 20 100
15 76 63 70 -3 0 5 0.01 M M 11.2 17 80 M M 7 1 24 80
16 66 60 63 -10 2 0 0.04 M M 9.9 16 50 M M 10 1 M M
17 81 57 69 -4 0 4 0.00 M M 4.9 8 130 M M 5 12 M M
18 89 58 74 1 0 9 T M M 8.6 20 100 M M 1 3 47 20
19 86 62 74 2 0 9 T M M 6.2 13 10 M M 4 M M
20 81 56 69 -3 0 4 0.00 M M 8.4 17 20 M M 2 22 360
21 84 53 69 -3 0 4 0.00 M M 5.2 10 110 M M 0 M M
22 86 56 71 -1 0 6 0.00 M M 5.7 10 130 M M 1 M M
23 89 59 74 2 0 9 0.00 M M 8.3 14 160 M M 0 18 200
24 91 59 75 4 0 10 0.00 M M 7.6 15 200 M M 0 8 M M
25 92 63 78 7 0 13 0.00 M M 8.5 14 140 M M 2 M M
26 95 66 81 10 0 16 0.00 M M 10.5 17 180 M M 2 1 24 190
27 81 67 74 3 0 9 0.10 M M 14.3 25 150 M M 3 38 170
28 96 64 80 9 0 15 0.00 M M 10.9 15 20 M M 0 M M
29 86 62 74 4 0 9 0.00 M M 8.1 16 60 M M 0 21 60
30 88 55 72 2 0 7 0.00 M M 5.9 9 150 M M 0 M M
31 96 57 77 7 0 12 0.62 M M 10.0 30 150 M M 2 3 35 150
================================================================================
SM 2731 1906 2 312 0.77 M 274.6 M 50
================================================================================
AV 88.1 61.5 8.9 FASTST M M 2 MAX(MPH)
MISC ----> 30 150 M M
================================================================================
NOTES:
# LAST OF SEVERAL OCCURRENCES
COLUMN 17 PEAK WIND IN M.P.H.
PRELIMINARY LOCAL CLIMATOLOGICAL DATA (WS FORM: F-6) , PAGE 2
STATION: KEARNEY NE
MONTH: AUGUST
YEAR: 2022
LATITUDE: 40 43 N
LONGITUDE: 99 0 W
[TEMPERATURE DATA] [PRECIPITATION DATA] SYMBOLS USED IN COLUMN 16
AVERAGE MONTHLY: 74.8 TOTAL FOR MONTH: 0.77 1 = FOG OR MIST
DPTR FM NORMAL: 2.2 DPTR FM NORMAL: -2.24 2 = FOG REDUCING VISIBILITY
HIGHEST: 96 ON 31,28 GRTST 24HR 0.62 ON 31-31 TO 1/4 MILE OR LESS
LOWEST: 53 ON 21 3 = THUNDER
SNOW, ICE PELLETS, HAIL 4 = ICE PELLETS
TOTAL MONTH: M 5 = HAIL
GRTST 24HR M ON M 6 = FREEZING RAIN OR DRIZZLE
GRTST DEPTH: M ON M 7 = DUSTSTORM OR SANDSTORM:
VSBY 1/2 MILE OR LESS
8 = SMOKE OR HAZE
[NO. OF DAYS WITH] [WEATHER - DAYS WITH] 9 = BLOWING SNOW
X = TORNADO
MAX 32 OR BELOW: 0 0.01 INCH OR MORE: 4
MAX 90 OR ABOVE: 15 0.10 INCH OR MORE: 2
MIN 32 OR BELOW: 0 0.50 INCH OR MORE: 1
MIN 0 OR BELOW: 0 1.00 INCH OR MORE: 0
[HDD (BASE 65) ]
TOTAL THIS MO. 2 CLEAR (SCALE 0-3) 26
DPTR FM NORMAL -6 PTCLDY (SCALE 4-7) 4
TOTAL FM JUL 1 3 CLOUDY (SCALE 8-10) 1
DPTR FM NORMAL -5
[CDD (BASE 65) ]
TOTAL THIS MO. 312
DPTR FM NORMAL 65 [PRESSURE DATA]
TOTAL FM JAN 1 1031 HIGHEST SLP 30.21 ON 30
DPTR FM NORMAL 252 LOWEST SLP 29.59 ON 28
[REMARKS]
#FINAL-08-22#